07-06 04:12:04.329 V/eatg ( 3876): Is http uri, downloading (uri: https://c.tenor.com/3jT6INWMG9IAAAAk/sweet-dreams-goodnight.gif)
07-06 04:12:04.344 D/wpa_supplicant( 1411): nl80211: Drv Event 64 (NL80211_CMD_NOTIFY_CQM) received for wlan0
07-06 04:12:04.344 D/wpa_supplicant( 1411): nl80211: Beacon loss event
07-06 04:12:04.346 D/wpa_supplicant( 1411): wlan0: Event BEACON_LOSS (53) received
07-06 04:12:04.346 I/wpa_supplicant( 1411): wlan0: CTRL-EVENT-BEACON-LOSS
07-06 04:12:04.359 D/eatg ( 3876): Starting download: https://c.tenor.com/4_JoGgHyajMAAAAk/sweet-dreams-goodnight.gif
07-06 04:12:04.360 V/eatg ( 3876): Is http uri, downloading (uri: https://c.tenor.com/4_JoGgHyajMAAAAk/sweet-dreams-goodnight.gif)
07-06 04:12:04.380 D/eatg ( 3876): Starting download: https://c.tenor.com/uP5K0bDKVmQAAAAk/night-night-goodnight.gif
07-06 04:12:04.380 V/eatg ( 3876): Is http uri, downloading (uri: https://c.tenor.com/uP5K0bDKVmQAAAAk/night-night-goodnight.gif)
07-06 04:12:04.416 D/eatg ( 3876): Starting download: https://c.tenor.com/TNJpGq2142QAAAAk/snow-globe-travel.gif
07-06 04:12:04.416 V/eatg ( 3876): Is http uri, downloading (uri: https://c.tenor.com/TNJpGq2142QAAAAk/snow-globe-travel.gif)
07-06 04:12:04.452 D/eatg ( 3876): Starting download: https://c.tenor.com/_rP7fvDOV2AAAAAk/the-sims-the-sims4.gif
07-06 04:12:04.452 V/eatg ( 3876): Is http uri, downloading (uri: https://c.tenor.com/_rP7fvDOV2AAAAAk/the-sims-the-sims4.gif)
07-06 04:12:04.488 D/eatg ( 3876): Starting download: https://c.tenor.com/OLs6cg5675cAAAAk/im-thankful-for-happy-thanksgiving.gif
07-06 04:12:04.488 V/eatg ( 3876): Is http uri, downloading (uri: https://c.tenor.com/OLs6cg5675cAAAAk/im-thankful-for-happy-thanksgiving.gif)
07-06 04:12:04.526 W/screencap( 4845): Thread Pool max thread count is 0. Cannot cache binder as linkToDeath cannot be implemented. serviceName: SurfaceFlingerAIDL
07-06 04:12:04.526 W/BpBinder( 4845): Linking to death on android.gui.ISurfaceComposer but there are no threads (yet?) listening to incoming transactions. See ProcessState::startThreadPool and ProcessState::setThreadPoolMaxThreadCount. Generally you should setup the binder threadpool before other initialization steps.
07-06 04:12:04.526 W/ProcessState( 4845): Extra binder thread started, but 0 threads requested. Do not use *startThreadPool when zero threads are requested.
07-06 04:12:04.535 E/HwcComposer( 552): getLuts failed Status(-8, EX_SERVICE_SPECIFIC): '8: '
07-06 04:12:04.535 E/HWComposer( 552): getLuts: getLuts failed for display 4619827259835644672: UNSUPPORTED (8)
07-06 04:12:04.552 D/eatg ( 3876): Starting download: https://c.tenor.com/QPjF0-82sgQAAAAk/happy-hanukkah-menorah.gif
07-06 04:12:04.552 V/eatg ( 3876): Is http uri, downloading (uri: https://c.tenor.com/QPjF0-82sgQAAAAk/happy-hanukkah-menorah.gif)
07-06 04:12:04.569 D/eatg ( 3876): Starting download: https://c.tenor.com/o8Fg8s-74XUAAAAk/cheers-merry-christmas-eve.gif
07-06 04:12:04.569 V/eatg ( 3876): Is http uri, downloading (uri: https://c.tenor.com/o8Fg8s-74XUAAAAk/cheers-merry-christmas-eve.gif)
07-06 04:12:05.078 I/servicemanager( 0): Caller(pid=4845,uid=2000,sid=u:r:shell:s0) Found android.hardware.graphics.allocator.IAllocator/default in device VINTF manifest.
07-06 04:12:05.102 I/servicemanager( 0): Caller(pid=4845,uid=2000,sid=u:r:shell:s0) Found android.hardware.graphics.allocator.IAllocator/default in device VINTF manifest.
07-06 04:12:05.114 I/servicemanager( 0): Caller(pid=4845,uid=2000,sid=u:r:shell:s0) Found mapper/ranchu in device VINTF manifest.
07-06 04:12:04.596 D/eatg ( 3876): Starting download: https://c.tenor.com/pLKpB7goR7wAAAAk/merry-christmas-dancing.gif
07-06 04:12:04.596 V/eatg ( 3876): Is http uri, downloading (uri: https://c.tenor.com/pLKpB7goR7wAAAAk/merry-christmas-dancing.gif)
07-06 04:12:04.657 D/eatg ( 3876): Starting download: https://c.tenor.com/t784Fy203h4AAAAk/merry-christmas-snow.gif
07-06 04:12:04.658 V/eatg ( 3876): Is http uri, downloading (uri: https://c.tenor.com/t784Fy203h4AAAAk/merry-christmas-snow.gif)
07-06 04:12:04.659 D/eatg ( 3876): Starting download: https://c.tenor.com/Z_ddd7u8q0cAAAAk/merry-christmas-dancing.gif
07-06 04:12:04.659 V/eatg ( 3876): Is http uri, downloading (uri: https://c.tenor.com/Z_ddd7u8q0cAAAAk/merry-christmas-dancing.gif)
07-06 04:12:04.708 D/eatg ( 3876): Starting download: https://c.tenor.com/BqjGdBESSY0AAAAk/happy-thanksgiving-thanksgiving.gif
07-06 04:12:04.708 V/eatg ( 3876): Is http uri, downloading (uri: https://c.tenor.com/BqjGdBESSY0AAAAk/happy-thanksgiving-thanksgiving.gif)
07-06 04:12:04.717 D/eatg ( 3876): Starting download: https://c.tenor.com/1Kqhr0EyU2cAAAAk/thanksgiving-happy-thanksgiving.gif
07-06 04:12:04.717 V/eatg ( 3876): Is http uri, downloading (uri: https://c.tenor.com/1Kqhr0EyU2cAAAAk/thanksgiving-happy-thanksgiving.gif)
07-06 04:12:04.796 D/eatg ( 3876): Starting download: https://c.tenor.com/2cqZUvCW_HIAAAAk/happy-thankgiving-thanksgiving-dinner.gif
07-06 04:12:04.796 V/eatg ( 3876): Is http uri, downloading (uri: https://c.tenor.com/2cqZUvCW_HIAAAAk/happy-thankgiving-thanksgiving-dinner.gif)
07-06 04:12:04.820 D/eatg ( 3876): Starting download: https://c.tenor.com/dX8a-NhL_48AAAAk/food-coma-youtube.gif
07-06 04:12:04.821 V/eatg ( 3876): Is http uri, downloading (uri: https://c.tenor.com/dX8a-NhL_48AAAAk/food-coma-youtube.gif)
07-06 04:12:04.869 D/eatg ( 3876): Starting download: https://c.tenor.com/-cyCXLhWsLMAAAAk/dance-dancing.gif
07-06 04:12:04.869 V/eatg ( 3876): Is http uri, downloading (uri: https://c.tenor.com/-cyCXLhWsLMAAAAk/dance-dancing.gif)
07-06 04:12:04.908 D/eatg ( 3876): Starting download: https://c.tenor.com/uO7brRaIL1sAAAAk/happy-holidays-ho-ho-ho.gif
07-06 04:12:04.908 V/eatg ( 3876): Is http uri, downloading (uri: https://c.tenor.com/uO7brRaIL1sAAAAk/happy-holidays-ho-ho-ho.gif)
07-06 04:12:04.913 D/eatg ( 3876): Starting download: https://c.tenor.com/-bogOnQa-HgAAAAk/hanukkah-happy-hanukkah.gif
07-06 04:12:04.913 V/eatg ( 3876): Is http uri, downloading (uri: https://c.tenor.com/-bogOnQa-HgAAAAk/hanukkah-happy-hanukkah.gif)
07-06 04:12:04.961 D/eatg ( 3876): Starting download: https://c.tenor.com/onl8zh2_RVQAAAAk/hanukkah-happy-hanukkah.gif
07-06 04:12:04.961 V/eatg ( 3876): Is http uri, downloading (uri: https://c.tenor.com/onl8zh2_RVQAAAAk/hanukkah-happy-hanukkah.gif)
07-06 04:12:04.984 D/eatg ( 3876): Starting download: https://c.tenor.com/LlGR2YC8B58AAAAk/happy-holidays-ho-ho-ho.gif
07-06 04:12:04.984 V/eatg ( 3876): Is http uri, downloading (uri: https://c.tenor.com/LlGR2YC8B58AAAAk/happy-holidays-ho-ho-ho.gif)
07-06 04:12:05.007 D/WifiClientModeImpl[80961:wlan0]( 685): updateLinkLayerStatsRssiSpeedFrequencyCapabilities rssi=-50 TxLinkspeed=1 freq=2447 RxLinkSpeed=2
07-06 04:12:05.008 D/WifiDataStall( 685): tx tput in kbps: 11000
07-06 04:12:05.008 D/WifiDataStall( 685): rx tput in kbps: 11000
07-06 04:12:05.009 V/WifiConfigManager( 685): Updating scan detail cache freq=2447 BSSID=00:13:10:85:fe:01 RSSI=-50 for "AndroidWifi"NONE
07-06 04:12:05.009 D/WifiThroughputPredictor( 685): utilization (LLS) 80 isBluetoothConnected: false final utilization: 80
07-06 04:12:05.009 D/WifiThroughputPredictor( 685): BW: 0 RSSI: -50 Nss: 1 Mode: 1 symDur: 4000 snrDb 30 bitPerTone: 4500 rate: 54 throughput: 11
07-06 04:12:05.009 D/WifiThroughputPredictor( 685): utilization (LLS) 80 isBluetoothConnected: false final utilization: 80
07-06 04:12:05.009 D/WifiThroughputPredictor( 685): BW: 0 RSSI: -50 Nss: 1 Mode: 1 symDur: 4000 snrDb 30 bitPerTone: 4500 rate: 54 throughput: 11
07-06 04:12:05.011 D/WifiThroughputPredictor( 685): utilization (LLS) 80 isBluetoothConnected: false final utilization: 80
07-06 04:12:05.012 D/WifiThroughputPredictor( 685): BW: 0 RSSI: -50 Nss: 1 Mode: 1 symDur: 4000 snrDb 30 bitPerTone: 4500 rate: 54 throughput: 11
07-06 04:12:05.012 D/WifiThroughputPredictor( 685): utilization (LLS) 80 isBluetoothConnected: false final utilization: 80
07-06 04:12:05.012 D/WifiThroughputPredictor( 685): BW: 0 RSSI: -50 Nss: 1 Mode: 1 symDur: 4000 snrDb 30 bitPerTone: 4500 rate: 54 throughput: 11
07-06 04:12:05.015 D/WifiScoreCard( 685): BSSID update SIGNAL_POLL ID: 1192643911 SSID: "AndroidWifi", BSSID: 00:13:10:85:fe:01, MAC: 02:15:b2:00:00:00, IP: /10.0.2.16, Security type: 0, Supplicant state: COMPLETED, Wi-Fi standard: legacy, RSSI: -50, Link speed: 1Mbps, Tx Link speed: 1Mbps, Max Supported Tx Link speed: 11Mbps, Rx Link speed: 2Mbps, Max Supported Rx Link speed: 11Mbps, Frequency: 2447MHz, Net ID: 0, Metered hint: false, score: 60, isUsable: true, CarrierMerged: false, SubscriptionId: -1, IsPrimary: 1, Trusted: true, Restricted: false, Ephemeral: false, OEM paid: false, OEM private: false, OSU AP: false, FQDN: , Provider friendly name: , Requesting package name: "AndroidWifi"openMLO Information: , Is TID-To-Link negotiation supported by the AP: false, AP MLD Address: , AP MLO Link Id: , AP MLO Affiliated links: , Vendor Data:
07-06 04:12:05.015 D/WifiScoreCard( 685): txRate: 197 txSpeed: 1
07-06 04:12:05.015 D/WifiScoreCard( 685): network update SIGNAL_POLL "AndroidWifi" ID: 1775594527 RSSI -50 txSpeed 1
07-06 04:12:05.015 D/WifiClientModeImpl[80961:wlan0]( 685): ClientModeImpl$L2ConnectedState screen=on 1 0 "AndroidWifi" 00:13:10:85:fe:01 rssi=-50 f=2447 sc=60 link=1 tx=196.9, 0.0, 0.0 rx=578.5 bcn=0 [on:0 tx:0 rx:0 period:3012] from screen [on:0 period:867297175] score=60
07-06 04:12:05.021 D/eatg ( 3876): Starting download: https://c.tenor.com/qBBLYAzWTEoAAAAk/hanukkah-chanukah.gif
07-06 04:12:05.021 V/eatg ( 3876): Is http uri, downloading (uri: https://c.tenor.com/qBBLYAzWTEoAAAAk/hanukkah-chanukah.gif)
07-06 04:12:05.057 D/eatg ( 3876): Starting download: https://c.tenor.com/pw9VD9_S748AAAAk/hanukkah-chanukah.gif
07-06 04:12:05.057 V/eatg ( 3876): Is http uri, downloading (uri: https://c.tenor.com/pw9VD9_S748AAAAk/hanukkah-chanukah.gif)
07-06 04:12:05.095 D/eatg ( 3876): Starting download: https://c.tenor.com/LFQAwoWiLJ8AAAAk/merry-xmas-xmas.gif
07-06 04:12:05.095 V/eatg ( 3876): Is http uri, downloading (uri: https://c.tenor.com/LFQAwoWiLJ8AAAAk/merry-xmas-xmas.gif)
07-06 04:12:05.135 D/eatg ( 3876): Starting download: https://c.tenor.com/T1c0HuuixLYAAAAk/hohoho-santa.gif
07-06 04:12:05.135 V/eatg ( 3876): Is http uri, downloading (uri: https://c.tenor.com/T1c0HuuixLYAAAAk/hohoho-santa.gif)
07-06 04:12:05.172 D/eatg ( 3876): Starting download: https://c.tenor.com/p_Fc6sCPEn4AAAAk/waving-molang.gif
07-06 04:12:05.172 V/eatg ( 3876): Is http uri, downloading (uri: https://c.tenor.com/p_Fc6sCPEn4AAAAk/waving-molang.gif)
07-06 04:12:05.219 D/eatg ( 3876): Starting download: https://c.tenor.com/TvBQajdvdtoAAAAk/animals-decorating-molang.gif
07-06 04:12:05.219 V/eatg ( 3876): Is http uri, downloading (uri: https://c.tenor.com/TvBQajdvdtoAAAAk/animals-decorating-molang.gif)
07-06 04:12:05.265 D/eatg ( 3876): Starting download: https://c.tenor.com/8-GZs9c2eNoAAAAk/merry-christmas-molang.gif
07-06 04:12:05.265 V/eatg ( 3876): Is http uri, downloading (uri: https://c.tenor.com/8-GZs9c2eNoAAAAk/merry-christmas-molang.gif)
07-06 04:12:05.280 D/eatg ( 3876): Starting download: https://c.tenor.com/fwRmoC3PbKgAAAAk/angkukuehgirl-angkukuehgirlandfriends.gif
07-06 04:12:05.280 V/eatg ( 3876): Is http uri, downloading (uri: https://c.tenor.com/fwRmoC3PbKgAAAAk/angkukuehgirl-angkukuehgirlandfriends.gif)
07-06 04:12:05.315 D/eatg ( 3876): Starting download: https://c.tenor.com/bhXlfP1FsGcAAAAk/new-years-eve-happy-new-year.gif
07-06 04:12:05.315 V/eatg ( 3876): Is http uri, downloading (uri: https://c.tenor.com/bhXlfP1FsGcAAAAk/new-years-eve-happy-new-year.gif)
07-06 04:12:05.358 D/eatg ( 3876): Starting download: https://c.tenor.com/X2Gu15rbDjQAAAAk/minidino-hotchocolate.gif
07-06 04:12:05.358 V/eatg ( 3876): Is http uri, downloading (uri: https://c.tenor.com/X2Gu15rbDjQAAAAk/minidino-hotchocolate.gif)
07-06 04:12:05.381 D/eatg ( 3876): Starting download: https://c.tenor.com/fRjOETVKCfEAAAAk/bento-box-savoring-food.gif
07-06 04:12:05.381 V/eatg ( 3876): Is http uri, downloading (uri: https://c.tenor.com/fRjOETVKCfEAAAAk/bento-box-savoring-food.gif)
07-06 04:12:05.415 D/eatg ( 3876): Starting download: https://c.tenor.com/kRtFzkoU9R4AAAAk/snowboarder-snowboard-lovers.gif
07-06 04:12:05.415 V/eatg ( 3876): Is http uri, downloading (uri: https://c.tenor.com/kRtFzkoU9R4AAAAk/snowboarder-snowboard-lovers.gif)
07-06 04:12:05.450 D/eatg ( 3876): Starting download: https://c.tenor.com/JhTc0KeSZ5QAAAAk/snowboards-snowboard-lovers.gif
07-06 04:12:05.450 V/eatg ( 3876): Is http uri, downloading (uri: https://c.tenor.com/JhTc0KeSZ5QAAAAk/snowboards-snowboard-lovers.gif)
07-06 04:12:05.457 I/WifiService( 685): isFeatureSupported uid=1000 returns [WIFI_FEATURE_INFRA, WIFI_FEATURE_P2P, WIFI_FEATURE_MOBILE_HOTSPOT, WIFI_FEATURE_WPA3_SAE, WIFI_FEATURE_WPA3_SUITE_B, WIFI_FEATURE_OWE, WIFI_FEATURE_DPP, WIFI_FEATURE_AP_RAND_MAC, WIFI_FEATURE_MBO, WIFI_FEATURE_FILS_SHA256, WIFI_FEATURE_FILS_SHA384, WIFI_FEATURE_SAE_PK, WIFI_FEATURE_DPP_ENROLLEE_RESPONDER, WIFI_FEATURE_PASSPOINT_TERMS_AND_CONDITIONS, WIFI_FEATURE_WFD_R2, WIFI_FEATURE_DECORATED_IDENTITY, WIFI_FEATURE_TRUST_ON_FIRST_USE, WIFI_FEATURE_SET_TLS_MINIMUM_VERSION, WIFI_FEATURE_TLS_V1_3, WIFI_FEATURE_WEP, WIFI_FEATURE_WPA_PERSONAL]
07-06 04:12:05.464 D/SatelliteController( 1319): evaluateESOSProfilesPrioritization: allSubInfos.size()=1
07-06 04:12:05.464 D/SatelliteController( 1319): evaluateESOSProfilesPrioritization: newSubsInfoListPerPriority.size()=0
07-06 04:12:05.464 D/SatelliteController( 1319): evaluateESOSProfilesPrioritization: no satellite subscription available
07-06 04:12:05.494 D/eatg ( 3876): Starting download: https://c.tenor.com/PUFHgVq1fjcAAAAk/im-cold-yellow-shivering-line-effects-around-im-cold-in-blue-letters.gif
07-06 04:12:05.494 V/eatg ( 3876): Is http uri, downloading (uri: https://c.tenor.com/PUFHgVq1fjcAAAAk/im-cold-yellow-shivering-line-effects-around-im-cold-in-blue-letters.gif)
07-06 04:12:05.526 D/eatg ( 3876): Starting download: https://c.tenor.com/21JuXCU7lacAAAAk/christmas-stockings-christmas.gif
07-06 04:12:05.526 V/eatg ( 3876): Is http uri, downloading (uri: https://c.tenor.com/21JuXCU7lacAAAAk/christmas-stockings-christmas.gif)
07-06 04:12:05.559 D/eatg ( 3876): Starting download: https://c.tenor.com/ukjNMGQXpZQAAAAk/full-ate-too-much.gif
07-06 04:12:05.559 V/eatg ( 3876): Is http uri, downloading (uri: https://c.tenor.com/ukjNMGQXpZQAAAAk/full-ate-too-much.gif)
07-06 04:12:05.611 D/eatg ( 3876): Starting download: https://c.tenor.com/wnwBAWc3AeEAAAAk/rolling-snow-snoopy.gif
07-06 04:12:05.611 V/eatg ( 3876): Is http uri, downloading (uri: https://c.tenor.com/wnwBAWc3AeEAAAAk/rolling-snow-snoopy.gif)
07-06 04:12:05.632 D/eatg ( 3876): Starting download: https://c.tenor.com/eU6_2iB4wpIAAAAk/thanksgiving-canada.gif
07-06 04:12:05.632 V/eatg ( 3876): Is http uri, downloading (uri: https://c.tenor.com/eU6_2iB4wpIAAAAk/thanksgiving-canada.gif)
07-06 04:12:05.657 D/eatg ( 3876): Starting download: https://c.tenor.com/j9Nm0LhcZwEAAAAk/thanksgiving-canada.gif
07-06 04:12:05.657 V/eatg ( 3876): Is http uri, downloading (uri: https://c.tenor.com/j9Nm0LhcZwEAAAAk/thanksgiving-canada.gif)
07-06 04:12:05.685 D/eatg ( 3876): Starting download: https://media.tenor.com/8yuNf9wYjdwAAAAk/brunch-cartoon.gif
07-06 04:12:05.685 V/eatg ( 3876): Is http uri, downloading (uri: https://media.tenor.com/8yuNf9wYjdwAAAAk/brunch-cartoon.gif)
07-06 04:12:05.686 I/resolv ( 472): GetAddrInfoHandler::run: {100 786532 100 983140 10146 0}
07-06 04:12:05.687 I/resolv ( 472): res_nmkquery: (QUERY, IN, AAAA)
07-06 04:12:05.687 I/resolv ( 472): res_nmkquery: (QUERY, IN, A)
07-06 04:12:05.697 I/resolv ( 472): res_nsend: used send_dg 128 terrno: 0
07-06 04:12:05.697 I/resolv ( 472): doQuery: rcode=0, ancount=5, return value=128
07-06 04:12:05.716 W/.apps.messaging( 3876): Missing inline cache for com.google.common.util.concurrent.ListenableFuture dygf.a(java.lang.Object)
07-06 04:12:05.717 D/eatg ( 3876): Starting download: https://media.tenor.com/eKF_xIa1bUcAAAAk/dessert-eat.gif
07-06 04:12:05.717 V/eatg ( 3876): Is http uri, downloading (uri: https://media.tenor.com/eKF_xIa1bUcAAAAk/dessert-eat.gif)
07-06 04:12:05.719 I/resolv ( 472): GetAddrInfoHandler::run: {100 786532 100 983140 10146 0}
07-06 04:12:05.719 I/resolv ( 472): res_nmkquery: (QUERY, IN, AAAA)
07-06 04:12:05.719 I/resolv ( 472): resolv_cache_lookup: Waiting for previous request
07-06 04:12:05.719 I/resolv ( 472): res_nmkquery: (QUERY, IN, A)
07-06 04:12:05.720 I/resolv ( 472): resolv_cache_lookup: FOUND IN CACHE entry=0x75dcccc1a8b0
07-06 04:12:05.720 I/resolv ( 472): doQuery: rcode=0, ancount=5, return value=128
07-06 04:12:05.761 I/resolv ( 472): res_nsend: used send_dg 176 terrno: 0
07-06 04:12:05.761 I/resolv ( 472): doQuery: rcode=0, ancount=5, return value=176
07-06 04:12:05.762 I/resolv ( 472): resolv_cache_lookup: FOUND IN CACHE entry=0x75db7cc23110
07-06 04:12:05.762 I/resolv ( 472): doQuery: rcode=0, ancount=5, return value=176
07-06 04:12:06.538 D/BoundBrokerSvc( 1447): onUnbind: Intent { act=com.google.android.gms.scheduler.ACTION_PROXY_SCHEDULE dat=chimera-action:/... xflg=0x4 cmp=com.google.android.gms/.chimera.PersistentDirectBootAwareApiService }
07-06 04:12:06.583 D/ActivityManager( 685): freezing 2463 com.google.android.gms.unstable
07-06 04:12:06.584 D/ActivityManager( 685): freezing 2597 com.google.android.gms.ui
07-06 04:12:06.845 W/screencap( 4855): Thread Pool max thread count is 0. Cannot cache binder as linkToDeath cannot be implemented. serviceName: SurfaceFlingerAIDL
07-06 04:12:06.845 W/BpBinder( 4855): Linking to death on android.gui.ISurfaceComposer but there are no threads (yet?) listening to incoming transactions. See ProcessState::startThreadPool and ProcessState::setThreadPoolMaxThreadCount. Generally you should setup the binder threadpool before other initialization steps.
07-06 04:12:06.845 W/ProcessState( 4855): Extra binder thread started, but 0 threads requested. Do not use *startThreadPool when zero threads are requested.
07-06 04:12:06.851 E/HwcComposer( 552): getLuts failed Status(-8, EX_SERVICE_SPECIFIC): '8: '
07-06 04:12:06.851 E/HWComposer( 552): getLuts: getLuts failed for display 4619827259835644672: UNSUPPORTED (8)
07-06 04:12:06.923 D/eatg ( 3876): Starting download: https://media.tenor.com/H1dJQhNZtI8AAAAk/feed-me-om-nom.gif
07-06 04:12:06.923 V/eatg ( 3876): Is http uri, downloading (uri: https://media.tenor.com/H1dJQhNZtI8AAAAk/feed-me-om-nom.gif)
07-06 04:12:06.936 D/eatg ( 3876): Starting download: https://media.tenor.com/wqOj61NglK4AAAAk/%E3%81%8A%E8%85%B9%E7%A9%BA%E3%81%84%E3%81%9F-%E6%97%A9%E3%81%8F.gif
07-06 04:12:07.423 I/servicemanager( 0): Caller(pid=4855,uid=2000,sid=u:r:shell:s0) Found android.hardware.graphics.allocator.IAllocator/default in device VINTF manifest.
07-06 04:12:07.447 I/servicemanager( 0): Caller(pid=4855,uid=2000,sid=u:r:shell:s0) Found android.hardware.graphics.allocator.IAllocator/default in device VINTF manifest.
07-06 04:12:06.936 V/eatg ( 3876): Is http uri, downloading (uri: https://media.tenor.com/wqOj61NglK4AAAAk/%E3%81%8A%E8%85%B9%E7%A9%BA%E3%81%84%E3%81%9F-%E6%97%A9%E3%81%8F.gif)
07-06 04:12:07.469 I/servicemanager( 0): Caller(pid=4855,uid=2000,sid=u:r:shell:s0) Found mapper/ranchu in device VINTF manifest.
07-06 04:12:07.465 D/eatg ( 3876): Starting download: https://media.tenor.com/F75I2eQRtsgAAAAk/hungry-mmm.gif
07-06 04:12:07.465 V/eatg ( 3876): Is http uri, downloading (uri: https://media.tenor.com/F75I2eQRtsgAAAAk/hungry-mmm.gif)
07-06 04:12:07.484 D/eatg ( 3876): Starting download: https://media.tenor.com/NyS3bV41OIsAAAAk/danger-hangry-peach-life.gif
07-06 04:12:07.484 V/eatg ( 3876): Is http uri, downloading (uri: https://media.tenor.com/NyS3bV41OIsAAAAk/danger-hangry-peach-life.gif)
07-06 04:12:07.518 D/eatg ( 3876): Starting download: https://media.tenor.com/vXPFFhsy-D4AAAAk/kstr-kochstrasse.gif
07-06 04:12:07.518 V/eatg ( 3876): Is http uri, downloading (uri: https://media.tenor.com/vXPFFhsy-D4AAAAk/kstr-kochstrasse.gif)
07-06 04:12:07.522 D/eatg ( 3876): Starting download: https://media.tenor.com/6h-mSv5CbPEAAAAk/tonton-tonton-friends.gif
07-06 04:12:07.522 V/eatg ( 3876): Is http uri, downloading (uri: https://media.tenor.com/6h-mSv5CbPEAAAAk/tonton-tonton-friends.gif)
07-06 04:12:07.559 D/eatg ( 3876): Starting download: https://media.tenor.com/fMBMEN6dHt0AAAAk/yum-yummers.gif
07-06 04:12:07.559 V/eatg ( 3876): Is http uri, downloading (uri: https://media.tenor.com/fMBMEN6dHt0AAAAk/yum-yummers.gif)
07-06 04:12:07.607 D/eatg ( 3876): Starting download: https://media.tenor.com/g6Qs3CZC7gkAAAAk/eat-the-pet-collective.gif
07-06 04:12:07.607 V/eatg ( 3876): Is http uri, downloading (uri: https://media.tenor.com/g6Qs3CZC7gkAAAAk/eat-the-pet-collective.gif)
07-06 04:12:07.626 D/eatg ( 3876): Starting download: https://media.tenor.com/EQ2_Y8LKgKEAAAAk/pancake-joypixels.gif
07-06 04:12:07.626 V/eatg ( 3876): Is http uri, downloading (uri: https://media.tenor.com/EQ2_Y8LKgKEAAAAk/pancake-joypixels.gif)
07-06 04:12:07.664 D/eatg ( 3876): Starting download: https://media.tenor.com/YZXxTDUIH9AAAAAk/decorating-cake-kimjoy.gif
07-06 04:12:07.665 V/eatg ( 3876): Is http uri, downloading (uri: https://media.tenor.com/YZXxTDUIH9AAAAAk/decorating-cake-kimjoy.gif)
07-06 04:12:07.693 D/eatg ( 3876): Starting download: https://media.tenor.com/WoXYIyTOceYAAAAk/piffle-cat.gif
07-06 04:12:07.694 V/eatg ( 3876): Is http uri, downloading (uri: https://media.tenor.com/WoXYIyTOceYAAAAk/piffle-cat.gif)
07-06 04:12:07.723 D/eatg ( 3876): Starting download: https://media.tenor.com/di1fAyCBPeMAAAAk/pizza-pizza-time.gif
07-06 04:12:07.723 V/eatg ( 3876): Is http uri, downloading (uri: https://media.tenor.com/di1fAyCBPeMAAAAk/pizza-pizza-time.gif)
07-06 04:12:07.748 D/eatg ( 3876): Starting download: https://media.tenor.com/k11wXOCj6HkAAAAk/%E3%82%AA%E3%83%A0%E3%83%A9%E3%82%A4%E3%82%B9-%E3%81%84%E3%81%9F%E3%81%A0%E3%81%8D%E3%81%BE%E3%81%99.gif
07-06 04:12:07.748 V/eatg ( 3876): Is http uri, downloading (uri: https://media.tenor.com/k11wXOCj6HkAAAAk/%E3%82%AA%E3%83%A0%E3%83%A9%E3%82%A4%E3%82%B9-%E3%81%84%E3%81%9F%E3%81%A0%E3%81%8D%E3%81%BE%E3%81%99.gif)
07-06 04:12:07.760 D/eatg ( 3876): Starting download: https://media.tenor.com/HALGiFUMzT8AAAAk/dinner-is-served-om-nom.gif
07-06 04:12:07.760 V/eatg ( 3876): Is http uri, downloading (uri: https://media.tenor.com/HALGiFUMzT8AAAAk/dinner-is-served-om-nom.gif)
07-06 04:12:07.796 D/eatg ( 3876): Starting download: https://media.tenor.com/sqBO7Yvu4SkAAAAk/siamese-cat.gif
07-06 04:12:07.796 V/eatg ( 3876): Is http uri, downloading (uri: https://media.tenor.com/sqBO7Yvu4SkAAAAk/siamese-cat.gif)
07-06 04:12:07.808 D/eatg ( 3876): Starting download: https://media.tenor.com/6a_4Q6DHoWcAAAAk/chef-cooking.gif
07-06 04:12:07.808 V/eatg ( 3876): Is http uri, downloading (uri: https://media.tenor.com/6a_4Q6DHoWcAAAAk/chef-cooking.gif)
07-06 04:12:07.841 D/eatg ( 3876): Starting download: https://media.tenor.com/-0nrZ8IubicAAAAk/raf-rafs.gif
07-06 04:12:07.841 V/eatg ( 3876): Is http uri, downloading (uri: https://media.tenor.com/-0nrZ8IubicAAAAk/raf-rafs.gif)
07-06 04:12:07.877 D/eatg ( 3876): Starting download: https://media.tenor.com/ViBJL3aU4uoAAAAk/cooking-molang.gif
07-06 04:12:07.877 V/eatg ( 3876): Is http uri, downloading (uri: https://media.tenor.com/ViBJL3aU4uoAAAAk/cooking-molang.gif)
07-06 04:12:07.913 D/eatg ( 3876): Starting download: https://media.tenor.com/G32yCkHMUSQAAAAk/%E3%83%91%E3%83%B3-%E3%81%8A%E3%82%84%E3%81%99%E3%81%BF.gif
07-06 04:12:07.913 V/eatg ( 3876): Is http uri, downloading (uri: https://media.tenor.com/G32yCkHMUSQAAAAk/%E3%83%91%E3%83%B3-%E3%81%8A%E3%82%84%E3%81%99%E3%81%BF.gif)
07-06 04:12:07.963 D/eatg ( 3876): Starting download: https://media.tenor.com/uxnyAewyRoQAAAAk/shourimajo-bubble-kittea.gif
07-06 04:12:07.963 V/eatg ( 3876): Is http uri, downloading (uri: https://media.tenor.com/uxnyAewyRoQAAAAk/shourimajo-bubble-kittea.gif)
07-06 04:12:08.002 D/eatg ( 3876): Starting download: https://media.tenor.com/b0hb7xUg4aMAAAAk/pumpkin-pumpkin-spice.gif
07-06 04:12:08.002 V/eatg ( 3876): Is http uri, downloading (uri: https://media.tenor.com/b0hb7xUg4aMAAAAk/pumpkin-pumpkin-spice.gif)
07-06 04:12:08.028 D/WifiClientModeImpl[80961:wlan0]( 685): updateLinkLayerStatsRssiSpeedFrequencyCapabilities rssi=-50 TxLinkspeed=2 freq=2447 RxLinkSpeed=2
07-06 04:12:08.030 D/WifiDataStall( 685): tx tput in kbps: 11000
07-06 04:12:08.031 D/WifiDataStall( 685): rx tput in kbps: 11000
07-06 04:12:08.032 V/WifiConfigManager( 685): Updating scan detail cache freq=2447 BSSID=00:13:10:85:fe:01 RSSI=-50 for "AndroidWifi"NONE
07-06 04:12:08.032 D/WifiThroughputPredictor( 685): utilization (LLS) 80 isBluetoothConnected: false final utilization: 80
07-06 04:12:08.033 D/WifiThroughputPredictor( 685): BW: 0 RSSI: -50 Nss: 1 Mode: 1 symDur: 4000 snrDb 30 bitPerTone: 4500 rate: 54 throughput: 11
07-06 04:12:08.033 D/WifiThroughputPredictor( 685): utilization (LLS) 80 isBluetoothConnected: false final utilization: 80
07-06 04:12:08.033 D/WifiThroughputPredictor( 685): BW: 0 RSSI: -50 Nss: 1 Mode: 1 symDur: 4000 snrDb 30 bitPerTone: 4500 rate: 54 throughput: 11
07-06 04:12:08.043 D/WifiThroughputPredictor( 685): utilization (LLS) 80 isBluetoothConnected: false final utilization: 80
07-06 04:12:08.043 D/WifiThroughputPredictor( 685): BW: 0 RSSI: -50 Nss: 1 Mode: 1 symDur: 4000 snrDb 30 bitPerTone: 4500 rate: 54 throughput: 11
07-06 04:12:08.043 D/WifiThroughputPredictor( 685): utilization (LLS) 80 isBluetoothConnected: false final utilization: 80
07-06 04:12:08.043 D/WifiThroughputPredictor( 685): BW: 0 RSSI: -50 Nss: 1 Mode: 1 symDur: 4000 snrDb 30 bitPerTone: 4500 rate: 54 throughput: 11
07-06 04:12:08.050 D/eatg ( 3876): Starting download: https://media.tenor.com/gkh0rTd7dGMAAAAk/smile-kopi.gif
07-06 04:12:08.050 V/eatg ( 3876): Is http uri, downloading (uri: https://media.tenor.com/gkh0rTd7dGMAAAAk/smile-kopi.gif)
07-06 04:12:08.052 D/WifiScoreCard( 685): BSSID update SIGNAL_POLL ID: 1192643911 SSID: "AndroidWifi", BSSID: 00:13:10:85:fe:01, MAC: 02:15:b2:00:00:00, IP: /10.0.2.16, Security type: 0, Supplicant state: COMPLETED, Wi-Fi standard: legacy, RSSI: -50, Link speed: 2Mbps, Tx Link speed: 2Mbps, Max Supported Tx Link speed: 11Mbps, Rx Link speed: 2Mbps, Max Supported Rx Link speed: 11Mbps, Frequency: 2447MHz, Net ID: 0, Metered hint: false, score: 60, isUsable: true, CarrierMerged: false, SubscriptionId: -1, IsPrimary: 1, Trusted: true, Restricted: false, Ephemeral: false, OEM paid: false, OEM private: false, OSU AP: false, FQDN: , Provider friendly name: , Requesting package name: "AndroidWifi"openMLO Information: , Is TID-To-Link negotiation supported by the AP: false, AP MLD Address: , AP MLO Link Id: , AP MLO Affiliated links: , Vendor Data:
07-06 04:12:08.052 D/WifiScoreCard( 685): txRate: 199 txSpeed: 2
07-06 04:12:08.057 D/WifiScoreCard( 685): network update SIGNAL_POLL "AndroidWifi" ID: 1775594527 RSSI -50 txSpeed 2
07-06 04:12:08.058 D/WifiClientModeImpl[80961:wlan0]( 685): ClientModeImpl$L2ConnectedState screen=on 1 0 "AndroidWifi" 00:13:10:85:fe:01 rssi=-50 f=2447 sc=60 link=2 tx=198.7, 0.0, 0.0 rx=459.1 bcn=0 [on:0 tx:0 rx:0 period:3043] from screen [on:0 period:867300218] score=60
07-06 04:12:08.090 D/eatg ( 3876): Starting download: https://media.tenor.com/rLsTS3eQiyoAAAAk/tonton-friends-tobi.gif
07-06 04:12:08.090 V/eatg ( 3876): Is http uri, downloading (uri: https://media.tenor.com/rLsTS3eQiyoAAAAk/tonton-friends-tobi.gif)
07-06 04:12:08.094 D/OomAdjuster( 685): Not killing cached processes
07-06 04:12:08.127 D/eatg ( 3876): Starting download: https://media.tenor.com/fw1tSaC3MvUAAAAk/danser-encourager.gif
07-06 04:12:08.127 V/eatg ( 3876): Is http uri, downloading (uri: https://media.tenor.com/fw1tSaC3MvUAAAAk/danser-encourager.gif)
07-06 04:12:08.184 D/eatg ( 3876): Starting download: https://media.tenor.com/PeVTYLl4H0UAAAAk/cheering-encouraging.gif
07-06 04:12:08.184 V/eatg ( 3876): Is http uri, downloading (uri: https://media.tenor.com/PeVTYLl4H0UAAAAk/cheering-encouraging.gif)
07-06 04:12:08.231 D/eatg ( 3876): Starting download: https://media.tenor.com/yz6NdVlFMnwAAAAk/graduation-grad.gif
07-06 04:12:08.231 V/eatg ( 3876): Is http uri, downloading (uri: https://media.tenor.com/yz6NdVlFMnwAAAAk/graduation-grad.gif)
07-06 04:12:08.270 D/eatg ( 3876): Starting download: https://media.tenor.com/WHKPJhsQ69AAAAAk/heytvm-tvm.gif
07-06 04:12:08.270 V/eatg ( 3876): Is http uri, downloading (uri: https://media.tenor.com/WHKPJhsQ69AAAAAk/heytvm-tvm.gif)
07-06 04:12:08.306 D/eatg ( 3876): Starting download: https://media.tenor.com/Oy_rYG15YzgAAAAk/raf-rafs.gif
07-06 04:12:08.306 V/eatg ( 3876): Is http uri, downloading (uri: https://media.tenor.com/Oy_rYG15YzgAAAAk/raf-rafs.gif)
07-06 04:12:08.346 D/eatg ( 3876): Starting download: https://media.tenor.com/I_YaFQsuN84AAAAk/going-to-school-nibble-nom.gif
07-06 04:12:08.346 V/eatg ( 3876): Is http uri, downloading (uri: https://media.tenor.com/I_YaFQsuN84AAAAk/going-to-school-nibble-nom.gif)
07-06 04:12:08.373 D/eatg ( 3876): Starting download: https://media.tenor.com/XUC7T_bcbcYAAAAk/raf-rafs.gif
07-06 04:12:08.373 V/eatg ( 3876): Is http uri, downloading (uri: https://media.tenor.com/XUC7T_bcbcYAAAAk/raf-rafs.gif)
07-06 04:12:08.441 D/eatg ( 3876): Starting download: https://media.tenor.com/qidX4V9FxCcAAAAk/reading-nibble-nom.gif
07-06 04:12:08.441 V/eatg ( 3876): Is http uri, downloading (uri: https://media.tenor.com/qidX4V9FxCcAAAAk/reading-nibble-nom.gif)
07-06 04:12:08.459 D/eatg ( 3876): Starting download: https://media.tenor.com/hBr38cG4IzcAAAAk/homework-research.gif
07-06 04:12:08.459 V/eatg ( 3876): Is http uri, downloading (uri: https://media.tenor.com/hBr38cG4IzcAAAAk/homework-research.gif)
07-06 04:12:08.549 D/eatg ( 3876): Starting download: https://media.tenor.com/tXffFYxygbQAAAAk/raf-rafs.gif
07-06 04:12:08.549 V/eatg ( 3876): Is http uri, downloading (uri: https://media.tenor.com/tXffFYxygbQAAAAk/raf-rafs.gif)
07-06 04:12:08.552 D/eatg ( 3876): Starting download: https://media.tenor.com/8FzDBsdoLcwAAAAk/animated-cute.gif
07-06 04:12:08.553 V/eatg ( 3876): Is http uri, downloading (uri: https://media.tenor.com/8FzDBsdoLcwAAAAk/animated-cute.gif)
07-06 04:12:08.568 I/GmscoreIpa( 1678): Starting mediastore instant index [CONTEXT service_id=255 ]
07-06 04:12:08.569 I/netd ( 472): tetherGetStats() -> {[]} <0.59ms>
07-06 04:12:08.583 I/netd ( 472): bandwidthSetGlobalAlert(2097152) <0.12ms>
07-06 04:12:08.590 I/netd ( 472): bandwidthRemoveInterfaceQuota(eth0) <1.57ms>
07-06 04:12:08.592 I/netd ( 472): bandwidthSetInterfaceQuota(eth0, 9223372036854775807) <0.41ms>
07-06 04:12:08.811 D/eatg ( 3876): Starting download: https://media.tenor.com/5muD2FopQK0AAAAk/reading-om-nelle.gif
07-06 04:12:08.811 V/eatg ( 3876): Is http uri, downloading (uri: https://media.tenor.com/5muD2FopQK0AAAAk/reading-om-nelle.gif)
07-06 04:12:08.812 D/eatg ( 3876): Starting download: https://www.gstatic.com/messages/smarts/smarts_expressive_content_scoped_v1/smart_tenor_stickers_pack_scoped_v2.pb_1734978962204
07-06 04:12:08.812 V/eatg ( 3876): Is http uri, downloading (uri: https://www.gstatic.com/messages/smarts/smarts_expressive_content_scoped_v1/smart_tenor_stickers_pack_scoped_v2.pb_1734978962204)
07-06 04:12:08.856 D/eatg ( 3876): Starting download: https://www.gstatic.com/messages/smarts/multitask_experiment/multi_lite_9head_20200301_model.tflite_1584573658696
07-06 04:12:08.856 V/eatg ( 3876): Is http uri, downloading (uri: https://www.gstatic.com/messages/smarts/multitask_experiment/multi_lite_9head_20200301_model.tflite_1584573658696)
07-06 04:12:08.894 D/eatg ( 3876): Starting download: https://www.gstatic.com/icing/idd/smart_actions_ml_models/multi_sr_phn_loc_wea_res_mov_spam_20190324_1554245216.pb
07-06 04:12:08.894 V/eatg ( 3876): Is http uri, downloading (uri: https://www.gstatic.com/icing/idd/smart_actions_ml_models/multi_sr_phn_loc_wea_res_mov_spam_20190324_1554245216.pb)
07-06 04:12:09.283 W/screencap( 4865): Thread Pool max thread count is 0. Cannot cache binder as linkToDeath cannot be implemented. serviceName: SurfaceFlingerAIDL
07-06 04:12:09.284 W/BpBinder( 4865): Linking to death on android.gui.ISurfaceComposer but there are no threads (yet?) listening to incoming transactions. See ProcessState::startThreadPool and ProcessState::setThreadPoolMaxThreadCount. Generally you should setup the binder threadpool before other initialization steps.
07-06 04:12:09.285 W/ProcessState( 4865): Extra binder thread started, but 0 threads requested. Do not use *startThreadPool when zero threads are requested.
07-06 04:12:09.290 E/HwcComposer( 552): getLuts failed Status(-8, EX_SERVICE_SPECIFIC): '8: '
07-06 04:12:09.290 E/HWComposer( 552): getLuts: getLuts failed for display 4619827259835644672: UNSUPPORTED (8)
07-06 04:12:09.840 I/servicemanager( 0): Caller(pid=4865,uid=2000,sid=u:r:shell:s0) Found android.hardware.graphics.allocator.IAllocator/default in device VINTF manifest.
07-06 04:12:09.869 I/servicemanager( 0): Caller(pid=4865,uid=2000,sid=u:r:shell:s0) Found android.hardware.graphics.allocator.IAllocator/default in device VINTF manifest.
07-06 04:12:09.899 I/servicemanager( 0): Caller(pid=4865,uid=2000,sid=u:r:shell:s0) Found mapper/ranchu in device VINTF manifest.
07-06 04:12:09.580 D/eatg ( 3876): Starting download: https://www.gstatic.com/messages/smarts/multitask_experiment/smartreply_only_20200301_control_tfmobile.pb_1591622697782
07-06 04:12:09.581 V/eatg ( 3876): Is http uri, downloading (uri: https://www.gstatic.com/messages/smarts/multitask_experiment/smartreply_only_20200301_control_tfmobile.pb_1591622697782)
07-06 04:12:09.978 D/ActivityManager( 685): sync unfroze 3291 com.google.android.dialer for 6
07-06 04:12:09.988 D/WM-DelayedWorkTracker( 3291): Scheduling work aa3d76ac-b977-4a20-b82c-8d4e49060483
07-06 04:12:09.995 D/WM-GreedyScheduler( 3291): Starting tracking for aa3d76ac-b977-4a20-b82c-8d4e49060483
07-06 04:12:10.021 W/ProcessStats( 685): Tracking association SourceState{97e1c01 system/1000 ImpBg #5301} whose proc state 6 is better than process ProcessState{ab0f6dd com.google.android.dialer/10135 pkg=com.google.android.dialer} proc state 15 (6 skipped)
07-06 04:12:10.027 I/netd ( 472): tetherGetStats() -> {[]} <0.97ms>
07-06 04:12:10.032 W/JobServiceContext( 685): Sending onNetworkChanged for a job that isn't started. JobStatus{1b2a8bf androidx.work.systemjobscheduler:u0a135/23 @androidx.work.systemjobscheduler@com.google.android.dialer/androidx.work.impl.background.systemjob.SystemJobService u=0 s=10135 TIME=-3s855ms:none NET READY}
07-06 04:12:10.037 D/WM-SystemJobService( 3291): onStartJob for WorkGenerationalId(workSpecId=aa3d76ac-b977-4a20-b82c-8d4e49060483, generation=0)
07-06 04:12:10.086 D/WM-ConstraintTracker( 3291): fkd: initial state = NetworkState(isConnected=true, isValidated=true, isMetered=false, isNotRoaming=true)
07-06 04:12:10.086 D/WM-NetworkStateTracker( 3291): Registering network callback
07-06 04:12:10.089 D/ConnectivityService( 685): requestNetwork for uid/pid:10135/3291 activeRequest: null callbackRequest: 171 [NetworkRequest [ REQUEST id=172, [ Capabilities: INTERNET&NOT_RESTRICTED&TRUSTED&NOT_VCN_MANAGED&NOT_BANDWIDTH_CONSTRAINED Uid: 10135 RequestorUid: 10135 RequestorPkg: com.google.android.dialer UnderlyingNetworks: Null] ]] callback flags: 0 order: 2147483647 isUidTracked: false declaredMethods: AVAIL|LOST|NC
07-06 04:12:10.094 D/WifiNetworkFactory( 685): got request NetworkRequest [ REQUEST id=172, [ Capabilities: INTERNET&NOT_RESTRICTED&TRUSTED&NOT_VCN_MANAGED&NOT_BANDWIDTH_CONSTRAINED Uid: 10135 RequestorUid: 10135 RequestorPkg: com.google.android.dialer UnderlyingNetworks: Null] ]
07-06 04:12:10.094 V/WifiNetworkFactory( 685): Accepted network request NetworkRequest [ REQUEST id=172, [ Capabilities: INTERNET&NOT_RESTRICTED&TRUSTED&NOT_VCN_MANAGED&NOT_BANDWIDTH_CONSTRAINED Uid: 10135 RequestorUid: 10135 RequestorPkg: com.google.android.dialer UnderlyingNetworks: Null] ]
07-06 04:12:10.095 D/UntrustedWifiNetworkFactory( 685): got request NetworkRequest [ REQUEST id=172, [ Capabilities: INTERNET&NOT_RESTRICTED&TRUSTED&NOT_VCN_MANAGED&NOT_BANDWIDTH_CONSTRAINED Uid: 10135 RequestorUid: 10135 RequestorPkg: com.google.android.dialer UnderlyingNetworks: Null] ]
07-06 04:12:10.095 D/ConnectivityService( 685): NetReassign [172 : null → 100] [c 1] [a 1] [i 2]
07-06 04:12:10.096 D/OemPaidWifiNetworkFactory( 685): got request NetworkRequest [ REQUEST id=172, [ Capabilities: INTERNET&NOT_RESTRICTED&TRUSTED&NOT_VCN_MANAGED&NOT_BANDWIDTH_CONSTRAINED Uid: 10135 RequestorUid: 10135 RequestorPkg: com.google.android.dialer UnderlyingNetworks: Null] ]
07-06 04:12:10.097 D/MultiInternetWifiNetworkFactory( 685): got request NetworkRequest [ REQUEST id=172, [ Capabilities: INTERNET&NOT_RESTRICTED&TRUSTED&NOT_VCN_MANAGED&NOT_BANDWIDTH_CONSTRAINED Uid: 10135 RequestorUid: 10135 RequestorPkg: com.google.android.dialer UnderlyingNetworks: Null] ]
07-06 04:12:10.098 D/WM-NetworkStateTracker( 3291): Network capabilities changed: [ Transports: WIFI Capabilities: NOT_METERED&INTERNET&NOT_RESTRICTED&TRUSTED&NOT_VPN&VALIDATED&NOT_ROAMING&FOREGROUND&NOT_CONGESTED&NOT_SUSPENDED&NOT_VCN_MANAGED&NOT_BANDWIDTH_CONSTRAINED LinkUpBandwidth>=12000Kbps LinkDnBandwidth>=30000Kbps TransportInfo: , BSSID: 02:00:00:00:00:00, MAC: 02:00:00:00:00:00, IP: /10.0.2.16, Security type: 0, Supplicant state: COMPLETED, Wi-Fi standard: legacy, RSSI: -50, Link speed: 1Mbps, Tx Link speed: 1Mbps, Max Supported Tx Link speed: 11Mbps, Rx Link speed: 2Mbps, Max Supported Rx Link speed: 11Mbps, Frequency: 2447MHz, Net ID: -1, Metered hint: false, score: 60, isUsable: true, CarrierMerged: false, SubscriptionId: -1, IsPrimary: -1, Trusted: true, Restricted: false, Ephemeral: false, OEM paid: false, OEM private: false, OSU AP: false, FQDN: , Provider friendly name: , Requesting package name: MLO Information: , Is TID-To-Link negotiation supported by the AP: false, AP MLD Address: , AP MLO Link Id: , AP MLO Affiliated links: , Vendor Data: > SignalStrength: -50 UnderlyingNetworks: Null]
07-06 04:12:10.104 D/WM-Processor( 3291): fgy: processing WorkGenerationalId(workSpecId=aa3d76ac-b977-4a20-b82c-8d4e49060483, generation=0)
07-06 04:12:10.125 D/WM-GreedyScheduler( 3291): Constraints met: Scheduling work ID WorkGenerationalId(workSpecId=aa3d76ac-b977-4a20-b82c-8d4e49060483, generation=0)
07-06 04:12:10.127 D/WM-Processor( 3291): Work WorkGenerationalId(workSpecId=aa3d76ac-b977-4a20-b82c-8d4e49060483, generation=0) is already enqueued for processing
07-06 04:12:10.127 D/WM-WorkerWrapper( 3291): Starting work for com.google.apps.tiktok.contrib.work.TikTokListenableWorker
07-06 04:12:10.136 I/DialerVvmTaskWorkerDelegate( 3291): com.android.dialer.voicemail.service.impl.scheduler.VvmTaskWorker$VvmTaskWorkerDelegate.executeVvmJob:191 Beginning execution of job ID: 2
07-06 04:12:10.136 I/DialerSingletonScopedExternalsLogging( 3291): com.google.android.dialershared.externals.logging.SingletonScopedExternalsLogging.recordCallMethodInvocation:66 event: VVM_TASK_WORKER_EXECUTE_VVM_JOB, function parameters: [2], return value: [CONTEXT enable_persistent_logger=true ]
07-06 04:12:10.138 I/DialerSingletonScopedExternalsLogging( 3291): com.google.android.dialershared.externals.logging.SingletonScopedExternalsLogging.recordCallMethodInvocation:75 event: TIKTOK_WORK_EXECUTION_MONITOR_ON_WORK_STARTED, function parameters: [aa3d76ac-b977-4a20-b82c-8d4e49060483,com.android.dialer.voicemail.service.impl.VvmTaskWorker], return value:
07-06 04:12:10.147 I/DialerVvmCarrierIdentifierImpl( 3291): com.android.dialer.voicemail.service.impl.carriermapping.VvmCarrierIdentifierImpl.getVvmCarrierNameBlocking:120 Looking up carrier name for phone account handle: 1 [CONTEXT ratelimit_period="1 MINUTES" skipped=158 ]
07-06 04:12:10.148 I/DialerRestVoicemailEnabledFn( 3291): com.android.dialer.voicemail.service.impl.vvmclients.rest.RestVoicemailEnabledFn.isEnabled:67 device is supported, enabling. [CONTEXT ratelimit_period="1 MINUTES" skipped=948 ]
07-06 04:12:10.203 I/DialerVvmExecutorImpl( 3291): com.android.dialer.voicemail.service.impl.scheduler.VvmExecutorImpl.execute:229 Beginning VVM action: SYNC with retryCount: 0 for ComponentInfo{com.android.phone/com.android.services.telephony.TelephonyConnectionService}, 1, UserHandle{0} [CONTEXT enable_persistent_logger=true ]
07-06 04:12:10.223 E/DialerRestVvmCarrierService( 3291): com.android.dialer.voicemail.service.impl.vvmclients.rest.RestVvmCarrierService.getMsisdn:420 Retrieved phone number in an unexpected format: +15551234567 [CONTEXT disable_client_error_logging=true ]
07-06 04:12:10.223 E/DialerRestVvmCarrierService( 3291): zxo: MEDIUM
07-06 04:12:10.223 E/DialerRestVvmCarrierService( 3291): at a.cN(PG:15)
07-06 04:12:10.223 E/DialerRestVvmCarrierService( 3291): at pxq.apply(PG:489)
07-06 04:12:10.223 E/DialerRestVvmCarrierService( 3291): at zcp.apply(PG:13)
07-06 04:12:10.223 E/DialerRestVvmCarrierService( 3291): at aaka.d(PG:3)
07-06 04:12:10.223 E/DialerRestVvmCarrierService( 3291): at aakb.run(PG:38)
07-06 04:12:10.223 E/DialerRestVvmCarrierService( 3291): at umz.run(PG:7)
07-06 04:12:10.223 E/DialerRestVvmCarrierService( 3291): at aadu.run(PG:44)
07-06 04:12:10.223 E/DialerRestVvmCarrierService( 3291): at tdt.run(PG:78)
07-06 04:12:10.223 E/DialerRestVvmCarrierService( 3291): at cp.run(PG:143)
07-06 04:12:10.223 E/DialerRestVvmCarrierService( 3291): at java.lang.Thread.run(Thread.java:1119)
07-06 04:12:10.223 E/DialerRestVvmCarrierService( 3291): at uoe.run(PG:61)
07-06 04:12:10.226 I/DialerLogcatLoggingBindings( 3291): com.android.dialer.logging.logcat.LogcatLoggingBindings.logImpression:54 Impression: ANDROID_API_UNEXPECTED_PHONE_NUMBER_FORMAT
07-06 04:12:10.247 I/DialerLoggingConsentCheckerImpl( 3291): com.google.android.dialershared.logging.consent.impl.LoggingConsentCheckerImpl.getConsent:72 timer stop with success, timer present: false
07-06 04:12:10.268 I/DialerLogcatLoggingBindings( 3291): com.android.dialer.logging.logcat.LogcatLoggingBindings.logImpression:47 Impression: VVM_SYNC_STARTED
07-06 04:12:10.287 I/DialerSingletonScopedExternalsLogging( 3291): com.google.android.dialershared.externals.logging.SingletonScopedExternalsLogging.recordCallMethodInvocation:75 event: TELEPHONY_BOOTSTRAP_AUTHENTICATION_REQUEST, function parameters: [], return value: Default
07-06 04:12:10.288 W/DialerGbaCredentialProvider( 3291): com.android.dialer.voicemail.service.impl.vvmclients.rest.GbaCredentialProvider$1.onAuthenticationFailure:93 GBA failed with reason: 1 [CONTEXT disable_client_error_logging=true ]
07-06 04:12:10.291 I/DialerLoggingConsentCheckerImpl( 3291): com.google.android.dialershared.logging.consent.impl.LoggingConsentCheckerImpl.getConsent:72 timer stop with success, timer present: false
07-06 04:12:10.325 W/DialerVvmExecutorImpl( 3291): com.android.dialer.voicemail.service.impl.scheduler.VvmExecutorImpl.executeWorkOnCarrierService:444 Could not complete vvm work with action: SYNC. Error: [GeneralFailureReason: UNSPECIFIED, RestFailureReason: GBA_AUTHENTICATION_FAILURE_FEATURE_NOT_SUPPORTED, OmtpFailureReason: OMTP_UNSPECIFIED] for ComponentInfo{com.android.phone/com.android.services.telephony.TelephonyConnectionService}, 1, UserHandle{0} [CONTEXT disable_client_error_logging=true enable_persistent_logger=true ]
07-06 04:12:10.327 I/DialerVvmExecutorImpl( 3291): com.android.dialer.voicemail.service.impl.scheduler.VvmExecutorImpl.executeWork:204 VvmResult is: # pug@1db0ddb for ComponentInfo{com.android.phone/com.android.services.telephony.TelephonyConnectionService}, 1, UserHandle{0}
07-06 04:12:10.334 I/DialerLoggingConsentCheckerImpl( 3291): com.google.android.dialershared.logging.consent.impl.LoggingConsentCheckerImpl.getConsent:72 timer stop with success, timer present: false
07-06 04:12:10.368 I/DialerSingletonScopedExternalsLogging( 3291): com.google.android.dialershared.externals.logging.SingletonScopedExternalsLogging.recordCallMethodInvocation:75 event: TIKTOK_WORK_EXECUTION_MONITOR_ON_WORK_FINISHED, function parameters: [aa3d76ac-b977-4a20-b82c-8d4e49060483,com.android.dialer.voicemail.service.impl.VvmTaskWorker], return value: Retry
07-06 04:12:10.376 I/DialerLoggingConsentCheckerImpl( 3291): com.google.android.dialershared.logging.consent.impl.LoggingConsentCheckerImpl.getConsent:72 timer stop with success, timer present: false
07-06 04:12:10.388 I/WM-WorkerWrapper( 3291): Worker result RETRY for Work [ id=aa3d76ac-b977-4a20-b82c-8d4e49060483, tags={ com.google.apps.tiktok.contrib.work.TikTokListenableWorker,1,SYNC,TikTokWorker#com.android.dialer.voicemail.service.impl.VvmTaskWorker } ]
07-06 04:12:10.396 D/WM-Processor( 3291): fgy aa3d76ac-b977-4a20-b82c-8d4e49060483 executed; reschedule = true
07-06 04:12:10.396 D/WM-GreedyScheduler( 3291): Stopping tracking for WorkGenerationalId(workSpecId=aa3d76ac-b977-4a20-b82c-8d4e49060483, generation=0)
07-06 04:12:10.396 D/WM-SystemJobService( 3291): aa3d76ac-b977-4a20-b82c-8d4e49060483 executed on JobScheduler
07-06 04:12:10.403 D/eatg ( 3876): Starting download: https://www.gstatic.com/messages/smarts/multitask_experiment/smartreply_only_20200301_con0038_div025_emp_neg035.pb_1591622697782
07-06 04:12:10.403 V/eatg ( 3876): Is http uri, downloading (uri: https://www.gstatic.com/messages/smarts/multitask_experiment/smartreply_only_20200301_con0038_div025_emp_neg035.pb_1591622697782)
07-06 04:12:10.412 D/eatg ( 3876): Starting download: https://www.gstatic.com/messages/smarts/multitask_experiment/photo_intent_suggest_20201118_th060.pb_1605907326457
07-06 04:12:10.412 V/eatg ( 3876): Is http uri, downloading (uri: https://www.gstatic.com/messages/smarts/multitask_experiment/photo_intent_suggest_20201118_th060.pb_1605907326457)
07-06 04:12:10.413 D/WM-GreedyScheduler( 3291): Cancelling work ID aa3d76ac-b977-4a20-b82c-8d4e49060483
07-06 04:12:10.418 D/WM-SystemJobScheduler( 3291): Scheduling work ID b5230560-3e12-43b7-9796-c07f9302de89Job ID 25
07-06 04:12:10.421 D/WM-GreedyScheduler( 3291): Ignoring {WorkSpec: a1b53d45-e715-4040-b2dc-656e9d0b005c}. Requires device idle.
07-06 04:12:10.421 D/WM-GreedyScheduler( 3291): Ignoring {WorkSpec: d3be6b80-5a5f-4de3-97aa-19ecfb32ba72}. Requires device idle.
07-06 04:12:10.421 D/WM-GreedyScheduler( 3291): Ignoring {WorkSpec: 56124dfd-e865-4d4b-9db9-f6d576b9fd87}. Requires device idle.
07-06 04:12:10.421 D/WM-GreedyScheduler( 3291): Ignoring {WorkSpec: f94e3cfa-48dd-490a-8143-db0b5a572c84}. Requires device idle.
07-06 04:12:10.421 D/WM-GreedyScheduler( 3291): Ignoring {WorkSpec: 33279a4b-9844-4d14-99fd-85d790eb969c}. Requires device idle.
07-06 04:12:10.421 D/WM-NetworkStateTracker( 3291): Unregistering network callback
07-06 04:12:10.443 D/SlicesIndexer( 1365): Slices already indexed - returning.
07-06 04:12:10.446 D/SettingsSliceProvider( 1365): Allowlisting 10 uris to 3 pkgs.
07-06 04:12:10.455 D/SlicesIndexer( 1365): Slices already indexed - returning.
07-06 04:12:10.456 D/SettingsSliceProvider( 1365): Allowlisting 5 uris to 3 pkgs.
07-06 04:12:10.480 D/BackgroundInstallControlService( 685): Package event received: 0
07-06 04:12:10.487 D/BackgroundInstallControlService( 685): Package event received: 0
07-06 04:12:10.493 I/netd ( 472): tetherGetStats() -> {[]} <0.66ms>
07-06 04:12:10.494 D/SlicesIndexer( 1365): Slices already indexed - returning.
07-06 04:12:10.495 W/SliceData( 1365): Highlight menu key res is empty: com.android.settings.deviceinfo.firmwareversion.FirmwareVersionDetailPreferenceController
07-06 04:12:10.502 I/netd ( 472): bandwidthSetGlobalAlert(2097152) <0.17ms>
07-06 04:12:10.503 D/SettingsSliceProvider( 1365): content://com.android.settings.slices/action/os_firmware_version loaded from cache
07-06 04:12:10.504 D/SlicesIndexer( 1365): Slices already indexed - returning.
07-06 04:12:10.505 W/SliceData( 1365): Highlight menu key res is empty: com.android.settings.deviceinfo.hardwareinfo.DeviceModelPreferenceController
07-06 04:12:10.506 D/SettingsSliceProvider( 1365): Built slice (content://com.android.settings.slices/action/os_firmware_version) in: 12
07-06 04:12:10.506 D/BackgroundInstallControlService( 685): Package event received: 0
07-06 04:12:10.506 D/BackgroundInstallControlService( 685): Package event received: 0
07-06 04:12:10.506 D/BackgroundInstallControlService( 685): Package event received: 0
07-06 04:12:10.506 D/BackgroundInstallControlService( 685): Package event received: 0
07-06 04:12:10.506 D/BackgroundInstallControlService( 685): Package event received: 0
07-06 04:12:10.506 D/BackgroundInstallControlService( 685): Package event received: 0
07-06 04:12:10.506 D/BackgroundInstallControlService( 685): Package event received: 0
07-06 04:12:10.506 D/SettingsSliceProvider( 1365): content://com.android.settings.slices/action/alarm_volume loaded from cache
07-06 04:12:10.507 D/SliceBuilder( 1365): Creating slice for: com.android.settings.deviceinfo.hardwareinfo.DeviceModelPreferenceController
07-06 04:12:10.509 D/SettingsSliceProvider( 1365): Built slice (content://com.android.settings.slices/action/hardware_info_device_model) in: 5
07-06 04:12:10.509 D/SlicesIndexer( 1365): Slices already indexed - returning.
07-06 04:12:10.509 D/SliceBroadcastRelay( 1365): Registering Uri for broadcast relay: content://com.android.settings.slices/action/mobile_data
07-06 04:12:10.510 W/BroadcastLoopers( 685): Found previously unknown looper Thread[SliceManagerService,5,main]
07-06 04:12:10.512 D/SlicesIndexer( 1365): Slices already indexed - returning.
07-06 04:12:10.512 D/SettingsSliceProvider( 1365): content://android.settings.slices/action/battery_saver loaded from cache
07-06 04:12:10.513 D/BackgroundInstallControlService( 685): Package event received: 0
07-06 04:12:10.514 D/SettingsSliceProvider( 1365): Starting background worker for: content://com.android.settings.slices/action/mobile_data
