07-06 04:11:53.400 W/Resources( 1415): at com.android.launcher3.Launcher.setupViews(go/retraceme 43e00d9cd0eb17b3d9dd30fc1741b1c71445c4c0f7c8c9b81300265c86c5b873:10)
07-06 04:11:53.400 W/Resources( 1415): at com.android.launcher3.uioverrides.QuickstepLauncher.setupViews(go/retraceme 43e00d9cd0eb17b3d9dd30fc1741b1c71445c4c0f7c8c9b81300265c86c5b873:13)
07-06 04:11:53.400 W/Resources( 1415): at com.google.android.apps.nexuslauncher.NexusLauncherActivity.setupViews(go/retraceme 43e00d9cd0eb17b3d9dd30fc1741b1c71445c4c0f7c8c9b81300265c86c5b873:19)
07-06 04:11:53.400 W/Resources( 1415): at com.android.launcher3.Launcher.onCreate(go/retraceme 43e00d9cd0eb17b3d9dd30fc1741b1c71445c4c0f7c8c9b81300265c86c5b873:222)
07-06 04:11:53.400 W/Resources( 1415): at com.android.launcher3.uioverrides.QuickstepLauncher.onCreate(go/retraceme 43e00d9cd0eb17b3d9dd30fc1741b1c71445c4c0f7c8c9b81300265c86c5b873:1)
07-06 04:11:53.400 W/Resources( 1415): at com.google.android.apps.nexuslauncher.NexusLauncherActivity.onCreate(go/retraceme 43e00d9cd0eb17b3d9dd30fc1741b1c71445c4c0f7c8c9b81300265c86c5b873:1)
07-06 04:11:53.400 W/Resources( 1415): at android.app.Activity.performCreate(Activity.java:9155)
07-06 04:11:53.400 W/Resources( 1415): at android.app.Activity.performCreate(Activity.java:9133)
07-06 04:11:53.400 W/Resources( 1415): at android.app.Instrumentation.callActivityOnCreate(Instrumentation.java:1521)
07-06 04:11:53.400 W/Resources( 1415): at android.app.ActivityThread.performLaunchActivity(ActivityThread.java:4262)
07-06 04:11:53.400 W/Resources( 1415): at android.app.ActivityThread.handleLaunchActivity(ActivityThread.java:4467)
07-06 04:11:53.400 W/Resources( 1415): at android.app.ActivityThread.handleRelaunchActivityInner(ActivityThread.java:6610)
07-06 04:11:53.400 W/Resources( 1415): at android.app.ActivityThread.handleRelaunchActivity(ActivityThread.java:6501)
07-06 04:11:53.400 W/Resources( 1415): at android.app.servertransaction.ActivityRelaunchItem.execute(ActivityRelaunchItem.java:106)
07-06 04:11:53.400 W/Resources( 1415): at android.app.servertransaction.ActivityTransactionItem.execute(ActivityTransactionItem.java:63)
07-06 04:11:53.400 W/Resources( 1415): at android.app.servertransaction.TransactionExecutor.executeNonLifecycleItem(TransactionExecutor.java:133)
07-06 04:11:53.400 W/Resources( 1415): at android.app.servertransaction.TransactionExecutor.executeTransactionItems(TransactionExecutor.java:103)
07-06 04:11:53.400 W/Resources( 1415): at android.app.servertransaction.TransactionExecutor.execute(TransactionExecutor.java:80)
07-06 04:11:53.400 W/Resources( 1415): at android.app.ClientTransactionHandler.executeTransaction(ClientTransactionHandler.java:69)
07-06 04:11:53.400 W/Resources( 1415): at android.app.ActivityThread.handleRelaunchActivityLocally(ActivityThread.java:6567)
07-06 04:11:53.400 W/Resources( 1415): at android.app.ActivityThread$H.handleMessage(ActivityThread.java:2829)
07-06 04:11:53.400 W/Resources( 1415): at android.os.Handler.dispatchMessage(Handler.java:110)
07-06 04:11:53.400 W/Resources( 1415): at android.os.Looper.loopOnce(Looper.java:248)
07-06 04:11:53.400 W/Resources( 1415): at android.os.Looper.loop(Looper.java:338)
07-06 04:11:53.400 W/Resources( 1415): at android.app.ActivityThread.main(ActivityThread.java:9067)
07-06 04:11:53.400 W/Resources( 1415): at java.lang.reflect.Method.invoke(Native Method)
07-06 04:11:53.401 W/Resources( 1415): at com.android.internal.os.RuntimeInit$MethodAndArgsCaller.run(RuntimeInit.java:593)
07-06 04:11:53.401 W/Resources( 1415): at com.android.internal.os.ZygoteInit.main(ZygoteInit.java:932)
07-06 04:11:53.411 I/AppWidgetServiceImpl( 685): getInstalledProvidersForProfiles() 0
07-06 04:11:53.418 D/eatg ( 3876): Starting download: https://c.tenor.com/MNVpjI3peqUAAAAk/tenor.gif
07-06 04:11:53.418 V/eatg ( 3876): Is http uri, downloading (uri: https://c.tenor.com/MNVpjI3peqUAAAAk/tenor.gif)
07-06 04:11:53.430 D/eatg ( 3876): Starting download: https://c.tenor.com/AUCaj-n1RScAAAAk/tenor.gif
07-06 04:11:53.430 V/eatg ( 3876): Is http uri, downloading (uri: https://c.tenor.com/AUCaj-n1RScAAAAk/tenor.gif)
07-06 04:11:53.443 I/crash_dump64( 4812): obtaining output fd from tombstoned, type: kDebuggerdTombstoneProto
07-06 04:11:53.445 I/tombstoned( 300): received crash request for pid 4779
07-06 04:11:53.449 I/crash_dump64( 4812): performing dump of process 4752 (target tid = 4779)
07-06 04:11:53.452 I/AppWidgetServiceImpl( 685): notifyProviderInheritance() 0
07-06 04:11:53.500 D/ViewPool( 1415): initPool complete
07-06 04:11:53.514 D/eatg ( 3876): Starting download: https://c.tenor.com/MdGCDaD6Wa8AAAAk/tenor.gif
07-06 04:11:53.514 V/eatg ( 3876): Is http uri, downloading (uri: https://c.tenor.com/MdGCDaD6Wa8AAAAk/tenor.gif)
07-06 04:11:53.524 D/ViewPool( 1415): initPool complete
07-06 04:11:53.536 D/AutofillManager( 1415): Fill dialog is enabled:false, hints=[]
07-06 04:11:53.548 E/RecyclerView( 1415): Cannot scroll to position a LayoutManager set. Call setLayoutManager with a non-null argument.
07-06 04:11:53.549 D/ActivityAllAppsContainerView( 1415): rebindAdapters: force: true
07-06 04:11:53.549 D/ActivityAllAppsContainerView( 1415): replaceAppsRVContainer: showTabs: false
07-06 04:11:53.549 D/AlphabeticalAppsList( 1415): Clearing FastScrollerSections.
07-06 04:11:53.549 D/AlphabeticalAppsList( 1415): Adding apps with sections. HasPrivateApps: true
07-06 04:11:53.549 E/RecyclerView( 1415): Cannot scroll to position a LayoutManager set. Call setLayoutManager with a non-null argument.
07-06 04:11:53.550 D/eatg ( 3876): Starting download: https://c.tenor.com/RQcrdyXkM2YAAAAk/tenor.gif
07-06 04:11:53.550 V/eatg ( 3876): Is http uri, downloading (uri: https://c.tenor.com/RQcrdyXkM2YAAAAk/tenor.gif)
07-06 04:11:53.555 D/DeviceSearchAlg( 1415): search timeout = %d200
07-06 04:11:53.557 W/PageIndicator( 1415): Total number of pages invalid: 0. Assuming 1 page.
07-06 04:11:53.557 W/BcSmartspaceView( 1415): Current card is not present in the Adapter; cannot log.
07-06 04:11:53.557 D/CellLayout( 1415): Adding view to ShortcutsAndWidgetsContainer: com.google.android.apps.nexuslauncher.qsb.SmartspaceViewContainer{927f4ac V.E...... ......I. 0,0-0,0 #7f0a032d app:id/search_container_workspace}
07-06 04:11:53.566 D/OverviewActionsView( 1415): updateActionButtonsVisibility() called: showSingleTaskActions = [true], showGroupActions = [false]
07-06 04:11:53.599 I/AppWidgetServiceImpl( 685): startListening() 0
07-06 04:11:53.620 D/KeyboardInsetsHandler( 1415): setState, toState:Normal StateManager(mLastStableState:Normal, mCurrentStableState:Normal, mState:Normal, mRestState:null, isInTransition:false)
07-06 04:11:53.621 D/CellLayout( 1415): Adding view to ShortcutsAndWidgetsContainer: com.google.android.apps.nexuslauncher.qsb.SmartspaceViewContainer{927f4ac V.E...... ......I. 0,0-0,0 #7f0a032d app:id/search_container_workspace}
07-06 04:11:53.621 D/ModelCallbacks( 1415): startBinding: hotseat layout was vertical: false and is setting to false
07-06 04:11:53.630 D/eatg ( 3876): Starting download: https://c.tenor.com/GEfom6TUKQIAAAAk/tenor.gif
07-06 04:11:53.630 V/eatg ( 3876): Is http uri, downloading (uri: https://c.tenor.com/GEfom6TUKQIAAAAk/tenor.gif)
07-06 04:11:53.641 D/Launcher.Workspace( 1415): addInScreenFromBind: hotseat inflation with x = 0 and y = 0
07-06 04:11:53.641 D/eatg ( 3876): Starting download: https://c.tenor.com/jPgPgvg4CjoAAAAk/tenor.gif
07-06 04:11:53.641 V/eatg ( 3876): Is http uri, downloading (uri: https://c.tenor.com/jPgPgvg4CjoAAAAk/tenor.gif)
07-06 04:11:53.655 D/CellLayout( 1415): Adding view to ShortcutsAndWidgetsContainer: com.android.launcher3.views.DoubleShadowBubbleTextView{4281b47 VFED..C.. ......ID 0,0-0,0 #1}
07-06 04:11:53.655 D/Launcher.Workspace( 1415): addInScreenFromBind: hotseat inflation with x = 1 and y = 0
07-06 04:11:53.655 D/CellLayout( 1415): Adding view to ShortcutsAndWidgetsContainer: com.android.launcher3.views.DoubleShadowBubbleTextView{d4d6f74 VFED..C.. ......ID 0,0-0,0 #2}
07-06 04:11:53.655 D/Launcher.Workspace( 1415): addInScreenFromBind: hotseat inflation with x = 2 and y = 0
07-06 04:11:53.655 D/CellLayout( 1415): Adding view to ShortcutsAndWidgetsContainer: com.android.launcher3.views.DoubleShadowBubbleTextView{9a5fc9d VFED..C.. ......ID 0,0-0,0 #3}
07-06 04:11:53.655 D/CellLayout( 1415): Adding view to ShortcutsAndWidgetsContainer: com.android.launcher3.views.DoubleShadowBubbleTextView{d129512 VFED..C.. ......ID 0,0-0,0 #4}
07-06 04:11:53.655 D/CellLayout( 1415): Adding view to ShortcutsAndWidgetsContainer: com.android.launcher3.views.DoubleShadowBubbleTextView{84124e3 VFED..C.. ......ID 0,0-0,0 #5}
07-06 04:11:53.655 D/CellLayout( 1415): Adding view to ShortcutsAndWidgetsContainer: com.android.launcher3.views.DoubleShadowBubbleTextView{78c0ee0 VFED..C.. ......ID 0,0-0,0 #6}
07-06 04:11:53.656 D/b/387844520( 1415): getOutlineOffsetX: measured width = 0, mNormalizedIconSize = 159, last updated width = 0
07-06 04:11:53.656 D/Launcher.Workspace( 1415): addInScreenFromBind: hotseat inflation with x = 3 and y = 0
07-06 04:11:53.656 D/CellLayout( 1415): Adding view to ShortcutsAndWidgetsContainer: com.android.launcher3.uioverrides.PredictedAppIcon{b572c3f VFED..C.. ......ID 0,0-0,0}
07-06 04:11:53.695 D/LauncherBinder( 1415): Starting async inflation
07-06 04:11:53.696 D/AllAppsStore( 1415): setApps: apps.length=19
07-06 04:11:53.696 D/AllAppsStore( 1415): notifyUpdate: notifying listeners
07-06 04:11:53.696 D/ActivityAllAppsContainerView( 1415): onAppsUpdated; number of apps: 19
07-06 04:11:53.696 D/ActivityAllAppsContainerView( 1415): rebindAdapters: force: false
07-06 04:11:53.696 D/ActivityAllAppsContainerView( 1415): rebindAdapters: Not needed.
07-06 04:11:53.696 D/StatsLog( 1415): LAUNCHER_ALLAPPS_COUNT
07-06 04:11:53.696 D/AlphabeticalAppsList( 1415): Clearing FastScrollerSections.
07-06 04:11:53.696 D/AlphabeticalAppsList( 1415): Adding apps with sections. HasPrivateApps: false
07-06 04:11:53.696 D/AlphabeticalAppsList( 1415): addAppsWithSections: adding sectionName: C with appInfoTitle: Calendar
07-06 04:11:53.696 D/AlphabeticalAppsList( 1415): addAppsWithSections: adding sectionName: D with appInfoTitle: Drive
07-06 04:11:53.696 D/AlphabeticalAppsList( 1415): addAppsWithSections: adding sectionName: F with appInfoTitle: Files
07-06 04:11:53.698 D/AlphabeticalAppsList( 1415): addAppsWithSections: adding sectionName: G with appInfoTitle: Gmail
07-06 04:11:53.698 D/AlphabeticalAppsList( 1415): addAppsWithSections: adding sectionName: M with appInfoTitle: Maps
07-06 04:11:53.698 D/AlphabeticalAppsList( 1415): addAppsWithSections: adding sectionName: P with appInfoTitle: Phone
07-06 04:11:53.698 D/AlphabeticalAppsList( 1415): addAppsWithSections: adding sectionName: S with appInfoTitle: Safety
07-06 04:11:53.698 D/AlphabeticalAppsList( 1415): addAppsWithSections: adding sectionName: T with appInfoTitle: TMoble
07-06 04:11:53.698 D/AlphabeticalAppsList( 1415): addAppsWithSections: adding sectionName: Y with appInfoTitle: YouTube
07-06 04:11:53.698 D/AlphabeticalAppsList( 1415): Adding FastScrollSection duplicate to scroll to the bottom.
07-06 04:11:53.698 D/AlphabeticalAppsList( 1415): Clearing FastScrollerSections.
07-06 04:11:53.698 D/AlphabeticalAppsList( 1415): Adding apps with sections. HasPrivateApps: false
07-06 04:11:53.698 D/AlphabeticalAppsList( 1415): addAppsWithSections: adding sectionName: C with appInfoTitle: Calendar
07-06 04:11:53.698 D/AlphabeticalAppsList( 1415): addAppsWithSections: adding sectionName: D with appInfoTitle: Drive
07-06 04:11:53.698 D/AlphabeticalAppsList( 1415): addAppsWithSections: adding sectionName: F with appInfoTitle: Files
07-06 04:11:53.698 D/AlphabeticalAppsList( 1415): addAppsWithSections: adding sectionName: G with appInfoTitle: Gmail
07-06 04:11:53.698 D/AlphabeticalAppsList( 1415): addAppsWithSections: adding sectionName: M with appInfoTitle: Maps
07-06 04:11:53.698 D/AlphabeticalAppsList( 1415): addAppsWithSections: adding sectionName: P with appInfoTitle: Phone
07-06 04:11:53.698 D/AlphabeticalAppsList( 1415): addAppsWithSections: adding sectionName: S with appInfoTitle: Safety
07-06 04:11:53.698 D/AlphabeticalAppsList( 1415): addAppsWithSections: adding sectionName: T with appInfoTitle: TMoble
07-06 04:11:53.698 D/AlphabeticalAppsList( 1415): addAppsWithSections: adding sectionName: Y with appInfoTitle: YouTube
07-06 04:11:53.698 D/AlphabeticalAppsList( 1415): Adding FastScrollSection duplicate to scroll to the bottom.
07-06 04:11:53.708 D/SearchUiPerUserService( 685): Creating SearchSessionInfo for session Id=com.google.android.apps.nexuslauncher:43cade43-1ceb-4b1b-94ab-28893ca37b34,0
07-06 04:11:53.727 D/SearchUiPerUserService( 685): Storing callback for session Id=com.google.android.apps.nexuslauncher:43cade43-1ceb-4b1b-94ab-28893ca37b34,0 and callback=android.os.BinderProxy@20f3830
07-06 04:11:53.758 D/eatg ( 3876): Starting download: https://c.tenor.com/gOG397-puAsAAAAk/tenor.gif
07-06 04:11:53.759 V/eatg ( 3876): Is http uri, downloading (uri: https://c.tenor.com/gOG397-puAsAAAAk/tenor.gif)
07-06 04:11:53.769 I/AiAiEcho( 1726): SearchContextManagerImpl::setSearchContext resultTypes=[139867] extras=[Bundle[{launcher.maxInlineIcons=3, dynamic_ranking_m3_enabled=true, qs_tiles_asi_enabled=true, allowlist_enabled=false, one_search_enabled=true, system_clock=true, version_code=12, gms_play_query_lower_bound=2, gms_play_query_upper_bound=20, recent_search_block_enabled=true, gms_play_feature_supported=true, launcher.gridSize=4, showhiddentargets_enabled=false, ose_info=1}]] sessionId=[com.google.android.apps.nexuslauncher:43cade43-1ceb-4b1b-94ab-28893ca37b34,0]
07-06 04:11:53.769 D/eatg ( 3876): Starting download: https://c.tenor.com/CSkw57W8v1wAAAAk/tenor.gif
07-06 04:11:53.769 V/eatg ( 3876): Is http uri, downloading (uri: https://c.tenor.com/CSkw57W8v1wAAAAk/tenor.gif)
07-06 04:11:53.785 D/SearchTargetUtil( 1415): queryLength=0 size=1
07-06 04:11:53.785 D/SearchTargetUtil( 1415): layoutType=icon_row resultType=4096 packageName=
07-06 04:11:53.806 D/AlphabeticIndexCompat( 1415): computeSectionName: cs: Settings sectionName: S
07-06 04:11:53.808 D/AlphabeticIndexCompat( 1415): computeSectionName: cs: Photos sectionName: P
07-06 04:11:53.809 D/AlphabeticIndexCompat( 1415): computeSectionName: cs: Battery sectionName: B
07-06 04:11:53.809 D/AlphabeticIndexCompat( 1415): computeSectionName: cs: Chrome sectionName: C
07-06 04:11:53.810 D/AlphabeticIndexCompat( 1415): computeSectionName: cs: Gmail sectionName: G
07-06 04:11:53.810 D/AlphabeticIndexCompat( 1415): computeSectionName: cs: Drive sectionName: D
07-06 04:11:53.811 D/AlphabeticIndexCompat( 1415): computeSectionName: cs: Clock sectionName: C
07-06 04:11:53.811 D/AlphabeticIndexCompat( 1415): computeSectionName: cs: Contacts sectionName: C
07-06 04:11:53.813 D/AlphabeticIndexCompat( 1415): computeSectionName: cs: Calendar sectionName: C
07-06 04:11:53.815 D/AlphabeticIndexCompat( 1415): computeSectionName: cs: Maps sectionName: M
07-06 04:11:53.816 D/AlphabeticIndexCompat( 1415): computeSectionName: cs: YouTube Music sectionName: Y
07-06 04:11:53.816 D/AlphabeticIndexCompat( 1415): computeSectionName: cs: YouTube sectionName: Y
07-06 04:11:53.817 D/AlphabeticIndexCompat( 1415): computeSectionName: cs: Google sectionName: G
07-06 04:11:53.818 D/AlphabeticIndexCompat( 1415): computeSectionName: cs: Digital Wellbeing sectionName: D
07-06 04:11:53.819 D/AlphabeticIndexCompat( 1415): computeSectionName: cs: Conversations sectionName: C
07-06 04:11:53.833 D/eatg ( 3876): Starting download: https://c.tenor.com/fynlBjSoN7kAAAAk/tenor.gif
07-06 04:11:53.833 V/eatg ( 3876): Is http uri, downloading (uri: https://c.tenor.com/fynlBjSoN7kAAAAk/tenor.gif)
07-06 04:11:53.843 D/OverviewActionsView( 1415): updateActionButtonsVisibility() called: showSingleTaskActions = [true], showGroupActions = [false]
07-06 04:11:53.844 D/KeyboardInsetsHandler( 1415): setState, toState:Normal StateManager(mLastStableState:Normal, mCurrentStableState:Normal, mState:Normal, mRestState:null, isInTransition:false)
07-06 04:11:53.845 D/OverviewActionsView( 1415): updateActionButtonsVisibility() called: showSingleTaskActions = [true], showGroupActions = [false]
07-06 04:11:53.847 D/b/380940677( 1415): [mStateHandlerRequest=0, mCurrentStateRequest=0, mLastActivityFlags=5, mIgnoreAutoRotateSettings=false, mHomeRotationEnabled=false, mForceAllowRotationForTesting=false, mDestroyed=false, mIsFixedLandscape=false]
07-06 04:11:53.851 D/ActivityAllAppsContainerView( 1415): rebindAdapters: force: false
07-06 04:11:53.852 D/ActivityAllAppsContainerView( 1415): rebindAdapters: Not needed.
07-06 04:11:53.859 D/ViewRootImpl( 1415): Skipping stats log for color mode
07-06 04:11:53.859 W/SplitSelectStateCtor( 1415): Missing session instanceIds
07-06 04:11:53.860 D/StatsLog( 1415): LAUNCHER_SPLIT_SELECTION_EXIT_INTERRUPTED
07-06 04:11:53.864 V/WindowManager( 685): Queueing transition: TransitionRecord{a210beb id=-1 type=CHANGE flags=0x0}
07-06 04:11:53.864 D/InputMonitorCompat( 1415): Input monitor (minus-one-disp0) created
07-06 04:11:53.869 D/eatg ( 3876): Starting download: https://c.tenor.com/wCB5JtcL9k4AAAAk/tenor.gif
07-06 04:11:53.869 V/eatg ( 3876): Is http uri, downloading (uri: https://c.tenor.com/wCB5JtcL9k4AAAAk/tenor.gif)
07-06 04:11:53.871 D/ViewRootImpl( 1415): Skipping stats log for color mode
07-06 04:11:53.871 D/StateManager( 1415): goToState - fromState: Normal, toState: Normal, partial trace:
07-06 04:11:53.871 D/StateManager( 1415): at com.android.launcher3.statemanager.StateManager.moveToRestState(go/retraceme 43e00d9cd0eb17b3d9dd30fc1741b1c71445c4c0f7c8c9b81300265c86c5b873:4)
07-06 04:11:53.871 D/StateManager( 1415): at com.android.launcher3.statemanager.StateManager.moveToRestState(go/retraceme 43e00d9cd0eb17b3d9dd30fc1741b1c71445c4c0f7c8c9b81300265c86c5b873:1)
07-06 04:11:53.871 D/StateManager( 1415): at com.android.launcher3.statemanager.StatefulActivity.onStop(go/retraceme 43e00d9cd0eb17b3d9dd30fc1741b1c71445c4c0f7c8c9b81300265c86c5b873:34)
07-06 04:11:53.873 D/StatsLog( 1415): LAUNCHER_GOOGLE_SEARCH_RESTORE_LIST_SIZE_AFTER_ACTIVITY_RESTART
07-06 04:11:53.874 I/Choreographer( 1415): Skipped 77 frames! The application may be doing too much work on its main thread.
07-06 04:11:53.882 D/InputMonitorCompat( 1415): Input event receiver for monitor (minus-one-disp0) created
07-06 04:11:53.884 W/abht ( 1815): (REDACTED) [%s] response code: %d
07-06 04:11:53.893 I/AppWidgetServiceImpl( 685): setAppWidgetHidden() 0
07-06 04:11:53.896 D/WindowManagerShell( 1132): setLauncherKeepClearAreaHeight: visible=true, height=527
07-06 04:11:53.908 I/SsCardPagerAdapter( 1415): [rmv] Rendering flag - enabled: true rmv: null
07-06 04:11:53.908 I/SsCardPagerAdapter( 1415): Use UI template for the feature: 1
07-06 04:11:53.923 D/eatg ( 3876): Starting download: https://c.tenor.com/1NpGDEgyc98AAAAk/tenor.gif
07-06 04:11:53.923 V/eatg ( 3876): Is http uri, downloading (uri: https://c.tenor.com/1NpGDEgyc98AAAAk/tenor.gif)
07-06 04:11:53.936 D/SsBaseTemplateCard( 1415): No text view can be set up
07-06 04:11:53.936 D/SsBaseTemplateCard( 1415): Passed-in item info is null
07-06 04:11:53.936 D/SsBaseTemplateCard( 1415): Passed-in item info is null
07-06 04:11:53.936 D/SsBaseTemplateCard( 1415): Passed-in item info is null
07-06 04:11:53.936 I/SsBaseTemplateCard( 1415): Secondary card pane is null
07-06 04:11:53.953 D/eatg ( 3876): Starting download: https://c.tenor.com/Aq48a65922EAAAAk/tenor.gif
07-06 04:11:53.953 V/eatg ( 3876): Is http uri, downloading (uri: https://c.tenor.com/Aq48a65922EAAAAk/tenor.gif)
07-06 04:11:53.968 W/.apps.messaging( 3876): Missing inline cache for java.lang.Object dyij.apply(java.lang.Object)
07-06 04:11:53.968 W/.apps.messaging( 3876): Missing inline cache for java.lang.Object dyij.apply(java.lang.Object)
07-06 04:11:53.968 W/.apps.messaging( 3876): Missing inline cache for java.lang.Object dyij.apply(java.lang.Object)
07-06 04:11:53.970 D/b/387844520( 1415): calling updateRingPath from onSizeChanged
07-06 04:11:53.970 D/b/387844520( 1415): getOutlineOffsetX: measured width = 173, mNormalizedIconSize = 159, last updated width = 173
07-06 04:11:53.979 D/InputMonitorCompat( 1415): Input event receiver for monitor (minus-one-disp0) disposed
07-06 04:11:53.980 D/InputMonitorCompat( 1415): Input monitor (minus-one-disp0) disposed
07-06 04:11:53.980 D/TISBindHelper( 1415): TIS service connected
07-06 04:11:53.980 D/TaskbarManager( 1415): setActivity: mActivity=null displayId=0 isDefaultDisplay=true
07-06 04:11:53.980 D/TaskbarManager( 1415): setActivity: registering activity lifecycle callbacks. displayId=0 isDefaultDisplay=true
07-06 04:11:53.980 D/TaskbarManager( 1415): getUnfoldTransitionProgressProviderForActivity displayId=0 isDefaultDisplay=true
07-06 04:11:53.980 D/TaskbarManager( 1415): setRecentsViewContainer displayId=0 isDefaultDisplay=true
07-06 04:11:53.981 D/TaskbarManager( 1415): createTaskbarUIControllerForRecentsViewContainer displayId=0 isDefaultDisplay=true
07-06 04:11:53.983 D/LauncherBinder( 1415): Calling onCompleteSignal
07-06 04:11:53.983 D/ViewOnDrawExecutor( 1415): markCompleted: executing tasks
07-06 04:11:53.985 D/ActivityAllAppsContainerView( 1415): rebindAdapters: force: false
07-06 04:11:53.985 D/ActivityAllAppsContainerView( 1415): rebindAdapters: Not needed.
07-06 04:11:53.987 I/ActivityTaskManager( 685): Activity reported stop, but no longer stopping: ActivityRecord{39877619 u0 com.google.android.apps.nexuslauncher/.NexusLauncherActivity t6} STOPPED
07-06 04:11:54.006 V/WindowManagerShell( 1132): onTransitionReady(transaction=2942052598326)
07-06 04:11:54.007 V/WindowManagerShell( 1132): onTransitionReady (#16) android.os.BinderProxy@c721e3e: {id=16 t=CLOSE f=0x0 trk=0 r=[] c=[]}
07-06 04:11:54.008 V/WindowManager( 685): Sent Transition (#16) createdAt=07-06 04:11:52.946 via request=TransitionRequestInfo { type = CLOSE, triggerTask = null, pipChange = null, remoteTransition = RemoteTransition { remoteTransition = android.window.IRemoteTransition$Stub$Proxy@644911d, appThread = null, debugName = TaskFragmentComponent }, displayChange = null, flags = 0, debugId = 16 }
07-06 04:11:54.008 V/WindowManager( 685): startWCT=WindowContainerTransaction { changes= {} hops= [] errorCallbackToken=null taskFragmentOrganizer=null }
07-06 04:11:54.008 V/WindowManager( 685): info={id=16 t=CLOSE f=0x0 trk=0 r=[] c=[]}
07-06 04:11:54.008 V/WindowManagerShell( 1132): No transition roots in (#16) android.os.BinderProxy@c721e3e@0 so abort
07-06 04:11:54.009 D/TaskFragmentComponent( 1415): release and clear taskSurface
07-06 04:11:54.011 V/WindowManagerShell( 1132): Transition animation finished (aborted=true), notifying core (#16) android.os.BinderProxy@c721e3e@0
07-06 04:11:54.029 V/WindowManagerShell( 1132): Track 0 became idle
07-06 04:11:54.029 V/WindowManagerShell( 1132): All active transition animations finished
07-06 04:11:54.029 V/WindowManagerShell( 1132): Transition requested (#17): android.os.BinderProxy@db1b716 TransitionRequestInfo { type = CHANGE, triggerTask = null, pipChange = null, remoteTransition = RemoteTransition { remoteTransition = android.window.IRemoteTransition$Stub$Proxy@b77d897, appThread = null, debugName = TaskFragmentComponent }, displayChange = null, flags = 0, debugId = 17 }
07-06 04:11:54.030 V/WindowManagerShell( 1132): RemoteTransition directly requested for (#17) android.os.BinderProxy@db1b716: RemoteTransition { remoteTransition = android.window.IRemoteTransition$Stub$Proxy@b77d897, appThread = null, debugName = TaskFragmentComponent }
07-06 04:11:54.030 V/WindowManagerShell( 1132): Transition (#17): request handled by RemoteTransitionHandler
07-06 04:11:54.030 D/BackgroundInstallControlService( 685): Package event received: 0
07-06 04:11:54.031 V/WindowManager( 685): Finish Transition (#16): created at
07-06 04:11:52.946 collect-started=0.223ms request-sent=42.4ms started=74.835ms ready=1050.487ms sent=1059.613ms commit=10.265ms finished=1081.437ms
07-06 04:11:54.034 D/TaskFragmentComponent( 1415): Setting valid task fragment surface control in TYPE_TASK_FRAGMENT_APPEARED
07-06 04:11:54.037 D/eatg ( 3876): Starting download: https://c.tenor.com/ef41wTywedgAAAAk/tenor.gif
07-06 04:11:54.037 V/eatg ( 3876): Is http uri, downloading (uri: https://c.tenor.com/ef41wTywedgAAAAk/tenor.gif)
07-06 04:11:54.048 I/BpBinder( 552): onLastStrongRef automatically unlinking death recipients:
07-06 04:11:54.048 V/WindowManager( 685): Queueing transition: TransitionRecord{19e2219 id=-1 type=CLOSE flags=0x0}
07-06 04:11:54.075 V/WindowManagerShell( 1132): onTransitionReady(transaction=2942052598338)
07-06 04:11:54.077 V/WindowManagerShell( 1132): onTransitionReady (#17) android.os.BinderProxy@db1b716: {id=17 t=CHANGE f=0x0 trk=1 r=[] c=[]}
07-06 04:11:54.078 V/WindowManagerShell( 1132): No transition roots in (#17) android.os.BinderProxy@db1b716@1 so abort
07-06 04:11:54.079 V/WindowManagerShell( 1132): Transition animation finished (aborted=true), notifying core (#17) android.os.BinderProxy@db1b716@1
07-06 04:11:54.083 V/WindowManager( 685): Sent Transition (#17) createdAt=07-06 04:11:53.864 via request=TransitionRequestInfo { type = CHANGE, triggerTask = null, pipChange = null, remoteTransition = RemoteTransition { remoteTransition = android.window.IRemoteTransition$Stub$Proxy@70e52de, appThread = null, debugName = TaskFragmentComponent }, displayChange = null, flags = 0, debugId = 17 }
07-06 04:11:54.083 V/WindowManagerShell( 1132): Track 1 became idle
07-06 04:11:54.083 V/WindowManager( 685): startWCT=WindowContainerTransaction { changes= {} hops= [] errorCallbackToken=null taskFragmentOrganizer=null }
07-06 04:11:54.083 V/WindowManager( 685): info={id=17 t=CHANGE f=0x0 trk=1 r=[] c=[]}
07-06 04:11:54.083 D/eatg ( 3876): Starting download: https://c.tenor.com/Q-QaNnhrdpMAAAAk/tenor.gif
07-06 04:11:54.083 V/WindowManager( 685): Finish Transition (#17): created at
07-06 04:11:53.864 collect-started=142.395ms request-sent=162.511ms started=173.633ms ready=205.155ms sent=205.699ms commit=12.525ms finished=216.517ms
07-06 04:11:54.083 V/eatg ( 3876): Is http uri, downloading (uri: https://c.tenor.com/Q-QaNnhrdpMAAAAk/tenor.gif)
07-06 04:11:54.083 V/WindowManagerShell( 1132): All active transition animations finished
07-06 04:11:54.084 V/WindowManagerShell( 1132): Transition requested (#18): android.os.BinderProxy@1cf6a84 TransitionRequestInfo { type = CLOSE, triggerTask = null, pipChange = null, remoteTransition = RemoteTransition { remoteTransition = android.window.IRemoteTransition$Stub$Proxy@ddcc26d, appThread = null, debugName = TaskFragmentComponent }, displayChange = null, flags = 0, debugId = 18 }
07-06 04:11:54.084 V/WindowManagerShell( 1132): RemoteTransition directly requested for (#18) android.os.BinderProxy@1cf6a84: RemoteTransition { remoteTransition = android.window.IRemoteTransition$Stub$Proxy@ddcc26d, appThread = null, debugName = TaskFragmentComponent }
07-06 04:11:54.084 V/WindowManagerShell( 1132): Transition (#18): request handled by RemoteTransitionHandler
07-06 04:11:54.088 I/BpBinder( 552): onLastStrongRef automatically unlinking death recipients:
07-06 04:11:54.089 V/WindowManagerShell( 1132): onTransitionReady(transaction=2942052598347)
07-06 04:11:54.091 V/WindowManager( 685): Sent Transition (#18) createdAt=07-06 04:11:54.048 via request=TransitionRequestInfo { type = CLOSE, triggerTask = null, pipChange = null, remoteTransition = RemoteTransition { remoteTransition = android.window.IRemoteTransition$Stub$Proxy@40d1cbf, appThread = null, debugName = TaskFragmentComponent }, displayChange = null, flags = 0, debugId = 18 }
07-06 04:11:54.091 V/WindowManager( 685): startWCT=WindowContainerTransaction { changes= {} hops= [] errorCallbackToken=null taskFragmentOrganizer=null }
07-06 04:11:54.091 V/WindowManager( 685): info={id=18 t=CLOSE f=0x0 trk=2 r=[] c=[]}
07-06 04:11:54.091 V/WindowManagerShell( 1132): onTransitionReady (#18) android.os.BinderProxy@1cf6a84: {id=18 t=CLOSE f=0x0 trk=2 r=[] c=[]}
07-06 04:11:54.091 V/WindowManagerShell( 1132): No transition roots in (#18) android.os.BinderProxy@1cf6a84@2 so abort
07-06 04:11:54.091 V/WindowManagerShell( 1132): Transition animation finished (aborted=true), notifying core (#18) android.os.BinderProxy@1cf6a84@2
07-06 04:11:54.093 V/WindowManager( 685): Finish Transition (#18): created at
07-06 04:11:54.048 collect-started=24.442ms request-sent=28.786ms started=37.032ms ready=37.003ms sent=40.663ms finished=43.215ms
07-06 04:11:54.093 V/WindowManagerShell( 1132): Track 2 became idle
07-06 04:11:54.093 V/WindowManagerShell( 1132): All active transition animations finished
07-06 04:11:54.094 I/BpBinder( 552): onLastStrongRef automatically unlinking death recipients:
07-06 04:11:54.171 D/eatg ( 3876): Starting download: https://c.tenor.com/XL-Oqt3d6NcAAAAk/tenor.gif
07-06 04:11:54.171 V/eatg ( 3876): Is http uri, downloading (uri: https://c.tenor.com/XL-Oqt3d6NcAAAAk/tenor.gif)
07-06 04:11:54.215 D/eatg ( 3876): Starting download: https://c.tenor.com/IjU5mwLSBB8AAAAk/tenor.gif
07-06 04:11:54.215 V/eatg ( 3876): Is http uri, downloading (uri: https://c.tenor.com/IjU5mwLSBB8AAAAk/tenor.gif)
07-06 04:11:54.260 I/DropBoxManagerService( 685): add tag=system_app_strictmode isTagEnabled=true flags=0x2
07-06 04:11:54.265 D/eatg ( 3876): Starting download: https://c.tenor.com/z-FczidyrWEAAAAk/tenor.gif
07-06 04:11:54.265 V/eatg ( 3876): Is http uri, downloading (uri: https://c.tenor.com/z-FczidyrWEAAAAk/tenor.gif)
07-06 04:11:54.312 E/TaskPersister( 685): File error accessing recents directory (directory doesn't exist?).
07-06 04:11:54.321 D/eatg ( 3876): Starting download: https://c.tenor.com/sRGmaFiObpEAAAAk/tenor.gif
07-06 04:11:54.321 V/eatg ( 3876): Is http uri, downloading (uri: https://c.tenor.com/sRGmaFiObpEAAAAk/tenor.gif)
07-06 04:11:54.396 D/eatg ( 3876): Starting download: https://c.tenor.com/99ocPzxp960AAAAk/tenor.gif
07-06 04:11:54.396 V/eatg ( 3876): Is http uri, downloading (uri: https://c.tenor.com/99ocPzxp960AAAAk/tenor.gif)
07-06 04:11:54.427 D/eatg ( 3876): Starting download: https://c.tenor.com/CqsQZ7nURzQAAAAk/tenor.gif
07-06 04:11:54.427 V/eatg ( 3876): Is http uri, downloading (uri: https://c.tenor.com/CqsQZ7nURzQAAAAk/tenor.gif)
07-06 04:11:54.489 D/eatg ( 3876): Starting download: https://c.tenor.com/vTq_MrD5b1kAAAAk/tenor.gif
07-06 04:11:54.489 V/eatg ( 3876): Is http uri, downloading (uri: https://c.tenor.com/vTq_MrD5b1kAAAAk/tenor.gif)
07-06 04:11:54.531 D/eatg ( 3876): Starting download: https://c.tenor.com/agHN4oO4YH8AAAAk/tenor.gif
07-06 04:11:54.531 V/eatg ( 3876): Is http uri, downloading (uri: https://c.tenor.com/agHN4oO4YH8AAAAk/tenor.gif)
07-06 04:11:54.561 I/avrd ( 1815): (REDACTED) Starting %s background task %s.
07-06 04:11:54.585 D/eatg ( 3876): Starting download: https://c.tenor.com/RZuBKuhsZ38AAAAk/tenor.gif
07-06 04:11:54.585 V/eatg ( 3876): Is http uri, downloading (uri: https://c.tenor.com/RZuBKuhsZ38AAAAk/tenor.gif)
07-06 04:11:54.600 D/eatg ( 3876): Starting download: https://c.tenor.com/luqCk8KoEe0AAAAk/tenor.gif
07-06 04:11:54.600 V/eatg ( 3876): Is http uri, downloading (uri: https://c.tenor.com/luqCk8KoEe0AAAAk/tenor.gif)
07-06 04:11:54.609 I/avrd ( 1815): (REDACTED) Starting %s background task %s.
07-06 04:11:54.630 W/acsw ( 1815): Account id is not cached
07-06 04:11:54.639 W/akhw ( 1815): Refreshing not complete, unable to upload top contacts.
07-06 04:11:54.641 W/achh ( 1815): Abort, client detached.
07-06 04:11:54.649 I/avrd ( 1815): (REDACTED) Starting %s background task %s.
07-06 04:11:54.665 D/eatg ( 3876): Starting download: https://c.tenor.com/3Tn6HUzAc4YAAAAk/tenor.gif
07-06 04:11:54.665 V/eatg ( 3876): Is http uri, downloading (uri: https://c.tenor.com/3Tn6HUzAc4YAAAAk/tenor.gif)
07-06 04:11:54.667 D/eatg ( 3876): Starting download: https://c.tenor.com/l1-dLn8nwooAAAAk/tenor.gif
07-06 04:11:54.667 V/eatg ( 3876): Is http uri, downloading (uri: https://c.tenor.com/l1-dLn8nwooAAAAk/tenor.gif)
07-06 04:11:54.695 W/achh ( 1815): Abort, client detached.
07-06 04:11:54.714 W/JobScheduler( 685): Job didn't exist in JobStore: 812f207 #u0a147/-49 com.google.android.googlequicksearchbox/com.google.android.apps.gsa.tasks.BackgroundTasksJobService
07-06 04:11:54.721 I/avrd ( 1815): (REDACTED) Starting %s background task %s.
07-06 04:11:54.723 D/eatg ( 3876): Starting download: https://c.tenor.com/STreKj-4BGcAAAAk/tenor.gif
07-06 04:11:54.723 V/eatg ( 3876): Is http uri, downloading (uri: https://c.tenor.com/STreKj-4BGcAAAAk/tenor.gif)
07-06 04:11:54.741 D/eatg ( 3876): Starting download: https://c.tenor.com/_Maixn5KBNwAAAAk/tenor.gif
07-06 04:11:54.742 V/eatg ( 3876): Is http uri, downloading (uri: https://c.tenor.com/_Maixn5KBNwAAAAk/tenor.gif)
07-06 04:11:54.746 W/achh ( 1815): Abort, client detached.
07-06 04:11:54.761 I/avrd ( 1815): (REDACTED) Starting %s background task %s.
07-06 04:11:54.776 I/sig ( 1815): Uploading hotword settings to server.
07-06 04:11:54.778 I/sey ( 1815): (REDACTED) Attempting to cache the data for corpora %s.
07-06 04:11:54.780 W/achh ( 1815): Abort, client detached.
07-06 04:11:54.791 I/avrd ( 1815): (REDACTED) Starting %s background task %s.
07-06 04:11:54.794 W/achh ( 1815): Abort, client detached.
07-06 04:11:54.795 I/sey ( 1815): (REDACTED) Attempting to cache the data for corpora %s.
07-06 04:11:54.800 D/eatg ( 3876): Starting download: https://c.tenor.com/hzhDGN_TxvsAAAAk/tenor.gif
07-06 04:11:54.800 V/eatg ( 3876): Is http uri, downloading (uri: https://c.tenor.com/hzhDGN_TxvsAAAAk/tenor.gif)
07-06 04:11:54.824 D/eatg ( 3876): Starting download: https://c.tenor.com/VD1rHu4QFj8AAAAk/tenor.gif
07-06 04:11:54.824 V/eatg ( 3876): Is http uri, downloading (uri: https://c.tenor.com/VD1rHu4QFj8AAAAk/tenor.gif)
07-06 04:11:54.828 I/avrd ( 1815): (REDACTED) Starting %s background task %s.
07-06 04:11:54.831 I/avrd ( 1815): (REDACTED) Starting %s background task %s.
07-06 04:11:54.831 W/screencap( 4819): Thread Pool max thread count is 0. Cannot cache binder as linkToDeath cannot be implemented. serviceName: SurfaceFlingerAIDL
07-06 04:11:54.831 W/BpBinder( 4819): Linking to death on android.gui.ISurfaceComposer but there are no threads (yet?) listening to incoming transactions. See ProcessState::startThreadPool and ProcessState::setThreadPoolMaxThreadCount. Generally you should setup the binder threadpool before other initialization steps.
07-06 04:11:54.831 W/ProcessState( 4819): Extra binder thread started, but 0 threads requested. Do not use *startThreadPool when zero threads are requested.
07-06 04:11:54.841 E/HwcComposer( 552): getLuts failed Status(-8, EX_SERVICE_SPECIFIC): '8: '
07-06 04:11:54.841 E/HWComposer( 552): getLuts: getLuts failed for display 4619827259835644672: UNSUPPORTED (8)
07-06 04:11:54.843 W/achh ( 1815): Abort, client detached.
07-06 04:11:54.859 I/avrd ( 1815): (REDACTED) Starting %s background task %s.
07-06 04:11:54.864 I/sey ( 1815): (REDACTED) Attempting to cache the data for corpora %s.
07-06 04:11:54.867 W/achh ( 1815): Abort, client detached.
07-06 04:11:54.871 I/sgv ( 1815): (REDACTED) No accounts found for %s, not syncing anything.
07-06 04:11:54.891 I/avrd ( 1815): (REDACTED) Starting %s background task %s.
07-06 04:11:54.892 I/avrd ( 1815): (REDACTED) Starting %s background task %s.
07-06 04:11:54.893 D/eatg ( 3876): Starting download: https://c.tenor.com/EcqqMuywqtYAAAAk/tenor.gif
07-06 04:11:54.893 V/eatg ( 3876): Is http uri, downloading (uri: https://c.tenor.com/EcqqMuywqtYAAAAk/tenor.gif)
07-06 04:11:54.899 D/eatg ( 3876): Starting download: https://c.tenor.com/W-Iql1HiBmMAAAAk/tenor.gif
07-06 04:11:54.899 V/eatg ( 3876): Is http uri, downloading (uri: https://c.tenor.com/W-Iql1HiBmMAAAAk/tenor.gif)
07-06 04:11:54.899 W/achh ( 1815): Abort, client detached.
07-06 04:11:55.385 I/servicemanager( 0): Caller(pid=4819,uid=2000,sid=u:r:shell:s0) Found android.hardware.graphics.allocator.IAllocator/default in device VINTF manifest.
07-06 04:11:55.434 I/servicemanager( 0): Caller(pid=4819,uid=2000,sid=u:r:shell:s0) Found android.hardware.graphics.allocator.IAllocator/default in device VINTF manifest.
07-06 04:11:54.904 I/netd ( 472): tetherGetStats() -> {[]} <0.93ms>
07-06 04:11:54.916 I/avrd ( 1815): (REDACTED) Starting %s background task %s.
07-06 04:11:54.918 W/achh ( 1815): Abort, client detached.
07-06 04:11:54.932 I/avrd ( 1815): (REDACTED) Starting %s background task %s.
07-06 04:11:55.452 I/servicemanager( 0): Caller(pid=4819,uid=2000,sid=u:r:shell:s0) Found mapper/ranchu in device VINTF manifest.
07-06 04:11:54.966 W/achh ( 1815): Abort, client detached.
07-06 04:11:54.971 D/eatg ( 3876): Starting download: https://c.tenor.com/MHwuNDTmeV8AAAAk/tenor.gif
07-06 04:11:54.971 V/eatg ( 3876): Is http uri, downloading (uri: https://c.tenor.com/MHwuNDTmeV8AAAAk/tenor.gif)
07-06 04:11:54.974 I/netd ( 472): bandwidthSetGlobalAlert(2097152) <0.59ms>
07-06 04:11:55.028 D/ActivityManager( 685): freezing 2550 com.google.android.apps.wallpaper
07-06 04:11:55.507 I/logd ( 0): logdr: UID=10216 GID=10216 PID=4812 n tail=500 logMask=8 pid=4752 start=0ns deadline=0ns
07-06 04:11:55.069 D/InetDiagMessage( 685): Destroyed 0 sockets, proto=IPPROTO_TCP, family=AF_INET, states=14
07-06 04:11:55.099 D/eatg ( 3876): Starting download: https://c.tenor.com/ail0OXAQNjIAAAAk/tenor.gif
07-06 04:11:55.099 V/eatg ( 3876): Is http uri, downloading (uri: https://c.tenor.com/ail0OXAQNjIAAAAk/tenor.gif)
07-06 04:11:55.100 D/InetDiagMessage( 685): Destroyed 0 sockets, proto=IPPROTO_TCP, family=AF_INET6, states=14
07-06 04:11:55.100 D/InetDiagMessage( 685): Destroyed live tcp sockets for uids={10186} in 33ms
07-06 04:11:55.107 D/eatg ( 3876): Starting download: https://c.tenor.com/zgUM2urQsFwAAAAk/tenor.gif
07-06 04:11:55.107 V/eatg ( 3876): Is http uri, downloading (uri: https://c.tenor.com/zgUM2urQsFwAAAAk/tenor.gif)
07-06 04:11:55.618 I/logd ( 0): logdr: UID=10216 GID=10216 PID=4812 n tail=500 logMask=1 pid=4752 start=0ns deadline=0ns
07-06 04:11:55.143 I/netd ( 472): bandwidthRemoveInterfaceQuota(eth0) <2.38ms>
07-06 04:11:55.151 I/netd ( 472): bandwidthSetInterfaceQuota(eth0, 9223372036854775807) <0.71ms>
07-06 04:11:55.155 F/DEBUG ( 4812): *** *** *** *** *** *** *** *** *** *** *** *** *** *** *** ***
07-06 04:11:55.157 F/DEBUG ( 4812): Build fingerprint: 'google/sdk_gphone64_x86_64/emu64xa:16/BE2A.250530.026.F3/13894323:userdebug/dev-keys'
07-06 04:11:55.157 F/DEBUG ( 4812): Revision: '0'
07-06 04:11:55.158 F/DEBUG ( 4812): ABI: 'x86_64'
07-06 04:11:55.158 F/DEBUG ( 4812): Timestamp: 2026-07-06 04:11:53.467893445+0900
07-06 04:11:55.158 F/DEBUG ( 4812): Process uptime: 4s
07-06 04:11:55.158 F/DEBUG ( 4812): Cmdline: store.rayp.securenotes
07-06 04:11:55.158 F/DEBUG ( 4812): pid: 4752, tid: 4779, name: mqt_v_js >>> store.rayp.securenotes <<<
07-06 04:11:55.158 F/DEBUG ( 4812): uid: 10216
07-06 04:11:55.158 F/DEBUG ( 4812): signal 6 (SIGABRT), code -1 (SI_QUEUE), fault addr --------
07-06 04:11:55.158 F/DEBUG ( 4812): Abort message: 'terminating due to uncaught exception of type facebook::jni::JniException: com.facebook.react.common.JavascriptException: [runtime not ready]: TypeError: Cannot read property 'S' of undefined, stack:
07-06 04:11:55.158 F/DEBUG ( 4812): anonymous@1:74517
07-06 04:11:55.158 F/DEBUG ( 4812): loadModuleImplementation@1:231602
07-06 04:11:55.158 F/DEBUG ( 4812): guardedLoadModule@1:231233
07-06 04:11:55.158 F/DEBUG ( 4812): metroRequire@1:230581
07-06 04:11:55.158 F/DEBUG ( 4812): anonymous@1:58047
07-06 04:11:55.158 F/DEBUG ( 4812): loadModuleImplementation@1:231602
07-06 04:11:55.158 F/DEBUG ( 4812): guardedLoadModule@1:231233
07-06 04:11:55.158 F/DEBUG ( 4812): metroRequire@1:230581
07-06 04:11:55.158 F/DEBUG ( 4812): anonymous@1:56519
07-06 04:11:55.158 F/DEBUG ( 4812): loadModuleImplementation@1:231602
07-06 04:11:55.158 F/DEBUG ( 4812): guardedLoadModule@1:231233
07-06 04:11:55.158 F/DEBUG ( 4812): metroRequire@1:230581
07-06 04:11:55.158 F/DEBUG ( 4812): anonymous@1:56098
07-06 04:11:55.158 F/DEBUG ( 4812): loadModuleImplementation@1:231602
07-06 04:11:55.158 F/DEBUG ( 4812): guardedLoadModule@1:231233
07-06 04:11:55.158 F/DEBUG ( 4812): metroRequire@1:230581
07-06 04:11:55.158 F/DEBUG ( 4812): anonymous@1:110782
07-06 04:11:55.158 F/DEBUG ( 4812): loadModuleImplementation@1:231602
07-06 04:11:55.158 F/DEBUG ( 4812): guardedLoadModule@1:231233
07-06 04:11:55.158 F/DEBUG ( 4812): metroRequire@1:230581
07-06 04:11:55.158 F/DEBUG ( 4812): anonymous@1:109720
07-06 04:11:55.158 F/DEBUG ( 4812): loadModuleImplementation@1:231602
07-06 04:11:55.158 F/DEBUG ( 4812): guardedLoadModule@1:231233
07-06 04:11:55.158 F/DEBUG ( 4812): metroRequire@1:230581
07-06 04:11:55.158 F/DEBUG ( 4812): anonymous@1:109433
07-06 04:11:55.158 F/DEBUG ( 4812): loadModuleImplementation@1:231602
07-06 04:11:55.158 F/DEBUG ( 4812): guardedLoadModule@1:231233
07-06 04:11:55.158 F/DEBUG ( 4812): metroRequire@1:230581
07-06 04:11:55.158 F/DEBUG ( 4812): anonymous@1:109288
07-06 04:11:55.158 F/DEBUG ( 4812): loadModuleImplementation@1:231602
07-06 04:11:55.158 F/DEBUG ( 4812): guardedLoadModule@1:231233
07-06 04:11:55.158 F/DEBUG ( 4812): metroRequire@1:230581
07-06 04:11:55.158 F/DEBUG ( 4812): get Animated@1:238978
07-06 04:11:55.158 F/DEBUG ( 4812): anonymous@1:201103
07-06 04:11:55.158 F/DEBUG ( 4812): loadModuleImplementation@1:231602
07-06 04:11:55.158 F/DEBUG ( 4812): guardedLoadModule@1:231233
07-06 04:11:55.158 F/DEBUG ( 4812): metroRequire@1:230581
07-06 04:11:55.158 F/DEBUG ( 4812): anonymous@1:200802
07-06 04:11:55.158 F/DEBUG ( 4812): loadModuleImplementation@1:231602
07-06 04:11:55.158 F/DEBUG ( 4812): guardedLoadModule@1:231233
07-06 04:11:55.158 F/DEBUG ( 4812): metroRequire@1:230581
07-06 04:11:55.158 F/DEBUG ( 4812): anonymous@1:194804
07-06 04:11:55.158 F/DEBUG ( 4812): loadModuleImplementation@1:231602
07-06 04:11:55.158 F/DEBUG ( 4812): guardedLoadModule@1:231233
07-06 04:11:55.158 F/DEBUG ( 4812): metroRequire@1:230581
07-06 04:11:55.158 F/DEBUG ( 4812): anonymous@1:193246
07-06 04:11:55.158 F/DEBUG ( 4812): loadModuleImplementation@1:231602
07-06 04:11:55.158 F/DEBUG ( 4812): guardedLoadModule@1:231233
07-06 04:11:55.158 F/DEBUG ( 4812): metroRequire@1:230581
07-06 04:11:55.158 F/DEBUG ( 4812): anonymous@1:193142
07-06 04:11:55.158 F/DEBUG ( 4812): loadModuleImplementation@1:231602
07-06 04:11:55.158 F/DEBUG ( 4812): guardedLoadModule@1:231233
07-06 04:11:55.158 F/DEBUG ( 4812): metroRequire@1:230581
07-06 04:11:55.158 F/DEBUG ( 4812): anonymous@1:192900
07-06 04:11:55.158 F/DEBUG ( 4812): loadModuleImplementation@1:231602
07-06 04:11:55.158 F/DEBUG ( 4812): guardedLoadModule@1:231233
07-06 04:11:55.158 F/DEBUG ( 4812): metroRequire@1:230581
07-06 04:11:55.158 F/DEBUG ( 4812): anonymous@1:169592
07-06 04:11:55.158 F/DEBUG ( 4812): loadModuleImplementation@1:231602
07-06 04:11:55.158 F/DEBUG ( 4812): guardedLoadModule@1:231233
07-06 04:11:55.158 F/DEBUG ( 4812): metroRequire@1:230581
07-06 04:11:55.158 F/DEBUG ( 4812): anonymous@1:31755
07-06 04:11:55.158 F/DEBUG ( 4812): loadModuleImplementation@1:231602
07-06 04:11:55.158 F/DEBUG ( 4812): guardedLoadModule@1:231191
07-06 04:11:55.158 F/DEBUG ( 4812): metroRequire@1:230581
07-06 04:11:55.158 F/DEBUG ( 4812): global@1:31530
07-06 04:11:55.158 F/DEBUG ( 4812):
07-06 04:11:55.158 F/DEBUG ( 4812): at com.facebook.react.modules.core.ExceptionsManagerModule.reportException(ExceptionsManagerModule.kt:52)
07-06 04:11:55.158 F/DEBUG ( 4812): at com.facebook.react.runtime.ReactInstance$ReactJsExceptionHandlerImpl.reportJsException(ReactInstance.kt:303)
07-06 04:11:55.158 F/DEBUG ( 4812): at com.facebook.jni.NativeRunnable.run(Native Method)
07-06 04:11:55.158 F/DEBUG ( 4812): at android.os.Handler.handleCallback(Handler.java:995)
07-06 04:11:55.158 F/DEBUG ( 4812): at android.os.Handler.dispatchMessage(Handler.java:103)
07-06 04:11:55.158 F/DEBUG ( 4812): at com.facebook.react.bridge.queue.MessageQueueThreadHandler.dispatchMessage(MessageQueueThreadHandler.kt:21)
07-06 04:11:55.158 F/DEBUG ( 4812): at android.os.Looper.loopOnce(Looper.java:248)
07-06 04:11:55.158 F/DEBUG ( 4812): at android.os.Looper.loop(Looper.java:338)
07-06 04:11:55.158 F/DEBUG ( 4812): at com.facebook.react.bridge.queue.MessageQueueThreadImpl$Companion.startNewBackgroundThread$lambda$0(MessageQueueThreadImpl.kt:152)
07-06 04:11:55.158 F/DEBUG ( 4812): at com.facebook.react.bridge.queue.MessageQueueThreadImpl$Companion.$r8$lambda$YYXYCFexeoKtAeDpeNYkxZZlpbA(Unknown Source:0)
07-06 04:11:55.158 F/DEBUG ( 4812): at com.facebook.react.bridge.queue.MessageQueueThreadImpl$Companion$$ExternalSyntheticLambda0.run(D8$$SyntheticClass:0)
07-06 04:11:55.158 F/DEBUG ( 4812): at java.lang.Thread.run(Thread.java:1119)'
07-06 04:11:55.158 F/DEBUG ( 4812): rax 0000000000000000 rbx 0000000000001290 rcx 00007c22b48cc424 rdx 0000000000000006
07-06 04:11:55.159 F/DEBUG ( 4812): r8 0000000000000000 r9 0000000000000000 r10 00007c1f7541ecb0 r11 0000000000000207
07-06 04:11:55.159 F/DEBUG ( 4812): r12 00007c1f7541ee70 r13 0000003000000008 r14 00000000000012ab r15 00007c1f7541ed90
07-06 04:11:55.159 F/DEBUG ( 4812): rdi 0000000000001290 rsi 00000000000012ab
07-06 04:11:55.159 F/DEBUG ( 4812): rbp 00007c1f7541ed50 rsp 00007c1f7541ecb0 rip 00007c22b48cc424
07-06 04:11:55.159 F/DEBUG ( 4812): 47 total frames
07-06 04:11:55.159 F/DEBUG ( 4812): backtrace:
07-06 04:11:55.159 F/DEBUG ( 4812): #00 pc 000000000006a424 /apex/com.android.runtime/lib64/bionic/libc.so (abort+196) (BuildId: fcb82240218d1473de1e3d2137c0be35)
07-06 04:11:55.159 F/DEBUG ( 4812): #01 pc 000000000009dc6f /data/app/~~o6-6xZRClbeFuxgaP6qBAw==/store.rayp.securenotes-u5peKVvT9fOhngEmEVIJng==/base.apk!libc++_shared.so (offset 0x3a4c000) (BuildId: 734ab2eaa203afbb89147d313e46146617bd1a2c)
07-06 04:11:55.159 F/DEBUG ( 4812): #02 pc 000000000009cb0a /data/app/~~o6-6xZRClbeFuxgaP6qBAw==/store.rayp.securenotes-u5peKVvT9fOhngEmEVIJng==/base.apk!libc++_shared.so (offset 0x3a4c000) (BuildId: 734ab2eaa203afbb89147d313e46146617bd1a2c)
07-06 04:11:55.160 F/DEBUG ( 4812): #03 pc 000000000009cf12 /data/app/~~o6-6xZRClbeFuxgaP6qBAw==/store.rayp.securenotes-u5peKVvT9fOhngEmEVIJng==/base.apk!libc++_shared.so (offset 0x3a4c000) (BuildId: 734ab2eaa203afbb89147d313e46146617bd1a2c)
07-06 04:11:55.160 F/DEBUG ( 4812): #04 pc 000000000009cec7 /data/app/~~o6-6xZRClbeFuxgaP6qBAw==/store.rayp.securenotes-u5peKVvT9fOhngEmEVIJng==/base.apk!libc++_shared.so (offset 0x3a4c000) (std::terminate()+55) (BuildId: 734ab2eaa203afbb89147d313e46146617bd1a2c)
07-06 04:11:55.160 F/DEBUG ( 4812): #05 pc 00000000002b86ca /data/app/~~o6-6xZRClbeFuxgaP6qBAw==/store.rayp.securenotes-u5peKVvT9fOhngEmEVIJng==/base.apk!libreactnative.so (offset 0x4414000) (BuildId: fb37929069bbb8a0c5a6aa05ad295c611239b94b)
07-06 04:11:55.160 F/DEBUG ( 4812): #06 pc 000000000058e38f /data/app/~~o6-6xZRClbeFuxgaP6qBAw==/store.rayp.securenotes-u5peKVvT9fOhngEmEVIJng==/base.apk!libreactnative.so (offset 0x4414000) (BuildId: fb37929069bbb8a0c5a6aa05ad295c611239b94b)
07-06 04:11:55.160 F/DEBUG ( 4812): #07 pc 000000000031d7e1 /data/app/~~o6-6xZRClbeFuxgaP6qBAw==/store.rayp.securenotes-u5peKVvT9fOhngEmEVIJng==/base.apk!libreactnative.so (offset 0x4414000) (facebook::react::JsErrorHandler::handleErrorWithCppPipeline(facebook::jsi::Runtime&, facebook::jsi::JSError&, bool, bool)+8769) (BuildId: fb37929069bbb8a0c5a6aa05ad295c611239b94b)
07-06 04:11:55.160 F/DEBUG ( 4812): #08 pc 000000000031b242 /data/app/~~o6-6xZRClbeFuxgaP6qBAw==/store.rayp.securenotes-u5peKVvT9fOhngEmEVIJng==/base.apk!libreactnative.so (offset 0x4414000) (facebook::react::JsErrorHandler::handleError(facebook::jsi::Runtime&, facebook::jsi::JSError&, bool, bool)+1378) (BuildId: fb37929069bbb8a0c5a6aa05ad295c611239b94b)
07-06 04:11:55.160 F/DEBUG ( 4812): #09 pc 00000000002c37d6 /data/app/~~o6-6xZRClbeFuxgaP6qBAw==/store.rayp.securenotes-u5peKVvT9fOhngEmEVIJng==/base.apk!libreactnative.so (offset 0x4414000) (BuildId: fb37929069bbb8a0c5a6aa05ad295c611239b94b)
07-06 04:11:55.160 F/DEBUG ( 4812): #10 pc 00000000000d8756 /data/app/~~o6-6xZRClbeFuxgaP6qBAw==/store.rayp.securenotes-u5peKVvT9fOhngEmEVIJng==/base.apk!libhermesvm.so (offset 0x3f40000) (BuildId: 6c2dd60da8fe53fcb3932ab474c4c46f242066d2)
07-06 04:11:55.160 F/DEBUG ( 4812): #11 pc 00000000000d8444 /data/app/~~o6-6xZRClbeFuxgaP6qBAw==/store.rayp.securenotes-u5peKVvT9fOhngEmEVIJng==/base.apk!libhermesvm.so (offset 0x3f40000) (BuildId: 6c2dd60da8fe53fcb3932ab474c4c46f242066d2)
07-06 04:11:55.160 F/DEBUG ( 4812): #12 pc 000000000019fc4d /data/app/~~o6-6xZRClbeFuxgaP6qBAw==/store.rayp.securenotes-u5peKVvT9fOhngEmEVIJng==/base.apk!libhermesvm.so (offset 0x3f40000) (BuildId: 6c2dd60da8fe53fcb3932ab474c4c46f242066d2)
07-06 04:11:55.160 F/DEBUG ( 4812): #13 pc 00000000001ac638 /data/app/~~o6-6xZRClbeFuxgaP6qBAw==/store.rayp.securenotes-u5peKVvT9fOhngEmEVIJng==/base.apk!libhermesvm.so (offset 0x3f40000) (BuildId: 6c2dd60da8fe53fcb3932ab474c4c46f242066d2)
07-06 04:11:55.161 F/DEBUG ( 4812): #14 pc 00000000001abe6c /data/app/~~o6-6xZRClbeFuxgaP6qBAw==/store.rayp.securenotes-u5peKVvT9fOhngEmEVIJng==/base.apk!libhermesvm.so (offset 0x3f40000) (BuildId: 6c2dd60da8fe53fcb3932ab474c4c46f242066d2)
07-06 04:11:55.161 F/DEBUG ( 4812): #15 pc 00000000001e3e2a /data/app/~~o6-6xZRClbeFuxgaP6qBAw==/store.rayp.securenotes-u5peKVvT9fOhngEmEVIJng==/base.apk!libhermesvm.so (offset 0x3f40000) (BuildId: 6c2dd60da8fe53fcb3932ab474c4c46f242066d2)
07-06 04:11:55.161 F/DEBUG ( 4812): #16 pc 00000000000cb2cc /data/app/~~o6-6xZRClbeFuxgaP6qBAw==/store.rayp.securenotes-u5peKVvT9fOhngEmEVIJng==/base.apk!libhermesvm.so (offset 0x3f40000) (BuildId: 6c2dd60da8fe53fcb3932ab474c4c46f242066d2)
07-06 04:11:55.162 F/DEBUG ( 4812): #17 pc 00000000000d3c9d /data/app/~~o6-6xZRClbeFuxgaP6qBAw==/store.rayp.securenotes-u5peKVvT9fOhngEmEVIJng==/base.apk!libhermesvm.so (offset 0x3f40000) (BuildId: 6c2dd60da8fe53fcb3932ab474c4c46f242066d2)
