--------- beginning of kernel
07-06 04:11:50.136 I/logd ( 0): logdr: UID=2000 GID=2000 PID=4732 b tail=0 logMask=99 pid=0 start=0ns deadline=0ns --------- beginning of main
07-06 04:11:49.700 D/BoundBrokerSvc( 1678): onUnbind: Intent { act=com.google.android.gms.chimera.container.moduleinstall.ModuleInstallService.START dat=chimera-action:/... xflg=0x4 cmp=com.google.android.gms/.chimera.GmsApiService }
07-06 04:11:49.708 D/WifiClientModeImpl[80961:wlan0]( 685): updateLinkLayerStatsRssiSpeedFrequencyCapabilities rssi=-50 TxLinkspeed=1 freq=2447 RxLinkSpeed=2
07-06 04:11:49.708 D/WifiDataStall( 685): tx tput in kbps: 11000
07-06 04:11:49.708 D/WifiDataStall( 685): rx tput in kbps: 11000
07-06 04:11:49.708 V/WifiConfigManager( 685): Updating scan detail cache freq=2447 BSSID=00:13:10:85:fe:01 RSSI=-50 for "AndroidWifi"NONE
07-06 04:11:49.708 D/WifiThroughputPredictor( 685): utilization (LLS) 80 isBluetoothConnected: false final utilization: 80
07-06 04:11:49.708 D/WifiThroughputPredictor( 685): BW: 0 RSSI: -50 Nss: 1 Mode: 1 symDur: 4000 snrDb 30 bitPerTone: 4500 rate: 54 throughput: 11
07-06 04:11:49.708 D/WifiThroughputPredictor( 685): utilization (LLS) 80 isBluetoothConnected: false final utilization: 80
07-06 04:11:49.708 D/WifiThroughputPredictor( 685): BW: 0 RSSI: -50 Nss: 1 Mode: 1 symDur: 4000 snrDb 30 bitPerTone: 4500 rate: 54 throughput: 11
07-06 04:11:49.709 D/WifiThroughputPredictor( 685): utilization (LLS) 80 isBluetoothConnected: false final utilization: 80
07-06 04:11:49.709 D/WifiThroughputPredictor( 685): BW: 0 RSSI: -50 Nss: 1 Mode: 1 symDur: 4000 snrDb 30 bitPerTone: 4500 rate: 54 throughput: 11
07-06 04:11:49.709 D/WifiThroughputPredictor( 685): utilization (LLS) 80 isBluetoothConnected: false final utilization: 80
07-06 04:11:49.709 D/WifiThroughputPredictor( 685): BW: 0 RSSI: -50 Nss: 1 Mode: 1 symDur: 4000 snrDb 30 bitPerTone: 4500 rate: 54 throughput: 11
07-06 04:11:49.709 D/WifiScoreCard( 685): BSSID update SIGNAL_POLL ID: 1192643911 SSID: "AndroidWifi", BSSID: 00:13:10:85:fe:01, MAC: 02:15:b2:00:00:00, IP: /10.0.2.16, Security type: 0, Supplicant state: COMPLETED, Wi-Fi standard: legacy, RSSI: -50, Link speed: 1Mbps, Tx Link speed: 1Mbps, Max Supported Tx Link speed: 11Mbps, Rx Link speed: 2Mbps, Max Supported Rx Link speed: 11Mbps, Frequency: 2447MHz, Net ID: 0, Metered hint: false, score: 60, isUsable: true, CarrierMerged: false, SubscriptionId: -1, IsPrimary: 1, Trusted: true, Restricted: false, Ephemeral: false, OEM paid: false, OEM private: false, OSU AP: false, FQDN: , Provider friendly name: , Requesting package name: "AndroidWifi"openMLO Information: , Is TID-To-Link negotiation supported by the AP: false, AP MLD Address: , AP MLO Link Id: , AP MLO Affiliated links: , Vendor Data:
07-06 04:11:49.709 D/WifiScoreCard( 685): txRate: 1015 txSpeed: 1
07-06 04:11:49.709 D/WifiScoreCard( 685): network update SIGNAL_POLL "AndroidWifi" ID: 1775594527 RSSI -50 txSpeed 1
07-06 04:11:49.709 D/WifiClientModeImpl[80961:wlan0]( 685): ClientModeImpl$L2ConnectedState screen=on 1 0 "AndroidWifi" 00:13:10:85:fe:01 rssi=-50 f=2447 sc=60 link=1 tx=1014.4, 0.0, 0.0 rx=2331.3 bcn=0 [on:0 tx:0 rx:0 period:3004] from screen [on:0 period:867281869] score=60
07-06 04:11:49.716 D/BoundBrokerSvc( 1678): onUnbind: Intent { act=com.google.android.gms.ocr.service.internal.START dat=chimera-action:/... xflg=0x4 cmp=com.google.android.gms/.chimera.GmsInternalApiService }
07-06 04:11:49.763 D/eatg ( 3876): Starting download: https://www.gstatic.com/messages/smarts/smart_actions_emotive_models/emotion_complete_model_replicate_winter.tflite
07-06 04:11:49.763 V/eatg ( 3876): Is http uri, downloading (uri: https://www.gstatic.com/messages/smarts/smart_actions_emotive_models/emotion_complete_model_replicate_winter.tflite)
07-06 04:11:49.765 D/eatg ( 3876): Starting download: https://www.gstatic.com/messages/smarts/smart_actions_ml_models//emotions_tflite_model_1579310142.tflite
07-06 04:11:49.765 V/eatg ( 3876): Is http uri, downloading (uri: https://www.gstatic.com/messages/smarts/smart_actions_ml_models//emotions_tflite_model_1579310142.tflite)
07-06 04:11:49.852 I/netd ( 472): tetherGetStats() -> {[]} <1.11ms>
07-06 04:11:49.856 I/netd ( 472): bandwidthSetGlobalAlert(2097152) <0.10ms>
07-06 04:11:49.899 D/BoundBrokerSvc( 1447): onUnbind: Intent { act=com.google.android.gms.tapandpay.service.BIND dat=chimera-action:/... xflg=0x4 cmp=com.google.android.gms/.chimera.PersistentApiService }
07-06 04:11:49.923 D/BoundBrokerSvc( 1678): onUnbind: Intent { act=com.google.android.gms.audit.service.START dat=chimera-action:/... xflg=0x4 cmp=com.google.android.gms/.chimera.GmsBoundBrokerService }
07-06 04:11:50.002 D/InetDiagMessage( 685): Destroyed 0 sockets, proto=IPPROTO_TCP, family=AF_INET, states=14
07-06 04:11:50.003 D/InetDiagMessage( 685): Destroyed 0 sockets, proto=IPPROTO_TCP, family=AF_INET6, states=14
07-06 04:11:50.003 D/InetDiagMessage( 685): Destroyed live tcp sockets for uids={10186} in 1ms
07-06 04:11:50.004 D/InetDiagMessage( 685): Destroyed 0 sockets, proto=IPPROTO_TCP, family=AF_INET, states=14
07-06 04:11:50.004 D/InetDiagMessage( 685): Destroyed 0 sockets, proto=IPPROTO_TCP, family=AF_INET6, states=14
07-06 04:11:50.004 D/InetDiagMessage( 685): Destroyed live tcp sockets for uids={20186} in 1ms
07-06 04:11:50.037 D/eatg ( 3876): Starting download: https://www.gstatic.com/messages/smarts/smart_actions_emotive_models/halloween_templates.pb
07-06 04:11:50.038 V/eatg ( 3876): Is http uri, downloading (uri: https://www.gstatic.com/messages/smarts/smart_actions_emotive_models/halloween_templates.pb)
07-06 04:11:50.134 I/avrd ( 1815): (REDACTED) Starting %s background task %s.
07-06 04:11:50.144 I/aukg ( 1815): Using pair HTTP connection
07-06 04:11:50.146 W/acte ( 1815): Account id is not cached
07-06 04:11:50.146 I/TapAndPay( 1447): deviceSupportsHce has detected emulator [CONTEXT service_id=79 ]
07-06 04:11:50.147 I/NetworkScheduler.Stats( 1447): Task com.google.android.gms/com.google.android.gms.tapandpay.gcmtask.TapAndPayGcmTaskService started execution. cause:4 exec_start_elapsed_seconds: 183 [CONTEXT service_id=218 ]
07-06 04:11:50.147 I/.gms.persistent( 1447): AssetManager2(0x7c218d734238) locale list changing from [] to [en-US]
07-06 04:11:50.148 I/TapAndPay( 1447): NfcAdapter is null while obtaining CardEmulation instance. [CONTEXT service_id=79 ]
07-06 04:11:50.153 I/abhp ( 1815): [Upload] Connected
07-06 04:11:50.153 I/NetworkScheduler.Stats( 1447): Task com.google.android.gms/com.google.android.gms.tapandpay.gcmtask.TapAndPayGcmTaskService finished executing. cause:4 result: 3 elapsed_millis: 12 uptime_millis: 12 exec_start_elapsed_seconds: 183 [CONTEXT service_id=218 ]
07-06 04:11:50.153 I/WifiService( 685): getWifiEnabledState uid=10147 state=3 --------- beginning of system
07-06 04:11:50.158 D/CompatChangeReporter( 685): Compat change id reported: 297989574; UID 10147; state: ENABLED
07-06 04:11:50.160 I/aukg ( 1815): Using pair HTTP connection
07-06 04:11:50.161 I/abhp ( 1815): [Upload] Connected
07-06 04:11:50.161 E/rdv ( 1815): onError
07-06 04:11:50.161 E/rdv ( 1815): afvv: errorCode: 65561, engine: 2
07-06 04:11:50.161 E/rdv ( 1815): at auki.a(PG:23)
07-06 04:11:50.161 E/rdv ( 1815): at abhl.hv(PG:13)
07-06 04:11:50.161 E/rdv ( 1815): at fyqd.e(PG:9)
07-06 04:11:50.161 E/rdv ( 1815): at ahbi.d(PG:154)
07-06 04:11:50.161 E/rdv ( 1815): at ahbi.iW(PG:26)
07-06 04:11:50.161 E/rdv ( 1815): at abhm.c(PG:102)
07-06 04:11:50.161 E/rdv ( 1815): at abhn.run(PG:1)
07-06 04:11:50.161 E/rdv ( 1815): at java.util.concurrent.Executors$RunnableAdapter.call(Executors.java:524)
07-06 04:11:50.161 E/rdv ( 1815): at java.util.concurrent.FutureTask.run(FutureTask.java:317)
07-06 04:11:50.161 E/rdv ( 1815): at aggv.run(PG:20)
07-06 04:11:50.161 E/rdv ( 1815): at aght.run(PG:3)
07-06 04:11:50.161 E/rdv ( 1815): at aght.run(PG:3)
07-06 04:11:50.161 E/rdv ( 1815): at java.util.concurrent.ThreadPoolExecutor.runWorker(ThreadPoolExecutor.java:1156)
07-06 04:11:50.161 E/rdv ( 1815): at java.util.concurrent.ThreadPoolExecutor$Worker.run(ThreadPoolExecutor.java:651)
07-06 04:11:50.161 E/rdv ( 1815): at java.lang.Thread.run(Thread.java:1119)
07-06 04:11:50.161 E/rdv ( 1815): at aggj.run(PG:42)
07-06 04:11:50.161 E/rdv ( 1815): Caused by: afvx: errorCode: 65586, engine: 2
07-06 04:11:50.161 E/rdv ( 1815): at abhl.hv(PG:6)
07-06 04:11:50.161 E/rdv ( 1815): ... 14 more
07-06 04:11:50.161 E/rdv ( 1815): Caused by: afvt: errorCode: 401, engine: 2
07-06 04:11:50.161 E/rdv ( 1815): at rds.b(PG:30)
07-06 04:11:50.161 E/rdv ( 1815): at abii.hJ(PG:11)
07-06 04:11:50.161 E/rdv ( 1815): at ahbi.d(PG:129)
07-06 04:11:50.161 E/rdv ( 1815): ... 12 more
07-06 04:11:50.163 W/qrh ( 1815): Failed to sync device settings.
07-06 04:11:50.163 I/qrh ( 1815): Retrying to sync device settings.
07-06 04:11:50.167 I/WifiService( 685): getWifiEnabledState uid=10147 state=3
07-06 04:11:50.171 W/JobInfo ( 1815): Job 'com.google.android.googlequicksearchbox/com.google.android.apps.gsa.tasks.BackgroundTasksJobService#-353' has a deadline with functional constraints and an extremely short time window of 0 ms (delay=60000, deadline=60000). The functional constraints are not likely to be satisfied when the job runs.
07-06 04:11:50.172 D/CompatChangeReporter( 685): Compat change id reported: 311402873; UID 10147; state: ENABLED
07-06 04:11:50.172 D/CompatChangeReporter( 685): Compat change id reported: 323349338; UID 10147; state: ENABLED
07-06 04:11:50.172 W/JobInfo ( 685): Job 'com.google.android.googlequicksearchbox/com.google.android.apps.gsa.tasks.BackgroundTasksJobService#-353' has a deadline with functional constraints and an extremely short time window of 0 ms (delay=60000, deadline=60000). The functional constraints are not likely to be satisfied when the job runs.
07-06 04:11:50.175 W/JobInfo ( 685): Job 'com.google.android.googlequicksearchbox/com.google.android.apps.gsa.tasks.BackgroundTasksJobService#-353' has a deadline with functional constraints and an extremely short time window of 0 ms (delay=60000, deadline=60000). The functional constraints are not likely to be satisfied when the job runs.
07-06 04:11:50.181 D/CompatChangeReporter( 685): Compat change id reported: 311208629; UID 10147; state: ENABLED
07-06 04:11:50.182 W/JobScheduler( 685): Job didn't exist in JobStore: 1188362 #u0a147/-353 com.google.android.googlequicksearchbox/com.google.android.apps.gsa.tasks.BackgroundTasksJobService
07-06 04:11:50.204 V/WifiDialogManager( 685): Received action: android.intent.action.CLOSE_SYSTEM_DIALOGS
07-06 04:11:50.204 V/WifiDialogManager( 685): ACTION_CLOSE_SYSTEM_DIALOGS received, cancelling all legacy dialogs.
07-06 04:11:50.207 D/AutofillManagerService( 685): Close system dialogs
07-06 04:11:50.215 W/ActivityTaskManager( 685): callingPackage for (uid=-1, pid=0) has no WPC
07-06 04:11:50.217 I/vol.VolumeDialogImpl( 1132): mDialog.dismiss() reason: volume_controller from: com.android.systemui.volume.VolumeDialogImpl$7.onDismissRequested:3
07-06 04:11:50.217 W/ActivityStartInterceptor( 685): Starting home with component specified, uid=0
07-06 04:11:50.227 W/OptProp ( 685): Cannot read opt property android.window.PROPERTY_COMPAT_ALLOW_USER_ASPECT_RATIO_OVERRIDE
07-06 04:11:50.227 W/OptProp ( 685): Cannot read opt property android.window.PROPERTY_COMPAT_ALLOW_USER_ASPECT_RATIO_FULLSCREEN_OVERRIDE
07-06 04:11:50.228 W/OptProp ( 685): Cannot read opt property android.window.PROPERTY_COMPAT_ALLOW_RESIZEABLE_ACTIVITY_OVERRIDES
07-06 04:11:50.229 W/OptProp ( 685): Cannot read opt property android.window.PROPERTY_COMPAT_ALLOW_MIN_ASPECT_RATIO_OVERRIDE
07-06 04:11:50.229 V/GrammaticalInflectionUtils( 685): AttributionSource: AttributionSource { uid = 10182, packageName = null, attributionTag = null, token = android.os.Binder@7266207, deviceId = 0, next = null } does not have READ_SYSTEM_GRAMMATICAL_GENDER permission.
07-06 04:11:50.243 D/KeyguardService( 1132): setOccluded(false)
07-06 04:11:50.245 W/SplitSelectStateCtor( 1415): Missing session instanceIds
07-06 04:11:50.245 D/KeyguardViewMediator( 1132): setOccluded(false)
07-06 04:11:50.245 D/StatsLog( 1415): LAUNCHER_SPLIT_SELECTION_EXIT_INTERRUPTED
07-06 04:11:50.246 D/TFOManager( 1415): playPanelCloseAnimation() duration=200 traceTag=LauncherOverlay-hide isHomeButtonTap=true
07-06 04:11:50.246 I/ActivityTaskManager( 685): START u0 {act=android.intent.action.MAIN cat=[android.intent.category.HOME] flg=0x10000100 cmp=com.google.android.apps.nexuslauncher/.NexusLauncherActivity (has extras)} with LAUNCH_SINGLE_TASK from uid 0 (BAL_ALLOW_ALLOWLISTED_UID) result code=3
07-06 04:11:50.249 D/TFOManager( 1415): Skipped creating panel close animation because -1 is invisible.
07-06 04:11:50.249 D/OverviewCommandHelper( 1415): clearing pending commands: []
07-06 04:11:50.250 D/KeyguardViewMediator( 1132): handleSetOccluded(false)
07-06 04:11:50.251 D/KeyguardViewMediator( 1132): KeyguardViewMediator queue processing message: SET_OCCLUDED
07-06 04:11:50.252 D/StatsLog( 1415): LAUNCHER_ONRESUME
07-06 04:11:50.257 D/WindowManagerShell( 1132): onActivityRestartAttempt: topActivity=ComponentInfo{com.google.android.apps.nexuslauncher/com.google.android.apps.nexuslauncher.NexusLauncherActivity}, wasVisible=true
07-06 04:11:50.261 D/eatg ( 3876): Starting download: https://www.gstatic.com/messages/smarts/smart_actions_grammars/Halloween_android.far
07-06 04:11:50.261 V/eatg ( 3876): Is http uri, downloading (uri: https://www.gstatic.com/messages/smarts/smart_actions_grammars/Halloween_android.far)
07-06 04:11:50.263 D/eatg ( 3876): Starting download: https://www.gstatic.com/messages/smarts/smart_actions_grammars/pumpkin_model_config_sticker_halloween.pb
07-06 04:11:50.263 V/eatg ( 3876): Is http uri, downloading (uri: https://www.gstatic.com/messages/smarts/smart_actions_grammars/pumpkin_model_config_sticker_halloween.pb)
07-06 04:11:50.263 I/BpBinder( 552): onLastStrongRef automatically unlinking death recipients:
07-06 04:11:50.265 W/IPCThreadState( 685): Sending oneway calls to frozen process.
07-06 04:11:50.266 W/IPCThreadState( 685): Sending oneway calls to frozen process.
07-06 04:11:50.266 W/IPCThreadState( 685): Sending oneway calls to frozen process.
07-06 04:11:50.266 W/IPCThreadState( 685): Sending oneway calls to frozen process.
07-06 04:11:50.266 W/IPCThreadState( 685): Sending oneway calls to frozen process.
07-06 04:11:50.266 W/IPCThreadState( 685): Sending oneway calls to frozen process.
07-06 04:11:50.266 W/IPCThreadState( 685): Sending oneway calls to frozen process.
07-06 04:11:50.266 W/IPCThreadState( 685): Sending oneway calls to frozen process.
07-06 04:11:50.266 W/IPCThreadState( 685): Sending oneway calls to frozen process.
07-06 04:11:50.266 W/IPCThreadState( 685): Sending oneway calls to frozen process.
07-06 04:11:50.266 W/IPCThreadState( 685): Sending oneway calls to frozen process.
07-06 04:11:50.266 W/IPCThreadState( 685): Sending oneway calls to frozen process.
07-06 04:11:50.266 W/IPCThreadState( 685): Sending oneway calls to frozen process.
07-06 04:11:50.266 W/IPCThreadState( 685): Sending oneway calls to frozen process.
07-06 04:11:50.266 W/IPCThreadState( 685): Sending oneway calls to frozen process.
07-06 04:11:50.266 W/IPCThreadState( 685): Sending oneway calls to frozen process.
07-06 04:11:50.266 W/IPCThreadState( 685): Sending oneway calls to frozen process.
07-06 04:11:50.266 W/IPCThreadState( 685): Sending oneway calls to frozen process.
07-06 04:11:50.266 W/IPCThreadState( 685): Sending oneway calls to frozen process.
07-06 04:11:50.266 W/IPCThreadState( 685): Sending oneway calls to frozen process.
07-06 04:11:50.266 W/IPCThreadState( 685): Sending oneway calls to frozen process.
07-06 04:11:50.266 W/IPCThreadState( 685): Sending oneway calls to frozen process.
07-06 04:11:50.269 W/IPCThreadState( 685): Sending oneway calls to frozen process.
07-06 04:11:50.269 W/IPCThreadState( 685): Sending oneway calls to frozen process.
07-06 04:11:50.269 W/IPCThreadState( 685): Sending oneway calls to frozen process.
07-06 04:11:50.269 W/IPCThreadState( 685): Sending oneway calls to frozen process.
07-06 04:11:50.269 W/IPCThreadState( 685): Sending oneway calls to frozen process.
07-06 04:11:50.270 W/IPCThreadState( 685): Sending oneway calls to frozen process.
07-06 04:11:50.270 W/IPCThreadState( 685): Sending oneway calls to frozen process.
07-06 04:11:50.270 W/IPCThreadState( 685): Sending oneway calls to frozen process.
07-06 04:11:50.270 W/IPCThreadState( 685): Sending oneway calls to frozen process.
07-06 04:11:50.270 W/IPCThreadState( 685): Sending oneway calls to frozen process.
07-06 04:11:50.270 W/IPCThreadState( 685): Sending oneway calls to frozen process.
07-06 04:11:50.270 W/IPCThreadState( 685): Sending oneway calls to frozen process.
07-06 04:11:50.270 W/IPCThreadState( 685): Sending oneway calls to frozen process.
07-06 04:11:50.271 W/ProcessStats( 685): Tracking association SourceState{4e83720 system/1000 BFgs #5186} whose proc state 4 is better than process ProcessState{4c1239b com.google.android.ext.services/10194 pkg=com.google.android.ext.services} proc state 14 (2 skipped)
07-06 04:11:50.276 D/QuickstepModelDelegate( 1415): notifyAppTargetEvent action=1 launchLocation=workspace/0/[-1,-1]/[1,1]
07-06 04:11:50.286 I/AiAiEcho( 1726): Predicting[0]: [CONTEXT sampling_count=5 ]
07-06 04:11:50.286 I/AiAiEcho( 1726): EchoTargets:
07-06 04:11:50.286 I/AiAiEcho( 1726): Filtered by AiAi flag check:
07-06 04:11:50.286 I/AiAiEcho( 1726): [CONTEXT ratelimit_period="10 SECONDS" ]
07-06 04:11:50.287 I/AiAiEcho( 1726): #remoteViewsTwiddler: feature disabled.
07-06 04:11:50.288 I/AiAiEcho( 1726): #postPredictionTargets: Sending updates to UISurface home with targets# 0 (types=[])
07-06 04:11:50.289 D/SsBaseTemplateCard( 1415): No text view can be set up
07-06 04:11:50.289 D/SsBaseTemplateCard( 1415): Passed-in item info is null
07-06 04:11:50.289 D/SsBaseTemplateCard( 1415): Passed-in item info is null
07-06 04:11:50.289 D/SsBaseTemplateCard( 1415): Passed-in item info is null
07-06 04:11:50.289 I/SsBaseTemplateCard( 1415): Secondary card pane is null
07-06 04:11:50.321 D/WM-DelayedWorkTracker( 3876): Scheduling work cbbdd4c0-74aa-44d2-925b-947cf4c9c8f5
07-06 04:11:50.321 D/WM-GreedyScheduler( 3876): Starting tracking for cbbdd4c0-74aa-44d2-925b-947cf4c9c8f5
07-06 04:11:50.323 D/WM-GreedyScheduler( 3876): Constraints met: Scheduling work ID WorkGenerationalId(workSpecId=cbbdd4c0-74aa-44d2-925b-947cf4c9c8f5, generation=0)
07-06 04:11:50.324 D/WM-Processor( 3876): pst: processing WorkGenerationalId(workSpecId=cbbdd4c0-74aa-44d2-925b-947cf4c9c8f5, generation=0)
07-06 04:11:50.327 D/MddListenableWorkerFactory( 3876): createWorker for class: com.google.android.apps.messaging.shared.rcsprovisioning.RcsProvisioningListenableWorker
07-06 04:11:50.332 D/WM-WorkerWrapper( 3876): Starting work for com.google.android.apps.messaging.shared.rcsprovisioning.RcsProvisioningListenableWorker
07-06 04:11:50.332 I/BugleRcsWorker( 3876): [seqId=1][workId=c774d20d-80d3-4f92-9fa2-3326c3004c50] RCS provisioning task has started
07-06 04:11:50.336 I/BugleRcsWorker( 3876): [seqId=1][workId=c774d20d-80d3-4f92-9fa2-3326c3004c50] Starting StateMachine, trigger is STATE_MACHINE_RETRY
07-06 04:11:50.336 I/BugleRcsEngine( 3876): start PEv2, trigger is STATE_MACHINE_RETRY, workerId is c774d20d-80d3-4f92-9fa2-3326c3004c50 [null] [CONTEXT log_prefix="(PEv2-SM69524235-DefaultCallSmsData-1-89c)" thread_id=72 ]
07-06 04:11:50.336 I/BugleRcsEngine( 3876): Created new RcsProvisioningProtoDataStorage for sim redacted-pii:sim_id[chars:20,last3:897] [CONTEXT thread_id=72 ]
07-06 04:11:50.338 I/BugleRcsEngine( 3876): No RCS Configuration was found in Bugle for simID: redacted-pii:sim_id[chars:20,last3:897] [CONTEXT log_prefix="ProvisioningEngineDataRetriever" thread_id=72 ]
07-06 04:11:50.339 I/BugleRcsEngine( 3876): start [null] [CONTEXT log_prefix="(PEv2-SM69524235-DefaultCallSmsData-1-89c)" thread_id=72 ]
07-06 04:11:50.340 I/BugleRcsEngine( 3876): Enter EnabledState [null] [CONTEXT log_prefix="(PEv2-SM69524235-DefaultCallSmsData-1-89c)" thread_id=135 ]
07-06 04:11:50.341 I/StateMachineV2( 3876): State transition requested, from null to 1
07-06 04:11:50.341 I/StateMachineV2( 3876): Pretend entering dkii@8e28f07
07-06 04:11:50.342 I/StateMachineV2( 3876): Initialized StateMachineV2 to 1
07-06 04:11:50.348 W/BugleRcsEngine( 3876): Unable to send diagnostic log [CONTEXT thread_id=135 ]
07-06 04:11:50.348 I/StateMachineV2( 3876): Queuing delayed 9 for PT5M
07-06 04:11:50.353 I/BugleRcsEngine( 3876): Sending ProvisioningEvent to Bugle [Send Provisioning Session ID (18)], redacted-pii:[chars:65] [CONTEXT thread_id=135 ]
07-06 04:11:50.354 I/BugleRcsEngine( 3876): Broadcasting provisioning intent com.google.android.ims.provisioning.engine.provisioningEventAction to Bugle with extras redacted-pii:[chars:223] from source PROVISIONING_EVENT [CONTEXT log_prefix="EngineBroadcaster" thread_id=135 ]
07-06 04:11:50.358 I/BugleRcsProvisioning( 3876): RcsProvisioningEventReceiver: Received ProvisioningEvent: Send Provisioning Session ID
07-06 04:11:50.358 I/Bugle ( 3876): BroadcastReceiverAsyncWorkTracker: Acknowledging broadcast of com.google.android.apps.messaging.shared.receiver.RcsProvisioningEventReceiver@edce73d
07-06 04:11:50.364 I/BugleRcsEngine( 3876): Start a new provisioning session [295d3d1a-b937-467f-9520-99fac2a5b0cc] [CONTEXT log_prefix="(PEv2-SM69524235-DefaultCallSmsData-1-89c)" thread_id=135 ]
07-06 04:11:50.365 I/BugleRcsEngine( 3876): No RCS Configuration was found in Bugle for simID: redacted-pii:sim_id[chars:20,last3:897] [CONTEXT log_prefix="ProvisioningEngineDataRetriever" thread_id=135 ]
07-06 04:11:50.375 D/eatg ( 3876): Starting download: https://www.gstatic.com/messages/smarts/smart_actions_grammars/model_based_providers_configs_pumpkin_sticker_halloween.pb
07-06 04:11:50.375 V/eatg ( 3876): Is http uri, downloading (uri: https://www.gstatic.com/messages/smarts/smart_actions_grammars/model_based_providers_configs_pumpkin_sticker_halloween.pb)
07-06 04:11:50.377 I/BugleRcsEngine( 3876): [SR]: Single Registration is disabled. Skipping Single Registration capability check for subId: 1, OS.isAtLeastS:[true], enableSingleRegistrationProvisioning:[false] [CONTEXT thread_id=135 ]
07-06 04:11:50.378 I/BugleRcsEngine( 3876): No RCS Configuration was found in Bugle for simID: redacted-pii:sim_id[chars:20,last3:897] [CONTEXT log_prefix="ProvisioningEngineDataRetriever" thread_id=135 ]
07-06 04:11:50.379 I/BugleRcsProvisioning( 3876): RcsAvailability configuration availability and enabled status: simId: redacted-pii:sim_id[chars:20,last3:897], SipConnectionType: DUAL_REG, isConfigurationAvailableAndEnabled: false
07-06 04:11:50.379 I/BugleRcsProvisioning( 3876): Checking isConfigServerUrlAvailable with simId: redacted-pii:sim_id[chars:20,last3:897],
07-06 04:11:50.380 I/BugleRcsEngine( 3876): getConfigServerUrl with simId: redacted-pii:sim_id[chars:20,last3:897] [CONTEXT log_prefix="ProvisioningServerUtil" thread_id=135 ]
07-06 04:11:50.380 I/BugleRcsEngine( 3876): Using config server URL from chgq [CONTEXT log_prefix="ProvisioningServerUtil" thread_id=135 ]
07-06 04:11:50.386 I/BugleRcsProvisioning( 3876): RcsAvailability: Subscription Id: 1, simId: redacted-pii:sim_id[chars:20,last3:897], sipConnectionType: DUAL_REG, isRcsAvailable: false
07-06 04:11:50.387 I/BugleRcsEngine( 3876): No RCS Configuration was found in Bugle for simID: redacted-pii:sim_id[chars:20,last3:897] [CONTEXT log_prefix="ProvisioningEngineDataRetriever" thread_id=135 ]
07-06 04:11:50.388 I/BugleRcsProvisioning( 3876): updateAvailabilityForRcsProvisioningId. SimId: redacted-pii:sim_id[chars:20,last3:897], currentAvailability: 10, newAvailability: 10, hint: NO_HINT
07-06 04:11:50.390 I/BugleRcsProvisioning( 3876): RcsProvisioningTrigger: onRcsAvailabilityUpdate : availability is updated to Carrier RCS is not set up, lastAvailabilityLocal is Carrier RCS is not set up, simId hash = 6653625185586652804, simId = redacted-pii:sim_id[chars:20,last3:897], isPev3Enabled = true
07-06 04:11:50.392 I/BugleRcsEngine( 3876): No RCS Configuration was found in Bugle for simID: redacted-pii:sim_id[chars:20,last3:897] [CONTEXT log_prefix="ProvisioningEngineDataRetriever" thread_id=135 ]
07-06 04:11:50.393 I/BugleRcsEngine( 3876): transitionViaMessage, srcState=EnabledState, destState = CheckPreconditionsState [295d3d1a-b937-467f-9520-99fac2a5b0cc] [CONTEXT log_prefix="(PEv2-SM69524235-DefaultCallSmsData-1-89c)" thread_id=135 ]
07-06 04:11:50.394 I/StateMachineV2( 3876): State transition requested, from 1 to 14
07-06 04:11:50.395 I/StateMachineV2( 3876): Pretend entering dkib@6753834
07-06 04:11:50.395 I/BugleRcsEngine( 3876): Sending ProvisioningEvent to Bugle [Update provisioning status (11)], redacted-pii:[chars:85] [CONTEXT thread_id=135 ]
07-06 04:11:50.395 I/StateMachineV2( 3876): Pretend sent message 2004 to dkib@6753834
07-06 04:11:50.395 I/BugleRcsEngine( 3876): Broadcasting provisioning intent com.google.android.ims.provisioning.engine.provisioningEventAction to Bugle with extras redacted-pii:[chars:243] from source PROVISIONING_EVENT [CONTEXT log_prefix="EngineBroadcaster" thread_id=135 ]
07-06 04:11:50.397 I/BugleRcsEngine( 3876): EnabledState: Transition to check preconditions [295d3d1a-b937-467f-9520-99fac2a5b0cc] [CONTEXT log_prefix="(PEv2-SM69524235-DefaultCallSmsData-1-89c)" thread_id=135 ]
07-06 04:11:50.397 W/StateMachineV2( 3876): Current state 14 and its parents requested to transition to more than 1 state. Requests: [(1, 14), (14, 14)]
07-06 04:11:50.398 I/StateMachineV2( 3876): Ignoring transitioning request to 14, state machine is already at that state
07-06 04:11:50.398 I/BugleRcsEngine( 3876): transitionTo: destState=CheckPreconditionsState [295d3d1a-b937-467f-9520-99fac2a5b0cc] [CONTEXT log_prefix="(PEv2-SM69524235-DefaultCallSmsData-1-89c)" thread_id=135 ]
07-06 04:11:50.399 I/BugleRcsEngine( 3876): onTransitionRequested EnabledState [295d3d1a-b937-467f-9520-99fac2a5b0cc] [CONTEXT log_prefix="(PEv2-SM69524235-DefaultCallSmsData-1-89c)" thread_id=135 ]
07-06 04:11:50.400 I/BugleRcsEngine( 3876): Enter CheckPreconditionsState [295d3d1a-b937-467f-9520-99fac2a5b0cc] [CONTEXT log_prefix="(PEv2-SM69524235-DefaultCallSmsData-1-89c)" thread_id=135 ]
07-06 04:11:50.403 I/BugleRcsProvisioning( 3876): RcsProvisioningEventReceiver: Received ProvisioningEvent: Update provisioning status
07-06 04:11:50.404 I/Bugle ( 3876): BroadcastReceiverAsyncWorkTracker: Acknowledging broadcast of com.google.android.apps.messaging.shared.receiver.RcsProvisioningEventReceiver@f1ca3a9
07-06 04:11:50.405 I/StateMachineV2( 3876): Queuing delayed 9 for PT5M
07-06 04:11:50.406 W/BugleRcsEngine( 3876): Unable to send diagnostic log [CONTEXT thread_id=135 ]
07-06 04:11:50.409 I/BugleRcsEngine( 3876): No RCS Configuration was found in Bugle for simID: redacted-pii:sim_id[chars:20,last3:897] [CONTEXT log_prefix="ProvisioningEngineDataRetriever" thread_id=135 ]
07-06 04:11:50.409 I/BugleRcsEngine( 3876): transitionViaMessage, srcState=CheckPreconditionsState, destState = ReadyState [295d3d1a-b937-467f-9520-99fac2a5b0cc] [CONTEXT log_prefix="(PEv2-SM69524235-DefaultCallSmsData-1-89c)" thread_id=135 ]
07-06 04:11:50.410 W/StateMachineV2( 3876): Current state 14 and its parents requested to transition to more than 1 state. Requests: [(1, 14), (14, 14), (14, 3)]
07-06 04:11:50.411 I/BugleRcsEngine( 3876): CheckPreconditionsState: Transition to ready [295d3d1a-b937-467f-9520-99fac2a5b0cc] [CONTEXT log_prefix="(PEv2-SM69524235-DefaultCallSmsData-1-89c)" thread_id=135 ]
07-06 04:11:50.411 W/StateMachineV2( 3876): Current state 14 and its parents requested to transition to more than 1 state. Requests: [(1, 14), (14, 14), (14, 3), (14, 3)]
07-06 04:11:50.412 I/StateMachineV2( 3876): State transition requested, from 14 to 3
07-06 04:11:50.412 I/BugleRcsEngine( 3876): transitionTo: destState=ReadyState [295d3d1a-b937-467f-9520-99fac2a5b0cc] [CONTEXT log_prefix="(PEv2-SM69524235-DefaultCallSmsData-1-89c)" thread_id=135 ]
07-06 04:11:50.413 I/StateMachineV2( 3876): Pretend exiting dkib@6753834
07-06 04:11:50.413 I/BugleRcsEngine( 3876): onTransitionRequested CheckPreconditionsState [295d3d1a-b937-467f-9520-99fac2a5b0cc] [CONTEXT log_prefix="(PEv2-SM69524235-DefaultCallSmsData-1-89c)" thread_id=135 ]
07-06 04:11:50.413 I/BugleRcsEngine( 3876): Exit CheckPreconditionsState [295d3d1a-b937-467f-9520-99fac2a5b0cc] [CONTEXT log_prefix="(PEv2-SM69524235-DefaultCallSmsData-1-89c)" thread_id=135 ]
07-06 04:11:50.413 I/BugleRcsEngine( 3876): Exit EnabledState [295d3d1a-b937-467f-9520-99fac2a5b0cc] [CONTEXT log_prefix="(PEv2-SM69524235-DefaultCallSmsData-1-89c)" thread_id=135 ]
07-06 04:11:50.413 W/BugleRcsEngine( 3876): Unable to send diagnostic log [CONTEXT thread_id=135 ]
07-06 04:11:50.414 I/BugleRcsEngine( 3876): Enter InProgressState [295d3d1a-b937-467f-9520-99fac2a5b0cc] [CONTEXT log_prefix="(PEv2-SM69524235-DefaultCallSmsData-1-89c)" thread_id=135 ]
07-06 04:11:50.414 I/StateMachineV2( 3876): Pretend exiting dkii@8e28f07
07-06 04:11:50.414 I/StateMachineV2( 3876): Pretend entering dkio@ef457ff
07-06 04:11:50.414 I/StateMachineV2( 3876): Pretend entering dkiq@e40751b
07-06 04:11:50.415 I/StateMachineV2( 3876): Pretend sent message 2005 to dkiq@e40751b
07-06 04:11:50.416 I/StateMachineV2( 3876): Ignoring transitioning request to 3, state machine is already at that state
07-06 04:11:50.420 D/eatg ( 3876): Starting download: https://www.gstatic.com/messages/smarts/smart_actions_grammars/Thanksgiving_android.far
07-06 04:11:50.420 V/eatg ( 3876): Is http uri, downloading (uri: https://www.gstatic.com/messages/smarts/smart_actions_grammars/Thanksgiving_android.far)
07-06 04:11:50.422 W/BugleRcsEngine( 3876): Unable to send diagnostic log [CONTEXT thread_id=135 ]
07-06 04:11:50.423 I/StateMachineV2( 3876): Queuing delayed 9 for PT5M
07-06 04:11:50.423 I/BugleRcsEngine( 3876): Enter ReadyState [295d3d1a-b937-467f-9520-99fac2a5b0cc] [CONTEXT log_prefix="(PEv2-SM69524235-DefaultCallSmsData-1-89c)" thread_id=135 ]
07-06 04:11:50.432 W/BugleRcsEngine( 3876): Unable to send diagnostic log [CONTEXT thread_id=54 ]
07-06 04:11:50.432 W/BugleRcsEngine( 3876): Unable to send diagnostic log [CONTEXT thread_id=135 ]
07-06 04:11:50.433 I/StateMachineV2( 3876): Queuing delayed 9 for PT5M
07-06 04:11:50.434 I/BugleRcsEngine( 3876): No RCS Configuration was found in Bugle for simID: redacted-pii:sim_id[chars:20,last3:897] [CONTEXT log_prefix="ProvisioningEngineDataRetriever" thread_id=135 ]
07-06 04:11:50.435 I/BugleRcsEngine( 3876): transitionViaMessage, srcState=ReadyState, destState = VerifyMsisdnState [295d3d1a-b937-467f-9520-99fac2a5b0cc] [CONTEXT log_prefix="(PEv2-SM69524235-DefaultCallSmsData-1-89c)" thread_id=135 ]
07-06 04:11:50.436 W/StateMachineV2( 3876): Current state 3 and its parents requested to transition to more than 1 state. Requests: [(1, 14), (14, 14), (14, 3), (14, 3), (3, 31)]
07-06 04:11:50.437 I/BugleRcsEngine( 3876): ReadyState: Transition to verify MSISDN [295d3d1a-b937-467f-9520-99fac2a5b0cc] [CONTEXT log_prefix="(PEv2-SM69524235-DefaultCallSmsData-1-89c)" thread_id=135 ]
07-06 04:11:50.437 W/StateMachineV2( 3876): Current state 3 and its parents requested to transition to more than 1 state. Requests: [(1, 14), (14, 14), (14, 3), (14, 3), (3, 31), (3, 31)]
07-06 04:11:50.437 I/BugleRcsEngine( 3876): transitionTo: destState=VerifyMsisdnState [295d3d1a-b937-467f-9520-99fac2a5b0cc] [CONTEXT log_prefix="(PEv2-SM69524235-DefaultCallSmsData-1-89c)" thread_id=135 ]
07-06 04:11:50.438 I/BugleRcsEngine( 3876): onTransitionRequested ReadyState [295d3d1a-b937-467f-9520-99fac2a5b0cc] [CONTEXT log_prefix="(PEv2-SM69524235-DefaultCallSmsData-1-89c)" thread_id=135 ]
07-06 04:11:50.438 I/StateMachineV2( 3876): State transition requested, from 3 to 31
07-06 04:11:50.439 I/StateMachineV2( 3876): Pretend exiting dkiq@e40751b
07-06 04:11:50.439 I/StateMachineV2( 3876): Pretend entering dkjj@30246b8
07-06 04:11:50.439 I/StateMachineV2( 3876): Pretend sent message 2028 to dkjj@30246b8
07-06 04:11:50.440 I/BugleRcsEngine( 3876): Exit ReadyState [295d3d1a-b937-467f-9520-99fac2a5b0cc] [CONTEXT log_prefix="(PEv2-SM69524235-DefaultCallSmsData-1-89c)" thread_id=135 ]
07-06 04:11:50.441 W/BugleRcsEngine( 3876): Unable to send diagnostic log [CONTEXT thread_id=135 ]
07-06 04:11:50.441 I/BugleRcsEngine( 3876): Enter VerifyMsisdnState [295d3d1a-b937-467f-9520-99fac2a5b0cc] [CONTEXT log_prefix="(PEv2-SM69524235-DefaultCallSmsData-1-89c)" thread_id=135 ]
07-06 04:11:50.441 I/StateMachineV2( 3876): Ignoring transitioning request to 31, state machine is already at that state
07-06 04:11:50.447 W/BugleRcsEngine( 3876): Unable to send diagnostic log [CONTEXT thread_id=135 ]
07-06 04:11:50.447 I/StateMachineV2( 3876): Queuing delayed 9 for PT5M
07-06 04:11:50.451 W/BugleRcsEngine( 3876): Unable to send diagnostic log [CONTEXT thread_id=135 ]
07-06 04:11:50.452 I/BugleRcsEngine( 3876): Manually entered MSISDN is: redacted-pii:sim_id[null] [CONTEXT log_prefix="ProvisioningEngineDataRetriever" thread_id=135 ]
07-06 04:11:50.457 W/BugleRcsEngine( 3876): Unable to send diagnostic log [CONTEXT thread_id=58 ]
07-06 04:11:50.482 W/constellation( 1678): [gaia_util] No accounts found on device
07-06 04:11:50.485 I/constellation( 1678): [event_manager] Starting session. sessionId: 62836198-f854-48ef-a914-8b8983375192 from trigger: 7
07-06 04:11:50.485 D/eatg ( 3876): Starting download: https://www.gstatic.com/messages/smarts/smart_actions_grammars/pumpkin_model_config_sticker_thanksgiving.pb
07-06 04:11:50.485 V/eatg ( 3876): Is http uri, downloading (uri: https://www.gstatic.com/messages/smarts/smart_actions_grammars/pumpkin_model_config_sticker_thanksgiving.pb)
07-06 04:11:50.500 E/gle.android.gms( 1678): hiddenapi: Accessing hidden method Landroid/telephony/TelephonyManager;->isImsRegistered()Z (runtime_flags=0, domain=platform, api=max-target-p) from Lcisw; (domain=app) using reflection: denied
07-06 04:11:50.521 V/MmsProvider( 1319): inside checkQueryParametersForSubqueries
07-06 04:11:50.521 V/MmsProvider( 1319): checkQueryParametersForSubqueries checking proj: date
07-06 04:11:50.521 V/MmsProvider( 1319): checkQueryParametersForSubqueries checking proj: address
07-06 04:11:50.521 V/MmsProvider( 1319): checkQueryParametersForSubqueries checking sel: sub_id = ? AND date > ?
07-06 04:11:50.521 V/MmsProvider( 1319): checkQueryParametersForSubqueries checking sort: date DESC
07-06 04:11:50.530 D/eatg ( 3876): Starting download: https://www.gstatic.com/messages/smarts/smart_actions_grammars/model_based_providers_config_pumpkin_sticker_thanksgiving.pb
07-06 04:11:50.530 V/eatg ( 3876): Is http uri, downloading (uri: https://www.gstatic.com/messages/smarts/smart_actions_grammars/model_based_providers_config_pumpkin_sticker_thanksgiving.pb)
07-06 04:11:50.545 V/MmsProvider( 1319): inside checkQueryParametersForSubqueries
07-06 04:11:50.545 V/MmsProvider( 1319): checkQueryParametersForSubqueries checking proj: date
07-06 04:11:50.545 V/MmsProvider( 1319): checkQueryParametersForSubqueries checking proj: address
07-06 04:11:50.545 V/MmsProvider( 1319): checkQueryParametersForSubqueries checking sel: sub_id = ? AND date > ?
07-06 04:11:50.545 V/MmsProvider( 1319): checkQueryParametersForSubqueries checking sort: date DESC
07-06 04:11:50.571 D/BackgroundInstallControlService( 685): Package event received: 0
07-06 04:11:50.593 D/eatg ( 3876): Starting download: https://www.gstatic.com/messages/smarts/smart_actions_emotive_models/thanksgiving_templates.pb
07-06 04:11:50.593 V/eatg ( 3876): Is http uri, downloading (uri: https://www.gstatic.com/messages/smarts/smart_actions_emotive_models/thanksgiving_templates.pb)
07-06 04:11:50.622 I/resolv ( 472): GetAddrInfoHandler::run: {100 786532 100 983140 10144 0}
07-06 04:11:50.628 D/FileUtils( 685): Rounded bytes from 2592595968 to 4000000000
07-06 04:11:50.631 W/libc ( 2463): Access denied finding property "persist.adb.tls_server.enable"
07-06 04:11:50.631 W/libc ( 2463): Access denied finding property "service.adb.tls.port"
07-06 04:11:50.632 D/eatg ( 3876): Starting download: https://www.gstatic.com/messages/smarts/smart_actions_grammars/Hanukkah_android.far
07-06 04:11:50.632 V/eatg ( 3876): Is http uri, downloading (uri: https://www.gstatic.com/messages/smarts/smart_actions_grammars/Hanukkah_android.far)
07-06 04:11:50.661 W/GLSUser ( 1447): [DeviceKeyStore] Cannot load key: Device key file not found.
07-06 04:11:50.628 W/binder:2463_4( 2463): type=1400 audit(0.0:39): avc: denied { read } for name="u:object_r:system_adbd_prop:s0" dev="tmpfs" ino=338 scontext=u:r:gmscore_app:s0:c512,c768 tcontext=u:object_r:system_adbd_prop:s0 tclass=file permissive=0 app=com.google.android.gms
07-06 04:11:50.697 D/FileUtils( 685): Rounded bytes from 2592595968 to 4000000000
07-06 04:11:50.699 W/libc ( 2463): Access denied finding property "persist.adb.tls_server.enable"
07-06 04:11:50.699 W/libc ( 2463): Access denied finding property "service.adb.tls.port"
07-06 04:11:50.716 W/GmsUrlRequestImpl( 1447): Content-Type header is overwritten.
07-06 04:11:50.721 D/eatg ( 3876): Starting download: https://www.gstatic.com/messages/smarts/smart_actions_emotive_models/hanukkah_templates.pb
07-06 04:11:50.723 V/eatg ( 3876): Is http uri, downloading (uri: https://www.gstatic.com/messages/smarts/smart_actions_emotive_models/hanukkah_templates.pb)
07-06 04:11:50.628 W/binder:2463_4( 2463): type=1400 audit(0.0:40): avc: denied { read } for name="u:object_r:adbd_prop:s0" dev="tmpfs" ino=63 scontext=u:r:gmscore_app:s0:c512,c768 tcontext=u:object_r:adbd_prop:s0 tclass=file permissive=0 app=com.google.android.gms
07-06 04:11:50.740 W/ActivityTaskManager( 685): callingPackage for (uid=2000, pid=4748) has no WPC
07-06 04:11:50.746 D/eatg ( 3876): Starting download: https://www.gstatic.com/messages/smarts/smart_actions_grammars/pumpkin_model_config_sticker_hanukkah.pb
07-06 04:11:50.746 V/eatg ( 3876): Is http uri, downloading (uri: https://www.gstatic.com/messages/smarts/smart_actions_grammars/pumpkin_model_config_sticker_hanukkah.pb)
07-06 04:11:50.748 V/GrammaticalInflectionUtils( 685): AttributionSource: AttributionSource { uid = 10216, packageName = null, attributionTag = null, token = android.os.Binder@7266207, deviceId = 0, next = null } does not have READ_SYSTEM_GRAMMATICAL_GENDER permission.
07-06 04:11:50.749 W/OptProp ( 685): Cannot read opt property android.window.PROPERTY_COMPAT_ALLOW_USER_ASPECT_RATIO_OVERRIDE
07-06 04:11:50.749 W/OptProp ( 685): Cannot read opt property android.window.PROPERTY_COMPAT_ALLOW_USER_ASPECT_RATIO_FULLSCREEN_OVERRIDE
07-06 04:11:50.749 W/OptProp ( 685): Cannot read opt property android.window.PROPERTY_COMPAT_ALLOW_RESIZEABLE_ACTIVITY_OVERRIDES
07-06 04:11:50.749 W/OptProp ( 685): Cannot read opt property android.window.PROPERTY_COMPAT_ALLOW_MIN_ASPECT_RATIO_OVERRIDE
07-06 04:11:50.762 W/OptProp ( 685): Cannot read opt property android.window.PROPERTY_COMPAT_ALLOW_ORIENTATION_OVERRIDE
07-06 04:11:50.768 I/ActivityTaskManager( 685): START u0 {flg=0x10000000 xflg=0x5 cmp=store.rayp.securenotes/.MainActivity} with LAUNCH_SINGLE_TASK from uid 2000 (BAL_ALLOW_PERMISSION) result code=0
07-06 04:11:50.770 V/GrammaticalInflectionUtils( 685): AttributionSource: AttributionSource { uid = 10216, packageName = null, attributionTag = null, token = android.os.Binder@7266207, deviceId = 0, next = null } does not have READ_SYSTEM_GRAMMATICAL_GENDER permission.
07-06 04:11:50.784 D/Zygote ( 477): Forked child process 4752
07-06 04:11:50.784 I/ActivityManager( 685): Start proc 4752:store.rayp.securenotes/u0a216 for next-top-activity {store.rayp.securenotes/store.rayp.securenotes.MainActivity}
07-06 04:11:50.785 I/ActivityManager( 685): ProcessObserver broadcast disabled
07-06 04:11:50.696 W/binder:2463_4( 2463): type=1400 audit(0.0:41): avc: denied { read } for name="u:object_r:system_adbd_prop:s0" dev="tmpfs" ino=338 scontext=u:r:gmscore_app:s0:c512,c768 tcontext=u:object_r:system_adbd_prop:s0 tclass=file permissive=0 app=com.google.android.gms
07-06 04:11:50.791 V/WindowManagerShell( 1132): Transition requested (#15): android.os.BinderProxy@a571d5c TransitionRequestInfo { type = OPEN, triggerTask = TaskInfo{userId=0 taskId=9 effectiveUid=10216 displayId=0 isRunning=true baseIntent=Intent { flg=0x10000000 cmp=store.rayp.securenotes/.MainActivity } baseActivity=ComponentInfo{store.rayp.securenotes/store.rayp.securenotes.MainActivity} topActivity=ComponentInfo{store.rayp.securenotes/store.rayp.securenotes.MainActivity} origActivity=null realActivity=ComponentInfo{store.rayp.securenotes/store.rayp.securenotes.MainActivity} numActivities=1 lastActiveTime=184312 supportsMultiWindow=true resizeMode=1 isResizeable=true minWidth=-1 minHeight=-1 defaultMinSize=220 token=WCT{android.window.IWindowContainerToken$Stub$Proxy@331b865} topActivityType=1 pictureInPictureParams=null shouldDockBigOverlays=false launchIntoPipHostTaskId=-1 lastParentTaskIdBeforePip=-1 displayCutoutSafeInsets=Rect(0, 128 - 0, 0) topActivityInfo=ActivityInfo{578793a store.rayp.securenotes.MainActivity} launchCookies=[] positionInParent=Point(0, 0) parentTaskId=-1 isFocused=false isVisible=false isVisibleRequested=false isTopActivityNoDisplay=false isSleeping=false locusId=null displayAreaFeatureId=1 isTopActivityTransparent=false isActivityStackTransparent=false lastNonFullscreenBounds=Rect(276, 692 - 804, 1772) capturedLink=null capturedLinkTimestamp=0 requestedVisibleTypes=-9 topActivityRequestOpenInBrowserEducationTimestamp=0 appCompatTaskInfo=AppCompatTaskInfo { topActivityInSizeCompat=false eligibleForLetterboxEducation= false isLetterboxEducationEnabled= true isLetterboxDoubleTapEnabled= false eligibleForUserAspectRatioButton= false topActivityBoundsLetterboxed= false isFromLetterboxDoubleTap= false topActivityLetterboxVerticalPosition= -1 topActivityLetterboxHorizontalPosition= -1 topActivityLetterboxWidth=-1 topActivityLetterboxHeight=-1 topActivityAppBounds=Rect(0, 0 - 1080, 2400) isUserFullscreenOverrideEnabled=false isSystemFullscreenOverrideEnabled=false hasMinAspectRatioOverride=false topActivityLetterboxBounds=null cameraCompatTaskInfo=CameraCompatTaskInfo { freeformCameraCompatMode=inactive}} topActivityMainWindowFrame=null}, pipChange = null, remoteTransition = null, displayChange = null, flags = 0, debugId = 15 }
07-06 04:11:50.792 D/ShellSplitScreen( 1132): logExit: no-op, mLoggerSessionId is null
07-06 04:11:50.795 D/CompatChangeReporter( 685): Compat change id reported: 377864165; UID 10216; state: ENABLED
07-06 04:11:50.800 I/netd ( 472): tetherGetStats() -> {[]} <0.78ms>
07-06 04:11:50.818 I/ayp.securenotes( 4752): Using CollectorTypeCMC GC.
07-06 04:11:50.820 W/SplitSelectStateCtor( 1415): Missing session instanceIds
07-06 04:11:50.820 D/StatsLog( 1415): LAUNCHER_SPLIT_SELECTION_EXIT_INTERRUPTED
07-06 04:11:50.824 D/BackgroundInstallControlService( 685): Package event received: 0
07-06 04:11:50.824 D/WindowManagerShell( 1132): setLauncherKeepClearAreaHeight: visible=false, height=527
07-06 04:11:50.828 I/BpBinder( 552): onLastStrongRef automatically unlinking death recipients:
07-06 04:11:50.831 W/ayp.securenotes( 4752): Unexpected CPU variant for x86: x86_64.
07-06 04:11:50.831 W/ayp.securenotes( 4752): Known variants: atom, sandybridge, silvermont, goldmont, goldmont-plus, goldmont-without-sha-xsaves, tremont, kabylake, alderlake, default
07-06 04:11:50.831 I/BpBinder( 552): onLastStrongRef automatically unlinking death recipients:
07-06 04:11:50.848 W/HWUI ( 1132): Image decoding logging dropped!
07-06 04:11:50.855 E/ayp.securenotes( 4752): Not starting debugger since process cannot load the jdwp agent.
07-06 04:11:50.857 W/GLSUser ( 1447): [AppCertManager] Exception while requesting key:
07-06 04:11:50.857 W/GLSUser ( 1447): java.util.concurrent.ExecutionException: cilv: Parse Proto Exception with response code 400
07-06 04:11:50.857 W/GLSUser ( 1447): at ggaz.j(:com.google.android.gms@252635038@25.26.35 (260800-783060121):21)
07-06 04:11:50.857 W/GLSUser ( 1447): at ggbi.u(:com.google.android.gms@252635038@25.26.35 (260800-783060121):71)
07-06 04:11:50.857 W/GLSUser ( 1447): at agui.b(:com.google.android.gms@252635038@25.26.35 (260800-783060121):439)
07-06 04:11:50.857 W/GLSUser ( 1447): at agug.a(:com.google.android.gms@252635038@25.26.35 (260800-783060121):83)
07-06 04:11:50.857 W/GLSUser ( 1447): at agug.fy(:com.google.android.gms@252635038@25.26.35 (260800-783060121):16)
07-06 04:11:50.857 W/GLSUser ( 1447): at uza.onTransact(:com.google.android.gms@252635038@25.26.35 (260800-783060121):97)
07-06 04:11:50.857 W/GLSUser ( 1447): at android.os.Binder.transact(Binder.java:1273)
07-06 04:11:50.857 W/GLSUser ( 1447): at cack.onTransact(:com.google.android.gms@252635038@25.26.35 (260800-783060121):10)
07-06 04:11:50.857 W/GLSUser ( 1447): at android.os.Binder.transact(Binder.java:1273)
07-06 04:11:50.857 W/GLSUser ( 1447): at bpxw.onTransact(:com.google.android.gms@252635038@25.26.35 (260800-783060121):157)
07-06 04:11:50.857 W/GLSUser ( 1447): at android.os.Binder.execTransactInternal(Binder.java:1426)
07-06 04:11:50.857 W/GLSUser ( 1447): at android.os.Binder.execTransact(Binder.java:1365)
07-06 04:11:50.857 W/GLSUser ( 1447): Caused by: cilv: Parse Proto Exception with response code 400
07-06 04:11:50.857 W/GLSUser ( 1447): at cina.b(:com.google.android.gms@252635038@25.26.35 (260800-783060121):71)
07-06 04:11:50.857 W/GLSUser ( 1447): at cipp.d(:com.google.android.gms@252635038@25.26.35 (260800-783060121):18)
07-06 04:11:50.857 W/GLSUser ( 1447): at ciqg.onSucceeded(:com.google.android.gms@252635038@25.26.35 (260800-783060121):9)
07-06 04:11:50.857 W/GLSUser ( 1447): at m1.ng.onSucceeded(:com.google.android.gms.dynamite_cronetdynamite@252635038@25.26.35 (260800-0):3)
07-06 04:11:50.857 W/GLSUser ( 1447): at m1.md.run(:com.google.android.gms.dynamite_cronetdynamite@252635038@25.26.35 (260800-0):21)
07-06 04:11:50.857 W/GLSUser ( 1447): at m1.lx.run(:com.google.android.gms.dynamite_cronetdynamite@252635038@25.26.35 (260800-0):31)
07-06 04:11:50.857 W/GLSUser ( 1447): at azpj.c(:com.google.android.gms@252635038@25.26.35 (260800-783060121):50)
07-06 04:11:50.857 W/GLSUser ( 1447): at azpj.run(:com.google.android.gms@252635038@25.26.35 (260800-783060121):70)
07-06 04:11:50.857 W/GLSUser ( 1447): at java.util.concurrent.ThreadPoolExecutor.runWorker(ThreadPoolExecutor.java:1156)
07-06 04:11:50.857 W/GLSUser ( 1447): at java.util.concurrent.ThreadPoolExecutor$Worker.run(ThreadPoolExecutor.java:651)
07-06 04:11:50.857 W/GLSUser ( 1447): at azva.run(:com.google.android.gms@252635038@25.26.35 (260800-783060121):8)
07-06 04:11:50.857 W/GLSUser ( 1447): at java.lang.Thread.run(Thread.java:1119)
07-06 04:11:50.857 W/GLSUser ( 1447): Caused by: gztt: Protocol message contained an invalid tag (zero).
07-06 04:11:50.857 W/GLSUser ( 1447): at gzqp.k(:com.google.android.gms@252635038@25.26.35 (260800-783060121):43)
07-06 04:11:50.857 W/GLSUser ( 1447): at gzut.c(:com.google.android.gms@252635038@25.26.35 (260800-783060121):398)
07-06 04:11:50.857 W/GLSUser ( 1447): at gzut.i(:com.google.android.gms@252635038@25.26.35 (260800-783060121):8)
07-06 04:11:50.857 W/GLSUser ( 1447): at gzsx.oo(:com.google.android.gms@252635038@25.26.35 (260800-783060121):23)
07-06 04:11:50.857 W/GLSUser ( 1447): at gzss.g(:com.google.android.gms@252635038@25.26.35 (260800-783060121):3)
07-06 04:11:50.857 W/GLSUser ( 1447): at gzql.e(:com.google.android.gms@252635038@25.26.35 (260800-783060121):1)
07-06 04:11:50.857 W/GLSUser ( 1447): at gzql.d(:com.google.android.gms@252635038@25.26.35 (260800-783060121):3)
07-06 04:11:50.857 W/GLSUser ( 1447): at gzql.p(:com.google.android.gms@252635038@25.26.35 (260800-783060121):1)
07-06 04:11:50.857 W/GLSUser ( 1447): at cina.g(:com.google.android.gms@252635038@25.26.35 (260800-783060121):69)
07-06 04:11:50.857 W/GLSUser ( 1447): at cina.b(:com.google.android.gms@252635038@25.26.35 (260800-783060121):11)
07-06 04:11:50.857 W/GLSUser ( 1447): ... 11 more
07-06 04:11:50.857 W/GLSUser ( 1447): [DeviceKeyStore] Cannot load key: Device key file not found.
07-06 04:11:50.696 W/binder:2463_4( 2463): type=1400 audit(0.0:42): avc: denied { read } for name="u:object_r:adbd_prop:s0" dev="tmpfs" ino=63 scontext=u:r:gmscore_app:s0:c512,c768 tcontext=u:object_r:adbd_prop:s0 tclass=file permissive=0 app=com.google.android.gms
07-06 04:11:50.873 I/resolv ( 472): GetAddrInfoHandler::run: {100 786532 100 983140 10144 0}
07-06 04:11:50.874 D/SplashScreenView( 1132): Build android.window.SplashScreenView{157bbf4 V.E...... ......ID 0,0-0,0}
07-06 04:11:50.874 D/SplashScreenView( 1132): Icon: view: android.widget.ImageView{578f1d V.ED..... ......I. 0,0-0,0 #1020542 android:id/splashscreen_icon_view} drawable: com.android.wm.shell.startingsurface.SplashscreenIconDrawableFactory$ImmobileIconDrawable@50f592 size: 420
07-06 04:11:50.874 D/SplashScreenView( 1132): Branding: view: android.view.View{e373b63 G.ED..... ......I. 0,0-0,0 #1020541 android:id/splashscreen_branding_view} drawable: null size w: 0 h: 0
07-06 04:11:50.874 D/eatg ( 3876): Starting download: https://www.gstatic.com/messages/smarts/smart_actions_grammars/model_based_providers_config_pumpkin_sticker_hanukkah.pb
07-06 04:11:50.874 V/eatg ( 3876): Is http uri, downloading (uri: https://www.gstatic.com/messages/smarts/smart_actions_grammars/model_based_providers_config_pumpkin_sticker_hanukkah.pb)
07-06 04:11:50.876 I/resolv ( 472): res_nmkquery: (QUERY, IN, AAAA)
07-06 04:11:50.876 I/resolv ( 472): resolv_cache_lookup: FOUND IN CACHE entry=0x75db7cc21850
07-06 04:11:50.878 D/nativeloader( 4752): Load libframework-connectivity-tiramisu-jni.so using APEX ns com_android_tethering for caller /apex/com.android.tethering/javalib/framework-connectivity-t.jar: ok
07-06 04:11:50.878 D/eatg ( 3876): Starting download: https://www.gstatic.com/messages/smarts/smart_actions_grammars/Winter_android.far
