07-06 04:11:50.878 V/eatg ( 3876): Is http uri, downloading (uri: https://www.gstatic.com/messages/smarts/smart_actions_grammars/Winter_android.far)
07-06 04:11:50.876 I/resolv ( 472): doQuery: rcode=0, ancount=4, return value=171
07-06 04:11:50.879 I/resolv ( 472): res_nmkquery: (QUERY, IN, A)
07-06 04:11:50.880 I/resolv ( 472): resolv_cache_lookup: FOUND IN CACHE entry=0x75dcccc17cd0
07-06 04:11:50.880 I/resolv ( 472): doQuery: rcode=0, ancount=4, return value=123
07-06 04:11:50.935 D/BackgroundInstallControlService( 685): Package event received: 0
07-06 04:11:50.938 I/ChimeraPrvdrProxy( 1678): Shutting down chimera ContentProvider com.google.android.gms.reminders.provider.RemindersChimeraProvider
07-06 04:11:50.943 D/ApplicationLoaders( 4752): Returning zygote-cached class loader: /system_ext/framework/androidx.window.extensions.jar
07-06 04:11:50.943 D/ApplicationLoaders( 4752): Returning zygote-cached class loader: /system_ext/framework/androidx.window.sidecar.jar
07-06 04:11:50.944 D/CoreBackPreview( 685): Window{5432447 u0 Splash Screen store.rayp.securenotes}: Setting back callback OnBackInvokedCallbackInfo{mCallback=android.window.IOnBackInvokedCallback$Stub$Proxy@a83bde3, mPriority=0, mIsAnimationCallback=false, mOverrideBehavior=0}
07-06 04:11:50.967 D/WM-SystemJobService( 3876): onStartJob for WorkGenerationalId(workSpecId=cbbdd4c0-74aa-44d2-925b-947cf4c9c8f5, generation=0)
07-06 04:11:50.969 D/WM-Processor( 3876): Work WorkGenerationalId(workSpecId=cbbdd4c0-74aa-44d2-925b-947cf4c9c8f5, generation=0) is already enqueued for processing
07-06 04:11:50.995 W/Conscrypt( 1678): Could not set socket write timeout: java.net.SocketException: Socket closed
07-06 04:11:50.995 W/Conscrypt( 1678): at com.google.android.gms.org.conscrypt.Platform.setSocketWriteTimeout(:com.google.android.gms@252635038@25.26.35 (260800-783060121):204)
07-06 04:11:50.995 W/Conscrypt( 1678): at com.google.android.gms.org.conscrypt.ConscryptFileDescriptorSocket.setSoWriteTimeout(:com.google.android.gms@252635038@25.26.35 (260800-783060121):4)
07-06 04:11:50.998 D/eatg ( 3876): Starting download: https://www.gstatic.com/messages/smarts/smart_actions_emotive_models/winter_templates.pb
07-06 04:11:50.998 V/eatg ( 3876): Is http uri, downloading (uri: https://www.gstatic.com/messages/smarts/smart_actions_emotive_models/winter_templates.pb)
07-06 04:11:51.016 D/eatg ( 3876): Starting download: https://www.gstatic.com/messages/smarts/smart_actions_grammars/pumpkin_model_config_sticker_winter.pb
07-06 04:11:51.016 V/eatg ( 3876): Is http uri, downloading (uri: https://www.gstatic.com/messages/smarts/smart_actions_grammars/pumpkin_model_config_sticker_winter.pb)
07-06 04:11:51.042 D/nativeloader( 4752): Configuring clns-9 for other apk /data/app/~~o6-6xZRClbeFuxgaP6qBAw==/store.rayp.securenotes-u5peKVvT9fOhngEmEVIJng==/base.apk. target_sdk_version=36, uses_libraries=, library_path=/data/app/~~o6-6xZRClbeFuxgaP6qBAw==/store.rayp.securenotes-u5peKVvT9fOhngEmEVIJng==/lib/x86_64:/data/app/~~o6-6xZRClbeFuxgaP6qBAw==/store.rayp.securenotes-u5peKVvT9fOhngEmEVIJng==/base.apk!/lib/x86_64, permitted_path=/data:/mnt/expand:/data/user/0/store.rayp.securenotes
07-06 04:11:51.055 V/WindowManager( 685): Sent Transition (#15) createdAt=07-06 04:11:50.749 via request=TransitionRequestInfo { type = OPEN, triggerTask = TaskInfo{userId=0 taskId=9 effectiveUid=10216 displayId=0 isRunning=true baseIntent=Intent { flg=0x10000000 cmp=store.rayp.securenotes/.MainActivity } baseActivity=ComponentInfo{store.rayp.securenotes/store.rayp.securenotes.MainActivity} topActivity=ComponentInfo{store.rayp.securenotes/store.rayp.securenotes.MainActivity} origActivity=null realActivity=ComponentInfo{store.rayp.securenotes/store.rayp.securenotes.MainActivity} numActivities=1 lastActiveTime=184312 supportsMultiWindow=true resizeMode=1 isResizeable=true minWidth=-1 minHeight=-1 defaultMinSize=220 token=WCT{RemoteToken{479065b Task{99715dc #9 type=standard A=10216:store.rayp.securenotes}}} topActivityType=1 pictureInPictureParams=null shouldDockBigOverlays=false launchIntoPipHostTaskId=-1 lastParentTaskIdBeforePip=-1 displayCutoutSafeInsets=Rect(0, 128 - 0, 0) topActivityInfo=ActivityInfo{cd99ef8 store.rayp.securenotes.MainActivity} launchCookies=[] positionInParent=Point(0, 0) parentTaskId=-1 isFocused=false isVisible=false isVisibleRequested=false isTopActivityNoDisplay=false isSleeping=false locusId=null displayAreaFeatureId=1 isTopActivityTransparent=false isActivityStackTransparent=false lastNonFullscreenBounds=Rect(276, 692 - 804, 1772) capturedLink=null capturedLinkTimestamp=0 requestedVisibleTypes=-9 topActivityRequestOpenInBrowserEducationTimestamp=0 appCompatTaskInfo=AppCompatTaskInfo { topActivityInSizeCompat=false eligibleForLetterboxEducation= false isLetterboxEducationEnabled= true isLetterboxDoubleTapEnabled= false eligibleForUserAspectRatioButton= false topActivityBoundsLetterboxed= false isFromLetterboxDoubleTap= false topActivityLetterboxVerticalPosition= -1 topActivityLetterboxHorizontalPosition= -1 topActivityLetterboxWidth=-1 topActivityLetterboxHeight=-1 topActivityAppBounds=Rect(0, 0 - 1080, 2400) isUserFullscreenOverrideEnabled=false isSystemFullscreenOverrideEnabled=false hasMinAspectRatioOverride=false topActivityLetterboxBounds=null cameraCompatTaskInfo=CameraCompatTaskInfo { freeformCameraCompatMode=inactive}} topActivityMainWindowFrame=null}, pipChange = null, remoteTransition = null, displayChange = null, flags = 0, debugId = 15 }
07-06 04:11:51.055 V/WindowManager( 685): startWCT=WindowContainerTransaction { changes= {} hops= [] errorCallbackToken=null taskFragmentOrganizer=null }
07-06 04:11:51.056 V/WindowManager( 685): info={id=15 t=OPEN f=0x0 trk=0 r=[0@Point(0, 0)] c=[
07-06 04:11:51.056 V/WindowManager( 685): {WCT{RemoteToken{479065b Task{99715dc #9 type=standard A=10216:store.rayp.securenotes}}} m=OPEN f=NONE leash=Surface(name=Task=9)/@0x9def355 sb=Rect(0, 0 - 1080, 2400) eb=Rect(0, 0 - 1080, 2400) epz=Point(1080, 2400) d=0 taskParent=-1},
07-06 04:11:51.056 V/WindowManager( 685): {WCT{RemoteToken{be02f42 Task{91b2705 #1 type=home}}} m=TO_BACK f=SHOW_WALLPAPER leash=Surface(name=Task=1)/@0x3e94390 sb=Rect(0, 0 - 1080, 2400) eb=Rect(0, 0 - 1080, 2400) epz=Point(1080, 2400) d=0 taskParent=-1},
07-06 04:11:51.056 V/WindowManager( 685): {m=TO_BACK f=IS_WALLPAPER leash=Surface(name=WallpaperWindowToken{d0ef2ba showWhenLocked=false})/@0x1feae42 sb=Rect(0, 0 - 1080, 2400) eb=Rect(0, 0 - 1080, 2400) epz=Point(1080, 2400) d=0}
07-06 04:11:51.056 V/WindowManager( 685): ]}
07-06 04:11:51.057 V/WindowManagerShell( 1132): onTransitionReady(transaction=2942052598280)
07-06 04:11:51.057 V/WindowManagerShell( 1132): onTransitionReady (#15) android.os.BinderProxy@a571d5c: {id=15 t=OPEN f=0x0 trk=0 r=[0@Point(0, 0)] c=[
07-06 04:11:51.057 V/WindowManagerShell( 1132): {m=OPEN f=NONE leash=Surface(name=Task=9)/@0xe1f798d sb=Rect(0, 0 - 1080, 2400) eb=Rect(0, 0 - 1080, 2400) epz=Point(1080, 2400) d=0 taskParent=-1},
07-06 04:11:51.057 V/WindowManagerShell( 1132): {m=TO_BACK f=SHOW_WALLPAPER leash=Surface(name=Task=1)/@0xa7de742 sb=Rect(0, 0 - 1080, 2400) eb=Rect(0, 0 - 1080, 2400) epz=Point(1080, 2400) d=0 taskParent=-1},
07-06 04:11:51.057 V/WindowManagerShell( 1132): {m=TO_BACK f=IS_WALLPAPER leash=Surface(name=WallpaperWindowToken{d0ef2ba showWhenLocked=false})/@0x31dc353 sb=Rect(0, 0 - 1080, 2400) eb=Rect(0, 0 - 1080, 2400) epz=Point(1080, 2400) d=0}
07-06 04:11:51.057 V/WindowManagerShell( 1132): ]}
07-06 04:11:51.059 V/WindowManagerShell( 1132): Playing animation for (#15) android.os.BinderProxy@a571d5c@0
07-06 04:11:51.059 V/ShellRecents( 1132): RecentsTransitionHandler.startAnimation: no controller found
07-06 04:11:51.060 V/WindowManagerShell( 1132): Transition doesn't have explicit remote, search filters for match for {id=15 t=OPEN f=0x0 trk=0 r=[0@Point(0, 0)] c=[{m=OPEN f=NONE leash=Surface(name=Task=9)/@0xe1f798d sb=Rect(0, 0 - 1080, 2400) eb=Rect(0, 0 - 1080, 2400) epz=Point(1080, 2400) d=0 taskParent=-1},{m=TO_BACK f=SHOW_WALLPAPER leash=Surface(name=Task=1)/@0xa7de742 sb=Rect(0, 0 - 1080, 2400) eb=Rect(0, 0 - 1080, 2400) epz=Point(1080, 2400) d=0 taskParent=-1},{m=TO_BACK f=IS_WALLPAPER leash=Surface(name=WallpaperWindowToken{d0ef2ba showWhenLocked=false})/@0x31dc353 sb=Rect(0, 0 - 1080, 2400) eb=Rect(0, 0 - 1080, 2400) epz=Point(1080, 2400) d=0}]}
07-06 04:11:51.061 V/WindowManagerShell( 1132): Checking filter Pair{{types=[] flags=0x0] notFlags=0x0 checks=[{atype=undefined independent=true modes=[CLOSE,TO_BACK] flags=IN_TASK_WITH_EMBEDDED_ACTIVITY mustBeTask=false order=ANY topActivity=null launchCookie=null taskFragmentToken=android.os.BinderProxy@951c83b windowingMode=undefined}]} RemoteTransition { remoteTransition = android.window.IRemoteTransition$Stub$Proxy@b766b58, appThread = android.app.IApplicationThread$Stub$Proxy@430b4b1, debugName = overlayBackTransition }}
07-06 04:11:51.061 V/WindowManagerShell( 1132): Checking filter Pair{{types=[] flags=0x0] notFlags=0x0 checks=[{atype=dream independent=true modes=[OPEN,TO_FRONT] flags=NONE mustBeTask=false order=ANY topActivity=null launchCookie=null windowingMode=undefined},{atype=home independent=true modes=[CLOSE,TO_BACK] flags=NONE mustBeTask=false order=ANY topActivity=null launchCookie=null windowingMode=undefined}]} RemoteTransition { remoteTransition = android.window.IRemoteTransition$Stub$Proxy@1b10d96, appThread = android.app.IApplicationThread$Stub$Proxy@28aad17, debugName = LauncherToDream }}
07-06 04:11:51.061 V/WindowManagerShell( 1132): Checking filter Pair{{types=[] flags=0x0] notFlags=0x100 checks=[{atype=home independent=true modes=[OPEN,TO_FRONT] flags=NONE mustBeTask=false order=TOP topActivity=ComponentInfo{com.google.android.apps.nexuslauncher/com.google.android.apps.nexuslauncher.NexusLauncherActivity} launchCookie=null windowingMode=undefined},{atype=standard independent=true modes=[CLOSE,TO_BACK] flags=NONE mustBeTask=false order=ANY topActivity=null launchCookie=null windowingMode=undefined},{NOT atype=undefined independent=true modes=[] flags=NONE mustBeTask=true order=ANY topActivity=null launchCookie=null customAnim=true windowingMode=undefined}]} RemoteTransition { remoteTransition = android.window.IRemoteTransition$Stub$Proxy@c92e504, appThread = android.app.IApplicationThread$Stub$Proxy@16aeaed, debugName = QuickstepLaunchHome }}
07-06 04:11:51.061 V/WindowManagerShell( 1132): Delegate animation for (#15) to null
07-06 04:11:51.061 V/WindowManagerShell( 1132): start default transition animation, info = {id=15 t=OPEN f=0x0 trk=0 r=[0@Point(0, 0)] c=[{m=OPEN f=NONE leash=Surface(name=Task=9)/@0xe1f798d sb=Rect(0, 0 - 1080, 2400) eb=Rect(0, 0 - 1080, 2400) epz=Point(1080, 2400) d=0 taskParent=-1},{m=TO_BACK f=SHOW_WALLPAPER leash=Surface(name=Task=1)/@0xa7de742 sb=Rect(0, 0 - 1080, 2400) eb=Rect(0, 0 - 1080, 2400) epz=Point(1080, 2400) d=0 taskParent=-1},{m=TO_BACK f=IS_WALLPAPER leash=Surface(name=WallpaperWindowToken{d0ef2ba showWhenLocked=false})/@0x31dc353 sb=Rect(0, 0 - 1080, 2400) eb=Rect(0, 0 - 1080, 2400) epz=Point(1080, 2400) d=0}]}
07-06 04:11:51.068 I/ayp.securenotes( 4752): AssetManager2(0x7c218d725af8) locale list changing from [] to [en-US]
07-06 04:11:51.069 V/WindowManagerShell( 1132): loadAnimation: anim=android.view.animation.AnimationSet@607358e animAttr=0x13 type=OPEN isEntrance=false
07-06 04:11:51.088 V/WindowManagerShell( 1132): loadAnimation: anim=android.view.animation.AnimationSet@cc049cb animAttr=0x12 type=OPEN isEntrance=true
07-06 04:11:51.090 V/WindowManagerShell( 1132): animated by com.android.wm.shell.transition.DefaultTransitionHandler@31b553f
07-06 04:11:51.090 W/Looper ( 1132): Slow dispatch took 33ms wmshell.main app=com.android.systemui main=false group=TOP_APP h=android.os.Handler c=com.android.wm.shell.transition.Transitions$TransitionPlayerImpl$$ExternalSyntheticLambda0@25d75a8 m=0
07-06 04:11:51.100 V/GraphicsEnvironment( 4752): Currently set values for:
07-06 04:11:51.101 V/GraphicsEnvironment( 4752): angle_gl_driver_selection_pkgs=[]
07-06 04:11:51.101 V/GraphicsEnvironment( 4752): angle_gl_driver_selection_values=[]
07-06 04:11:51.101 V/GraphicsEnvironment( 4752): store.rayp.securenotes is not listed in per-application setting
07-06 04:11:51.101 V/GraphicsEnvironment( 4752): ANGLE allowlist from config: com.dreamgames.royalmatch com.dts.freefiremax com.dxx.firenow com.gramgames.mergedragons com.ludo.king com.mojang.minecraftpe com.my.defense com.nintendo.zaka com.os.airforce com.playrix.fishdomdd.gplay io.teslatech.callbreak jp.konami.prospia net.peakgames.toonblast
07-06 04:11:51.104 V/GraphicsEnvironment( 4752): store.rayp.securenotes is not listed in ANGLE allowlist or settings, returning default
07-06 04:11:51.105 V/GraphicsEnvironment( 4752): Neither updatable production driver nor prerelease driver is supported.
07-06 04:11:51.115 W/Conscrypt( 1678): Could not set socket write timeout: java.net.SocketException: Socket closed
07-06 04:11:51.115 W/Conscrypt( 1678): at com.google.android.gms.org.conscrypt.Platform.setSocketWriteTimeout(:com.google.android.gms@252635038@25.26.35 (260800-783060121):204)
07-06 04:11:51.115 W/Conscrypt( 1678): at com.google.android.gms.org.conscrypt.ConscryptFileDescriptorSocket.setSoWriteTimeout(:com.google.android.gms@252635038@25.26.35 (260800-783060121):4)
07-06 04:11:51.142 D/eatg ( 3876): Starting download: https://www.gstatic.com/messages/smarts/smart_actions_grammars/model_based_providers_config_pumpkin_sticker_winter.pb
07-06 04:11:51.142 V/eatg ( 3876): Is http uri, downloading (uri: https://www.gstatic.com/messages/smarts/smart_actions_grammars/model_based_providers_config_pumpkin_sticker_winter.pb)
07-06 04:11:51.157 D/eatg ( 3876): Starting download: https://www.gstatic.com/messages/smarts/smart_actions_grammars/Valentines_android.far
07-06 04:11:51.157 V/eatg ( 3876): Is http uri, downloading (uri: https://www.gstatic.com/messages/smarts/smart_actions_grammars/Valentines_android.far)
07-06 04:11:51.162 W/SoLoader( 4752): Initializing SoLoader: 0
07-06 04:11:51.169 W/SoLoader( 4752): Recording new base apk path: /data/app/~~o6-6xZRClbeFuxgaP6qBAw==/store.rayp.securenotes-u5peKVvT9fOhngEmEVIJng==/base.apk
07-06 04:11:51.169 W/SoLoader( 4752): Previously recorded 0 base apk paths.
07-06 04:11:51.170 I/SoLoader( 4752): Preparing SO source: DirectorySoSource[root = /vendor/lib64 flags = 2]
07-06 04:11:51.171 I/SoLoader( 4752): Preparing SO source: DirectorySoSource[root = /system/lib64 flags = 2]
07-06 04:11:51.171 I/SoLoader( 4752): Preparing SO source: DirectApkSoSource[root = [/data/app/~~o6-6xZRClbeFuxgaP6qBAw==/store.rayp.securenotes-u5peKVvT9fOhngEmEVIJng==/base.apk!/lib/x86_64]]
07-06 04:11:51.187 I/SoLoader( 4752): Preparing SO source: ApplicationSoSource[DirectorySoSource[root = /data/app/~~o6-6xZRClbeFuxgaP6qBAw==/store.rayp.securenotes-u5peKVvT9fOhngEmEVIJng==/lib/x86_64 flags = 0]]
07-06 04:11:51.188 I/SoLoader( 4752): init finish: 4 SO sources prepared
07-06 04:11:51.193 W/SoLoader( 4752): SoLoader initialized: 8
07-06 04:11:51.293 D/eatg ( 3876): Starting download: https://www.gstatic.com/messages/smarts/smart_actions_emotive_models/valentines_templates_1.pb
07-06 04:11:51.293 V/eatg ( 3876): Is http uri, downloading (uri: https://www.gstatic.com/messages/smarts/smart_actions_emotive_models/valentines_templates_1.pb)
07-06 04:11:51.294 D/eatg ( 3876): Starting download: https://www.gstatic.com/messages/smarts/smart_actions_grammars/pumpkin_model_config_sticker_valentines.pb
07-06 04:11:51.294 V/eatg ( 3876): Is http uri, downloading (uri: https://www.gstatic.com/messages/smarts/smart_actions_grammars/pumpkin_model_config_sticker_valentines.pb)
07-06 04:11:51.339 D/nativeloader( 4752): Load /data/app/~~o6-6xZRClbeFuxgaP6qBAw==/store.rayp.securenotes-u5peKVvT9fOhngEmEVIJng==/base.apk!/lib/x86_64/libc++_shared.so using class loader ns clns-9 (caller=/data/app/~~o6-6xZRClbeFuxgaP6qBAw==/store.rayp.securenotes-u5peKVvT9fOhngEmEVIJng==/base.apk): ok
07-06 04:11:51.371 D/BoundBrokerSvc( 1678): onUnbind: Intent { act=com.google.android.gms.findmydevice.spot.service.management.START dat=chimera-action:/... xflg=0x4 cmp=com.google.android.gms/.chimera.GmsApiService }
07-06 04:11:51.393 V/WindowManagerShell( 1132): Transition animation finished (aborted=false), notifying core (#15) android.os.BinderProxy@a571d5c@0
07-06 04:11:51.404 D/VRI[NexusLauncherActivity]( 1415): visibilityChanged oldVisibility=true newVisibility=false
07-06 04:11:51.406 V/WindowManagerShell( 1132): Track 0 became idle
07-06 04:11:51.406 V/WindowManagerShell( 1132): All active transition animations finished
07-06 04:11:51.422 D/NexusLauncherModelDelegate( 1415): notifySmartspaceEvent: SmartspaceTargetEvent{mSmartspaceTarget=null, mSmartspaceActionId='null', mEventType=7}
07-06 04:11:51.422 V/WindowManager( 685): Finish Transition (#15): created at
07-06 04:11:50.749 collect-started=0.029ms request-sent=18.366ms started=43.401ms ready=285.807ms sent=305.426ms commit=62.095ms finished=652.448ms
07-06 04:11:51.429 D/eatg ( 3876): Starting download: https://www.gstatic.com/messages/smarts/smart_actions_grammars/model_based_providers_config_valentines.pb
07-06 04:11:51.429 V/eatg ( 3876): Is http uri, downloading (uri: https://www.gstatic.com/messages/smarts/smart_actions_grammars/model_based_providers_config_valentines.pb)
07-06 04:11:51.431 D/eatg ( 3876): Starting download: https://www.gstatic.com/messages/smarts/smart_actions_emotive_models/Back_To_School_android.far_1692662523829
07-06 04:11:51.431 V/eatg ( 3876): Is http uri, downloading (uri: https://www.gstatic.com/messages/smarts/smart_actions_emotive_models/Back_To_School_android.far_1692662523829)
07-06 04:11:51.472 I/netd ( 472): tetherGetStats() -> {[]} <1.57ms>
07-06 04:11:51.484 D/OomAdjuster( 685): Not killing cached processes
07-06 04:11:51.491 I/netd ( 472): bandwidthSetGlobalAlert(2097152) <10.23ms>
07-06 04:11:51.492 I/netd ( 472): bandwidthRemoveInterfaceQuota(eth0) <9.74ms>
07-06 04:11:51.493 I/netd ( 472): bandwidthSetInterfaceQuota(eth0, 9223372036854775807) <0.42ms>
07-06 04:11:51.520 E/constellation( 1678): [rpc_manager] Sync: failed with status: hubg{code=RESOURCE_EXHAUSTED, description=Resource has been exhausted (e.g. check quota)., cause=null}
07-06 04:11:51.520 E/constellation( 1678): Exception:
07-06 04:11:51.520 E/constellation( 1678): hubh: RESOURCE_EXHAUSTED: Resource has been exhausted (e.g. check quota).
07-06 04:11:51.520 E/constellation( 1678): at aziz.s(:com.google.android.gms@252635038@25.26.35 (260800-783060121):31)
07-06 04:11:51.520 E/constellation( 1678): at aziz.f(:com.google.android.gms@252635038@25.26.35 (260800-783060121):90)
07-06 04:11:51.520 E/constellation( 1678): at babv.b(:com.google.android.gms@252635038@25.26.35 (260800-783060121):44)
07-06 04:11:51.520 E/constellation( 1678): at babr.E(:com.google.android.gms@252635038@25.26.35 (260800-783060121):20)
07-06 04:11:51.520 E/constellation( 1678): at babr.i(:com.google.android.gms@252635038@25.26.35 (260800-783060121):95)
07-06 04:11:51.520 E/constellation( 1678): at baak.m(:com.google.android.gms@252635038@25.26.35 (260800-783060121):22)
07-06 04:11:51.520 E/constellation( 1678): at com.google.android.gms.constellation.EventManager.onHandleIntent(:com.google.android.gms@252635038@25.26.35 (260800-783060121):2420)
07-06 04:11:51.520 E/constellation( 1678): at com.google.android.chimera.IntentOperation.onHandleIntent(:com.google.android.gms@252635038@25.26.35 (260800-783060121):2)
07-06 04:11:51.520 E/constellation( 1678): at aumo.onHandleIntent(:com.google.android.gms@252635038@25.26.35 (260800-783060121):8)
07-06 04:11:51.520 E/constellation( 1678): at vzd.run(:com.google.android.gms@252635038@25.26.35 (260800-783060121):64)
07-06 04:11:51.520 E/constellation( 1678): at vzc.run(:com.google.android.gms@252635038@25.26.35 (260800-783060121):132)
07-06 04:11:51.520 E/constellation( 1678): at fyac.run(:com.google.android.gms@252635038@25.26.35 (260800-783060121):21)
07-06 04:11:51.520 E/constellation( 1678): at java.util.concurrent.ThreadPoolExecutor.runWorker(ThreadPoolExecutor.java:1156)
07-06 04:11:51.520 E/constellation( 1678): at java.util.concurrent.ThreadPoolExecutor$Worker.run(ThreadPoolExecutor.java:651)
07-06 04:11:51.520 E/constellation( 1678): at java.lang.Thread.run(Thread.java:1119)
07-06 04:11:51.527 W/BugleRcsEngine( 3876): UPI - verifyPhoneNumber API returned an exception: 5008: [295d3d1a-b937-467f-9520-99fac2a5b0cc] [CONTEXT log_prefix="(PEv2-SM69524235-DefaultCallSmsData-1-89c)" thread_id=96 ]
07-06 04:11:51.535 W/BugleRcsEngine( 3876): Unable to send diagnostic log [CONTEXT thread_id=96 ]
07-06 04:11:51.537 I/BugleRcsEngine( 3876): UPI - non-retryable verifyPhoneNumber failure, falling back to non-UPI is removed [295d3d1a-b937-467f-9520-99fac2a5b0cc] [CONTEXT log_prefix="(PEv2-SM69524235-DefaultCallSmsData-1-89c)" thread_id=96 ]
07-06 04:11:51.538 I/BugleRcsEngine( 3876): transitionViaMessage, srcState=VerifyMsisdnState, destState = RetryState [295d3d1a-b937-467f-9520-99fac2a5b0cc] [CONTEXT log_prefix="(PEv2-SM69524235-DefaultCallSmsData-1-89c)" thread_id=96 ]
07-06 04:11:51.538 W/StateMachineV2( 3876): Current state 31 and its parents requested to transition to more than 1 state. Requests: [(1, 14), (14, 14), (14, 3), (14, 3), (3, 31), (3, 31), (31, 5)]
07-06 04:11:51.539 I/StateMachineV2( 3876): State transition requested, from 31 to 5
07-06 04:11:51.539 I/StateMachineV2( 3876): Pretend exiting dkjj@30246b8
07-06 04:11:51.540 I/StateMachineV2( 3876): Pretend exiting dkio@ef457ff
07-06 04:11:51.540 I/StateMachineV2( 3876): Pretend entering dkiz@f1359cc
07-06 04:11:51.541 I/BugleRcsEngine( 3876): VerifyMsisdnState: Transition to retry [295d3d1a-b937-467f-9520-99fac2a5b0cc] [CONTEXT log_prefix="(PEv2-SM69524235-DefaultCallSmsData-1-89c)" thread_id=135 ]
07-06 04:11:51.541 W/StateMachineV2( 3876): Current state 5 and its parents requested to transition to more than 1 state. Requests: [(1, 14), (14, 14), (14, 3), (14, 3), (3, 31), (3, 31), (31, 5), (5, 5)]
07-06 04:11:51.541 I/BugleRcsEngine( 3876): transitionTo: destState=RetryState [295d3d1a-b937-467f-9520-99fac2a5b0cc] [CONTEXT log_prefix="(PEv2-SM69524235-DefaultCallSmsData-1-89c)" thread_id=135 ]
07-06 04:11:51.541 I/BugleRcsEngine( 3876): onTransitionRequested VerifyMsisdnState [295d3d1a-b937-467f-9520-99fac2a5b0cc] [CONTEXT log_prefix="(PEv2-SM69524235-DefaultCallSmsData-1-89c)" thread_id=135 ]
07-06 04:11:51.542 I/BugleRcsEngine( 3876): Exit VerifyMsisdnState [295d3d1a-b937-467f-9520-99fac2a5b0cc] [CONTEXT log_prefix="(PEv2-SM69524235-DefaultCallSmsData-1-89c)" thread_id=135 ]
07-06 04:11:51.542 W/BugleRcsEngine( 3876): Unable to send diagnostic log [CONTEXT thread_id=135 ]
07-06 04:11:51.543 I/StateMachineV2( 3876): Pretend sent message 2009 to dkiz@f1359cc
07-06 04:11:51.544 D/eatg ( 3876): Starting download: https://www.gstatic.com/messages/smarts/smart_actions_emotive_models/back_to_school_templates.pb_1692146826909
07-06 04:11:51.544 V/eatg ( 3876): Is http uri, downloading (uri: https://www.gstatic.com/messages/smarts/smart_actions_emotive_models/back_to_school_templates.pb_1692146826909)
07-06 04:11:51.545 W/BugleRcsEngine( 3876): Unable to send diagnostic log [CONTEXT thread_id=53 ]
07-06 04:11:51.547 I/StateMachineV2( 3876): Ignoring transitioning request to 5, state machine is already at that state
07-06 04:11:51.548 I/BugleRcsEngine( 3876): Exit InProgressState [295d3d1a-b937-467f-9520-99fac2a5b0cc] [CONTEXT log_prefix="(PEv2-SM69524235-DefaultCallSmsData-1-89c)" thread_id=135 ]
07-06 04:11:51.549 W/BugleRcsEngine( 3876): Unable to send diagnostic log [CONTEXT thread_id=135 ]
07-06 04:11:51.551 I/BugleRcsEngine( 3876): Enter RetryState [295d3d1a-b937-467f-9520-99fac2a5b0cc] [CONTEXT log_prefix="(PEv2-SM69524235-DefaultCallSmsData-1-89c)" thread_id=135 ]
07-06 04:11:51.560 D/eatg ( 3876): Starting download: https://www.gstatic.com/messages/smarts/smart_actions_emotive_models/pumpkin_model_config_sticker_back_to_school.pb_1691774075224
07-06 04:11:51.561 V/eatg ( 3876): Is http uri, downloading (uri: https://www.gstatic.com/messages/smarts/smart_actions_emotive_models/pumpkin_model_config_sticker_back_to_school.pb_1691774075224)
07-06 04:11:51.567 W/BugleRcsEngine( 3876): Unable to send diagnostic log [CONTEXT thread_id=135 ]
07-06 04:11:51.567 I/StateMachineV2( 3876): Queuing delayed 9 for PT5M
07-06 04:11:51.569 I/BugleRcsEngine( 3876): nextRetry = 0 [295d3d1a-b937-467f-9520-99fac2a5b0cc] [CONTEXT log_prefix="(PEv2-SM69524235-DefaultCallSmsData-1-89c)" thread_id=135 ]
07-06 04:11:51.570 I/BugleRcsEngine( 3876): scheduleRetry, currentRetry = 0, retryMillis = 120000 [295d3d1a-b937-467f-9520-99fac2a5b0cc] [CONTEXT log_prefix="(PEv2-SM69524235-DefaultCallSmsData-1-89c)" thread_id=135 ]
07-06 04:11:51.617 I/BugleRcsEngine( 3876): [SR]: Single Registration is disabled. Skipping Single Registration capability check for subId: 1, OS.isAtLeastS:[true], enableSingleRegistrationProvisioning:[false] [CONTEXT thread_id=135 ]
07-06 04:11:51.620 I/BugleRcsEngine( 3876): No RCS Configuration was found in Bugle for simID: redacted-pii:sim_id[chars:20,last3:897] [CONTEXT log_prefix="ProvisioningEngineDataRetriever" thread_id=135 ]
07-06 04:11:51.621 I/BugleRcsProvisioning( 3876): RcsAvailability configuration availability and enabled status: simId: redacted-pii:sim_id[chars:20,last3:897], SipConnectionType: DUAL_REG, isConfigurationAvailableAndEnabled: false
07-06 04:11:51.622 I/BugleRcsProvisioning( 3876): Checking isConfigServerUrlAvailable with simId: redacted-pii:sim_id[chars:20,last3:897],
07-06 04:11:51.622 I/BugleRcsEngine( 3876): getConfigServerUrl with simId: redacted-pii:sim_id[chars:20,last3:897] [CONTEXT log_prefix="ProvisioningServerUtil" thread_id=135 ]
07-06 04:11:51.623 I/BugleRcsEngine( 3876): Using config server URL from chgq [CONTEXT log_prefix="ProvisioningServerUtil" thread_id=135 ]
07-06 04:11:51.633 I/BugleRcsProvisioning( 3876): RcsAvailability: Subscription Id: 1, simId: redacted-pii:sim_id[chars:20,last3:897], sipConnectionType: DUAL_REG, isRcsAvailable: false
07-06 04:11:51.635 I/BugleRcsEngine( 3876): No RCS Configuration was found in Bugle for simID: redacted-pii:sim_id[chars:20,last3:897] [CONTEXT log_prefix="ProvisioningEngineDataRetriever" thread_id=135 ]
07-06 04:11:51.635 I/BugleRcsProvisioning( 3876): updateAvailabilityForRcsProvisioningId. SimId: redacted-pii:sim_id[chars:20,last3:897], currentAvailability: 10, newAvailability: 10, hint: NO_HINT
07-06 04:11:51.636 I/BugleRcsProvisioning( 3876): RcsProvisioningTrigger: onRcsAvailabilityUpdate : availability is updated to Carrier RCS is not set up, lastAvailabilityLocal is Carrier RCS is not set up, simId hash = 6653625185586652804, simId = redacted-pii:sim_id[chars:20,last3:897], isPev3Enabled = true
07-06 04:11:51.640 W/BugleRcsEngine( 3876): Unable to send diagnostic log [CONTEXT thread_id=96 ]
07-06 04:11:51.640 W/BugleRcsEngine( 3876): Unable to send diagnostic log [CONTEXT thread_id=96 ]
07-06 04:11:51.641 I/BugleRcsWorker( 3876): [seqId=1][workId=c774d20d-80d3-4f92-9fa2-3326c3004c50] Received a provisioning state changed event from the provisioning engine RETRY
07-06 04:11:51.643 I/BugleRcsWorker( 3876): [seqId=1][workId=c774d20d-80d3-4f92-9fa2-3326c3004c50] Provisioning Engine entered RetryState, provisioning task will be rescheduled with exponential backoff
07-06 04:11:51.645 I/BugleRcsWorker( 3876): [seqId=1][workId=c774d20d-80d3-4f92-9fa2-3326c3004c50] finish provisioning task with result Success {mOutputData=Data {}}
07-06 04:11:51.648 I/BugleRcsWorker( 3876): [seqId=1][workId=c774d20d-80d3-4f92-9fa2-3326c3004c50] RCS provisioning task has finished with result Success {mOutputData=Data {}}
07-06 04:11:51.649 I/BugleClearcutLogger( 3876): qosTierResolver for LOG_SPEC_LEGACY_LOGGING is null. Using DEFAULT QoS tier as there's no specific QoS configuration for this log spec.
07-06 04:11:51.652 I/BugleRcsEngine( 3876): quit [null] [CONTEXT log_prefix="(PEv2-SM69524235-DefaultCallSmsData-1-89c)" thread_id=72 ]
07-06 04:11:51.652 I/BugleRcsEngine( 3876): transitionTo: destState=djko [null] [CONTEXT log_prefix="(PEv2-SM69524235-DefaultCallSmsData-1-89c)" thread_id=135 ]
07-06 04:11:51.652 I/BugleRcsEngine( 3876): Exit RetryState [null] [CONTEXT log_prefix="(PEv2-SM69524235-DefaultCallSmsData-1-89c)" thread_id=135 ]
07-06 04:11:51.653 W/BugleRcsEngine( 3876): Unable to send diagnostic log [CONTEXT thread_id=135 ]
07-06 04:11:51.653 W/BugleRcsEngine( 3876): onQuitting [null] [CONTEXT log_prefix="(PEv2-SM69524235-DefaultCallSmsData-1-89c)" thread_id=135 ]
07-06 04:11:51.655 I/WM-WorkerWrapper( 3876): Worker result SUCCESS for Work [ id=cbbdd4c0-74aa-44d2-925b-947cf4c9c8f5, tags={ com.google.android.apps.messaging.shared.rcsprovisioning.RcsProvisioningListenableWorker,provisioning } ]
07-06 04:11:51.657 D/WM-Processor( 3876): pst cbbdd4c0-74aa-44d2-925b-947cf4c9c8f5 executed; reschedule = false
07-06 04:11:51.660 D/eatg ( 3876): Starting download: https://www.gstatic.com/messages/smarts/smart_actions_emotive_models/model_based_provider_configs_pumpkin_sticker_back_to_school.pb_1691530161128
07-06 04:11:51.660 V/eatg ( 3876): Is http uri, downloading (uri: https://www.gstatic.com/messages/smarts/smart_actions_emotive_models/model_based_provider_configs_pumpkin_sticker_back_to_school.pb_1691530161128)
07-06 04:11:51.666 D/eatg ( 3876): Starting download: https://c.tenor.com/7w6B3fFBeFMAAAAk/tenor.gif
07-06 04:11:51.666 V/eatg ( 3876): Is http uri, downloading (uri: https://c.tenor.com/7w6B3fFBeFMAAAAk/tenor.gif)
07-06 04:11:51.666 I/Bugle ( 3876): Scheduling custom retry
07-06 04:11:51.667 I/BugleRcsEngine( 3876): [SR]: Single Registration is disabled. Skipping Single Registration capability check for subId: 1, OS.isAtLeastS:[true], enableSingleRegistrationProvisioning:[false] [CONTEXT thread_id=96 ]
07-06 04:11:51.668 I/BugleRcsEngine( 3876): No RCS Configuration was found in Bugle for simID: redacted-pii:sim_id[chars:20,last3:897] [CONTEXT log_prefix="ProvisioningEngineDataRetriever" thread_id=96 ]
07-06 04:11:51.670 D/WM-GreedyScheduler( 3876): Stopping tracking for WorkGenerationalId(workSpecId=cbbdd4c0-74aa-44d2-925b-947cf4c9c8f5, generation=0)
07-06 04:11:51.670 D/WM-SystemJobService( 3876): cbbdd4c0-74aa-44d2-925b-947cf4c9c8f5 executed on JobScheduler
07-06 04:11:51.675 D/WM-GreedyScheduler( 3876): Cancelling work ID cbbdd4c0-74aa-44d2-925b-947cf4c9c8f5
07-06 04:11:51.676 I/BugleRcsEngine( 3876): Scheduled provisioning task with 30 seconds delay, APPEND policy, trigger is STATE_MACHINE_RETRY, workerId is f157e693-613c-4f0d-8b90-3bd29c1006f0, simId is redacted-pii:sim_id[chars:20,last3:897] [CONTEXT log_prefix="provisioning" thread_id=96 ]
07-06 04:11:51.676 I/resolv ( 472): GetAddrInfoHandler::run: {100 786532 100 983140 10146 0}
07-06 04:11:51.677 I/resolv ( 472): res_nmkquery: (QUERY, IN, AAAA)
07-06 04:11:51.677 I/resolv ( 472): res_nmkquery: (QUERY, IN, A)
07-06 04:11:51.677 D/WM-GreedyScheduler( 3876): Ignoring {WorkSpec: 32f85fde-bf83-4d8f-aa55-467b87cab5eb}. Requires device idle.
07-06 04:11:51.677 D/WM-GreedyScheduler( 3876): Ignoring {WorkSpec: ec017ae5-f112-4d28-acfc-888f6a15a65c}. Requires device idle.
07-06 04:11:51.677 D/WM-GreedyScheduler( 3876): Ignoring {WorkSpec: 0f5b2dd5-a2fa-42f8-91a2-ceba10615577}. Requires device idle.
07-06 04:11:51.683 D/nativeloader( 4752): Load /data/app/~~o6-6xZRClbeFuxgaP6qBAw==/store.rayp.securenotes-u5peKVvT9fOhngEmEVIJng==/base.apk!/lib/x86_64/libjsi.so using class loader ns clns-9 (caller=/data/app/~~o6-6xZRClbeFuxgaP6qBAw==/store.rayp.securenotes-u5peKVvT9fOhngEmEVIJng==/base.apk): ok
07-06 04:11:51.692 I/BugleRcsEngine( 3876): [SR]: Single Registration is disabled. Skipping Single Registration capability check for subId: 1, OS.isAtLeastS:[true], enableSingleRegistrationProvisioning:[false] [CONTEXT thread_id=135 ]
07-06 04:11:51.694 D/WM-SystemJobScheduler( 3876): Scheduling work ID b5cb4ca6-4d02-47c7-996d-03bf81e87690Job ID 1025
07-06 04:11:51.694 D/nativeloader( 4752): Load /data/app/~~o6-6xZRClbeFuxgaP6qBAw==/store.rayp.securenotes-u5peKVvT9fOhngEmEVIJng==/base.apk!/lib/x86_64/libfbjni.so using class loader ns clns-9 (caller=/data/app/~~o6-6xZRClbeFuxgaP6qBAw==/store.rayp.securenotes-u5peKVvT9fOhngEmEVIJng==/base.apk): ok
07-06 04:11:51.696 I/BugleRcsEngine( 3876): No RCS Configuration was found in Bugle for simID: redacted-pii:sim_id[chars:20,last3:897] [CONTEXT log_prefix="ProvisioningEngineDataRetriever" thread_id=135 ]
07-06 04:11:51.696 I/BugleRcsProvisioning( 3876): RcsAvailability configuration availability and enabled status: simId: redacted-pii:sim_id[chars:20,last3:897], SipConnectionType: DUAL_REG, isConfigurationAvailableAndEnabled: false
07-06 04:11:51.697 I/BugleRcsProvisioning( 3876): Checking isConfigServerUrlAvailable with simId: redacted-pii:sim_id[chars:20,last3:897],
07-06 04:11:51.697 I/BugleRcsEngine( 3876): getConfigServerUrl with simId: redacted-pii:sim_id[chars:20,last3:897] [CONTEXT log_prefix="ProvisioningServerUtil" thread_id=135 ]
07-06 04:11:51.700 I/BugleRcsEngine( 3876): Using config server URL from chgq [CONTEXT log_prefix="ProvisioningServerUtil" thread_id=135 ]
07-06 04:11:51.703 I/BugleRcsProvisioning( 3876): RcsAvailability: Subscription Id: 1, simId: redacted-pii:sim_id[chars:20,last3:897], sipConnectionType: DUAL_REG, isRcsAvailable: false
07-06 04:11:51.705 I/BugleRcsEngine( 3876): No RCS Configuration was found in Bugle for simID: redacted-pii:sim_id[chars:20,last3:897] [CONTEXT log_prefix="ProvisioningEngineDataRetriever" thread_id=135 ]
07-06 04:11:51.705 I/BugleRcsProvisioning( 3876): updateAvailabilityForRcsProvisioningId. SimId: redacted-pii:sim_id[chars:20,last3:897], currentAvailability: 10, newAvailability: 10, hint: NO_HINT
07-06 04:11:51.706 D/WM-GreedyScheduler( 3876): Ignoring {WorkSpec: 32f85fde-bf83-4d8f-aa55-467b87cab5eb}. Requires device idle.
07-06 04:11:51.707 D/WM-GreedyScheduler( 3876): Ignoring {WorkSpec: ec017ae5-f112-4d28-acfc-888f6a15a65c}. Requires device idle.
07-06 04:11:51.707 D/WM-GreedyScheduler( 3876): Ignoring {WorkSpec: 0f5b2dd5-a2fa-42f8-91a2-ceba10615577}. Requires device idle.
07-06 04:11:51.708 I/BugleRcsProvisioning( 3876): RcsProvisioningTrigger: onRcsAvailabilityUpdate : availability is updated to Carrier RCS is not set up, lastAvailabilityLocal is Carrier RCS is not set up, simId hash = 6653625185586652804, simId = redacted-pii:sim_id[chars:20,last3:897], isPev3Enabled = true
07-06 04:11:51.731 I/resolv ( 472): res_nsend: used send_dg 92 terrno: 0
07-06 04:11:51.731 I/resolv ( 472): doQuery: rcode=0, ancount=2, return value=92
07-06 04:11:51.733 I/resolv ( 472): res_nsend: used send_dg 104 terrno: 0
07-06 04:11:51.733 I/resolv ( 472): doQuery: rcode=0, ancount=2, return value=104
07-06 04:11:51.744 D/nativeloader( 4752): Load /data/app/~~o6-6xZRClbeFuxgaP6qBAw==/store.rayp.securenotes-u5peKVvT9fOhngEmEVIJng==/base.apk!/lib/x86_64/libreactnative.so using class loader ns clns-9 (caller=/data/app/~~o6-6xZRClbeFuxgaP6qBAw==/store.rayp.securenotes-u5peKVvT9fOhngEmEVIJng==/base.apk): ok
07-06 04:11:51.745 D/jni_lib_merge( 4752): Entering merged library JNI_OnLoad.
07-06 04:11:51.745 D/jni_lib_merge( 4752): Preparing 13 pre-merged libs (including stub)
07-06 04:11:51.745 D/jni_lib_merge( 4752): Preparing to register libfabricjni_so. onload_func: 0x7c1f7760ff80
07-06 04:11:51.745 D/jni_lib_merge( 4752): Preparing to register libreact_devsupportjni_so. onload_func: 0x7c1f776f5ae0
07-06 04:11:51.745 D/jni_lib_merge( 4752): Preparing to register libreact_featureflagsjni_so. onload_func: 0x7c1f77708610
07-06 04:11:51.745 D/jni_lib_merge( 4752): Preparing to register libreact_newarchdefaults_so. onload_func: 0x7c1f777445f0
07-06 04:11:51.745 D/jni_lib_merge( 4752): Preparing to register libreact_tracingjni_so. onload_func: 0x7c1f7784cbd0
07-06 04:11:51.745 D/jni_lib_merge( 4752): Preparing to register libreactnativeblob_so. onload_func: 0x7c1f77851f30
07-06 04:11:51.745 D/jni_lib_merge( 4752): Preparing to register libreactnativejni_so. onload_func: 0x7c1f7785e430
07-06 04:11:51.745 D/jni_lib_merge( 4752): Preparing to register libreactnativejni_common_so. onload_func: 0x7c1f778612a0
07-06 04:11:51.745 D/jni_lib_merge( 4752): Preparing to register librninstance_so. onload_func: 0x7c1f778893c0
07-06 04:11:51.745 D/jni_lib_merge( 4752): Preparing to register libturbomodulejsijni_so. onload_func: 0x7c1f77937f20
07-06 04:11:51.745 D/jni_lib_merge( 4752): Preparing to register libuimanagerjni_so. onload_func: 0x7c1f7793ee80
07-06 04:11:51.745 D/jni_lib_merge( 4752): Preparing to register libyoga_so. onload_func: 0x7c1f77946580
07-06 04:11:51.745 D/jni_lib_merge( 4752): About to register 12 actual methods.
07-06 04:11:51.765 D/nativeloader( 4752): Load /data/app/~~o6-6xZRClbeFuxgaP6qBAw==/store.rayp.securenotes-u5peKVvT9fOhngEmEVIJng==/base.apk!/lib/x86_64/libreact_codegen_rnscreens.so using class loader ns clns-9 (caller=/data/app/~~o6-6xZRClbeFuxgaP6qBAw==/store.rayp.securenotes-u5peKVvT9fOhngEmEVIJng==/base.apk): ok
07-06 04:11:51.765 D/jni_lib_merge( 4752): Entering merged library JNI_OnLoad.
07-06 04:11:51.765 D/jni_lib_merge( 4752): Preparing 13 pre-merged libs (including stub)
07-06 04:11:51.765 D/jni_lib_merge( 4752): Preparing to register libfabricjni_so. onload_func: 0x7c1f7760ff80
07-06 04:11:51.765 D/jni_lib_merge( 4752): Preparing to register libreact_devsupportjni_so. onload_func: 0x7c1f776f5ae0
07-06 04:11:51.765 D/jni_lib_merge( 4752): Preparing to register libreact_featureflagsjni_so. onload_func: 0x7c1f77708610
07-06 04:11:51.765 D/jni_lib_merge( 4752): Preparing to register libreact_newarchdefaults_so. onload_func: 0x7c1f777445f0
07-06 04:11:51.765 D/jni_lib_merge( 4752): Preparing to register libreact_tracingjni_so. onload_func: 0x7c1f7784cbd0
07-06 04:11:51.765 D/jni_lib_merge( 4752): Preparing to register libreactnativeblob_so. onload_func: 0x7c1f77851f30
07-06 04:11:51.765 D/jni_lib_merge( 4752): Preparing to register libreactnativejni_so. onload_func: 0x7c1f7785e430
07-06 04:11:51.765 D/jni_lib_merge( 4752): Preparing to register libreactnativejni_common_so. onload_func: 0x7c1f778612a0
07-06 04:11:51.765 D/jni_lib_merge( 4752): Preparing to register librninstance_so. onload_func: 0x7c1f778893c0
07-06 04:11:51.765 D/jni_lib_merge( 4752): Preparing to register libturbomodulejsijni_so. onload_func: 0x7c1f77937f20
07-06 04:11:51.765 D/jni_lib_merge( 4752): Preparing to register libuimanagerjni_so. onload_func: 0x7c1f7793ee80
07-06 04:11:51.765 D/jni_lib_merge( 4752): Preparing to register libyoga_so. onload_func: 0x7c1f77946580
07-06 04:11:51.765 D/jni_lib_merge( 4752): About to register 12 actual methods.
07-06 04:11:51.772 D/nativeloader( 4752): Load /data/app/~~o6-6xZRClbeFuxgaP6qBAw==/store.rayp.securenotes-u5peKVvT9fOhngEmEVIJng==/base.apk!/lib/x86_64/libreact_codegen_safeareacontext.so using class loader ns clns-9 (caller=/data/app/~~o6-6xZRClbeFuxgaP6qBAw==/store.rayp.securenotes-u5peKVvT9fOhngEmEVIJng==/base.apk): ok
07-06 04:11:51.777 D/nativeloader( 4752): Load /data/app/~~o6-6xZRClbeFuxgaP6qBAw==/store.rayp.securenotes-u5peKVvT9fOhngEmEVIJng==/base.apk!/lib/x86_64/libappmodules.so using class loader ns clns-9 (caller=/data/app/~~o6-6xZRClbeFuxgaP6qBAw==/store.rayp.securenotes-u5peKVvT9fOhngEmEVIJng==/base.apk): ok
07-06 04:11:51.783 D/eatg ( 3876): Starting download: https://c.tenor.com/7DechusmE40AAAAk/tenor.gif
07-06 04:11:51.784 V/eatg ( 3876): Is http uri, downloading (uri: https://c.tenor.com/7DechusmE40AAAAk/tenor.gif)
07-06 04:11:51.801 W/OptProp ( 685): Cannot read opt property android.window.PROPERTY_COMPAT_ENABLE_FAKE_FOCUS
07-06 04:11:51.805 I/Choreographer( 4752): Skipped 38 frames! The application may be doing too much work on its main thread.
07-06 04:11:51.808 I/ayp.securenotes( 4752): AssetManager2(0x7c218d71c1d8) locale list changing from [] to [en-US]
07-06 04:11:51.812 D/BackgroundInstallControlService( 685): Package event received: 0
07-06 04:11:51.812 D/BackgroundInstallControlService( 685): Package event received: 0
07-06 04:11:51.814 I/DisplayManager( 4752): Choreographer implicitly registered for the refresh rate.
07-06 04:11:51.820 D/AppCompatDelegate( 4752): Checking for metadata for AppLocalesMetadataHolderService : Service not found
07-06 04:11:51.821 I/ayp.securenotes( 4752): AssetManager2(0x7c218d71f3d8) locale list changing from [] to [en-US]
07-06 04:11:51.827 E/ashmem ( 4752): Pinning is deprecated since Android Q. Please use trim or other methods.
07-06 04:11:51.832 I/netd ( 472): tetherGetStats() -> {[]} <1.14ms>
07-06 04:11:51.860 I/EGL_emulation( 4752): Opening libGLESv1_CM_emulation.so
07-06 04:11:51.860 I/EGL_emulation( 4752): Opening libGLESv2_emulation.so
07-06 04:11:51.869 W/.apps.messaging( 3876): Suspending all threads took: 6.419ms
07-06 04:11:51.877 W/HWUI ( 4752): Failed to initialize 101010-2 format, error = EGL_SUCCESS
07-06 04:11:51.909 D/SatelliteController( 1319): iisInCarrierRoamingNbIotNtn: satellite is disabled
07-06 04:11:51.916 W/unknown:BridgelessReact( 4752): ReactHost{0}.startSurface(surfaceId = 0): Schedule
07-06 04:11:51.916 W/unknown:BridgelessReact( 4752): ReactHost{0}.attachSurface(surfaceId = 0)
07-06 04:11:51.918 W/unknown:BridgelessReact( 4752): ReactHost{0}.getOrCreateReactInstanceTask()
07-06 04:11:51.919 W/unknown:BridgelessReact( 4752): ReactHost{0}.getOrCreateReactInstanceTask(): Start
07-06 04:11:51.919 W/unknown:BridgelessReact( 4752): ReactHost{0}.getJSBundleLoader()
07-06 04:11:51.919 W/unknown:BridgelessReact( 4752): ReactHost{0}.getOrCreateReactInstanceTask(): Creating BridgelessReactContext
07-06 04:11:51.920 W/unknown:BridgelessReact( 4752): ReactHost{0}.getOrCreateReactInstanceTask(): Creating ReactInstance
07-06 04:11:51.923 D/CompatChangeReporter( 4752): Compat change id reported: 377864165; UID 10216; state: ENABLED
07-06 04:11:51.924 D/DesktopModeFlags( 4752): Toggle override initialized to: OVERRIDE_UNSET
07-06 04:11:51.948 W/WindowOnBackDispatcher( 4752): OnBackInvokedCallback is not enabled for the application.
07-06 04:11:51.948 W/WindowOnBackDispatcher( 4752): Set 'android:enableOnBackInvokedCallback="true"' in the application manifest.
07-06 04:11:51.963 W/unknown:BridgelessReact( 4752): ReactHost{0}.onHostResume(activity)
07-06 04:11:51.963 W/unknown:BridgelessReact( 4752): ReactHost{0}.ReactContext.onHostResume()
07-06 04:11:51.971 D/nativeloader( 4752): Load /data/app/~~o6-6xZRClbeFuxgaP6qBAw==/store.rayp.securenotes-u5peKVvT9fOhngEmEVIJng==/base.apk!/lib/x86_64/libhermesvm.so using class loader ns clns-9 (caller=/data/app/~~o6-6xZRClbeFuxgaP6qBAw==/store.rayp.securenotes-u5peKVvT9fOhngEmEVIJng==/base.apk): ok
07-06 04:11:51.974 D/nativeloader( 4752): Load /data/app/~~o6-6xZRClbeFuxgaP6qBAw==/store.rayp.securenotes-u5peKVvT9fOhngEmEVIJng==/base.apk!/lib/x86_64/libhermestooling.so using class loader ns clns-9 (caller=/data/app/~~o6-6xZRClbeFuxgaP6qBAw==/store.rayp.securenotes-u5peKVvT9fOhngEmEVIJng==/base.apk): ok
07-06 04:11:51.974 D/jni_lib_merge( 4752): Entering merged library JNI_OnLoad.
07-06 04:11:51.974 D/jni_lib_merge( 4752): Preparing 4 pre-merged libs (including stub)
07-06 04:11:51.974 D/jni_lib_merge( 4752): Preparing to register libhermes_executor_so. onload_func: 0x7c1f7729b1d0
07-06 04:11:51.974 D/jni_lib_merge( 4752): Preparing to register libhermesinstancejni_so. onload_func: 0x7c1f772a2b10
07-06 04:11:51.974 D/jni_lib_merge( 4752): Preparing to register libjsijniprofiler_so. onload_func: 0x7c1f772a3350
07-06 04:11:51.974 D/jni_lib_merge( 4752): About to register 3 actual methods.
07-06 04:11:51.991 W/HWUI ( 4752): Unknown dataspace 0
07-06 04:11:52.037 D/CoreBackPreview( 685): Window{16f3e7d u0 store.rayp.securenotes/store.rayp.securenotes.MainActivity}: Setting back callback OnBackInvokedCallbackInfo{mCallback=android.window.IOnBackInvokedCallback$Stub$Proxy@b2de9c3, mPriority=0, mIsAnimationCallback=false, mOverrideBehavior=0}
07-06 04:11:52.519 I/servicemanager( 0): Caller(pid=4752,uid=10216,sid=u:r:untrusted_app:s0:c216,c256,c512,c768) Found android.hardware.graphics.allocator.IAllocator/default in device VINTF manifest.
07-06 04:11:52.042 D/eatg ( 3876): Starting download: https://c.tenor.com/BznTK02srIsAAAAk/tenor.gif
07-06 04:11:52.042 V/eatg ( 3876): Is http uri, downloading (uri: https://c.tenor.com/BznTK02srIsAAAAk/tenor.gif)
07-06 04:11:52.585 I/servicemanager( 0): Caller(pid=4752,uid=10216,sid=u:r:untrusted_app:s0:c216,c256,c512,c768) Found android.hardware.graphics.allocator.IAllocator/default in device VINTF manifest.
07-06 04:11:52.629 I/servicemanager( 0): Caller(pid=4752,uid=10216,sid=u:r:untrusted_app:s0:c216,c256,c512,c768) Found mapper/ranchu in device VINTF manifest.
07-06 04:11:52.104 D/eatg ( 3876): Starting download: https://c.tenor.com/p1qEArGuSoEAAAAk/tenor.gif
07-06 04:11:52.104 V/eatg ( 3876): Is http uri, downloading (uri: https://c.tenor.com/p1qEArGuSoEAAAAk/tenor.gif)
07-06 04:11:52.126 D/BoundBrokerSvc( 1447): onUnbind: Intent { act=com.google.android.gms.auth.aang.events.services.START dat=chimera-action:/... xflg=0x4 cmp=com.google.android.gms/.chimera.PersistentApiService }
07-06 04:11:52.141 D/eatg ( 3876): Starting download: https://c.tenor.com/QBIzxcCFhAQAAAAk/tenor.gif
07-06 04:11:52.141 V/eatg ( 3876): Is http uri, downloading (uri: https://c.tenor.com/QBIzxcCFhAQAAAAk/tenor.gif)
07-06 04:11:52.234 I/WifiService( 685): getWifiEnabledState uid=10147 state=3
07-06 04:11:52.238 D/eatg ( 3876): Starting download: https://c.tenor.com/SNToRS841A4AAAAk/tenor.gif
07-06 04:11:52.238 V/eatg ( 3876): Is http uri, downloading (uri: https://c.tenor.com/SNToRS841A4AAAAk/tenor.gif)
07-06 04:11:52.256 D/eatg ( 3876): Starting download: https://c.tenor.com/QT8fTQhWDdEAAAAk/tenor.gif
07-06 04:11:52.256 V/eatg ( 3876): Is http uri, downloading (uri: https://c.tenor.com/QT8fTQhWDdEAAAAk/tenor.gif)
07-06 04:11:52.289 I/ExpoModulesCore( 4752): ✅ AppContext was initialized
07-06 04:11:52.301 D/ConnectivityService( 685): requestNetwork for uid/pid:10147/1815 activeRequest: null callbackRequest: 170 [NetworkRequest [ REQUEST id=170, [ Transports: CELLULAR Capabilities: INTERNET&NOT_RESTRICTED&TRUSTED&NOT_VPN&NOT_VCN_MANAGED&NOT_BANDWIDTH_CONSTRAINED Uid: 10147 RequestorUid: 10147 RequestorPkg: com.google.android.googlequicksearchbox UnderlyingNetworks: Null] ]] callback flags: 0 order: 2147483647 isUidTracked: false declaredMethods: AVAIL|LOSING|LOST|NC|LP
07-06 04:11:52.315 D/eatg ( 3876): Starting download: https://c.tenor.com/qeiyevOg_1gAAAAk/tenor.gif
07-06 04:11:52.315 V/eatg ( 3876): Is http uri, downloading (uri: https://c.tenor.com/qeiyevOg_1gAAAAk/tenor.gif)
07-06 04:11:52.323 I/netd ( 472): networkSetPermissionForNetwork(101, 0) <12.69ms>
07-06 04:11:52.332 D/ConnectivityService( 685): NetReassign [170 : null → 101] [c 1] [a 24] [i 2]
07-06 04:11:52.358 D/ConnectivityService( 685): reportNetworkConnectivity(100, false) by 10147
07-06 04:11:52.368 D/NetworkMonitor/100( 1252): Forcing reevaluation for UID 10147. Dns signal count: 0
07-06 04:11:52.391 I/resolv ( 472): ResNSendHandler::run: 0 / {100 983140 100 983140 1073 1}
07-06 04:11:52.392 I/resolv ( 472): resolv_cache_lookup: FOUND IN CACHE entry=0x75db1cc18510
07-06 04:11:52.393 I/resolv ( 472): ResNSendHandler::run: 0 / {100 983140 100 983140 1073 1}
07-06 04:11:52.394 I/resolv ( 472): ResNSendHandler::run: 0 / {100 983140 100 983140 1073 1}
07-06 04:11:52.394 I/resolv ( 472): resolv_cache_lookup: FOUND IN CACHE entry=0x75dcccc15570
07-06 04:11:52.402 I/resolv ( 472): ResNSendHandler::run: 0 / {100 983140 100 983140 1073 1}
07-06 04:11:52.418 D/eatg ( 3876): Starting download: https://c.tenor.com/JJO64sVq9MsAAAAk/tenor.gif
07-06 04:11:52.418 V/eatg ( 3876): Is http uri, downloading (uri: https://c.tenor.com/JJO64sVq9MsAAAAk/tenor.gif)
07-06 04:11:52.426 I/resolv ( 472): res_nsend: used send_dg 75 terrno: 0
07-06 04:11:52.430 I/resolv ( 472): res_nsend: used send_dg 63 terrno: 0
07-06 04:11:52.439 D/eatg ( 3876): Starting download: https://c.tenor.com/xGYeqMr6cS8AAAAk/tenor.gif
07-06 04:11:52.439 V/eatg ( 3876): Is http uri, downloading (uri: https://c.tenor.com/xGYeqMr6cS8AAAAk/tenor.gif)
07-06 04:11:52.449 D/NetworkMonitor/100( 1252): PROBE_DNS connectivitycheck.gstatic.com 62ms OK 142.250.21.94,2404:6800:400b:c005::5e
07-06 04:11:52.455 D/NetworkMonitor/100( 1252): PROBE_DNS www.google.com 69ms OK 142.251.156.119,142.251.153.119,142.251.150.119,142.251.155.119,142.251.152.119,142.251.154.119,142.251.151.119,142.251.157.119,2001:4860:482c:7700::,2001:4860:482d:7700::,2001:4860:482a:7700::,2001:4860:4829:7700::,2001:4860:4826:7700::,2001:4860:4827:7700::,2001:4860:4828:7700::,2001:4860:482b:7700::
07-06 04:11:52.463 I/resolv ( 472): GetAddrInfoHandler::run: {100 983140 100 983140 1073 1}
07-06 04:11:52.464 I/resolv ( 472): res_nmkquery: (QUERY, IN, A)
07-06 04:11:52.464 I/resolv ( 472): resolv_cache_lookup: FOUND IN CACHE entry=0x75dcccc15570
07-06 04:11:52.464 I/resolv ( 472): doQuery: rcode=0, ancount=8, return value=160
07-06 04:11:52.464 I/resolv ( 472): res_nmkquery: (QUERY, IN, AAAA)
07-06 04:11:52.464 I/resolv ( 472): resolv_cache_lookup: FOUND IN CACHE entry=0x75db1cc18510
07-06 04:11:52.464 I/resolv ( 472): doQuery: rcode=0, ancount=8, return value=256
07-06 04:11:52.474 I/resolv ( 472): GetAddrInfoHandler::run: {100 983140 100 983140 1073 1}
07-06 04:11:52.475 I/resolv ( 472): res_nmkquery: (QUERY, IN, AAAA)
07-06 04:11:52.475 I/resolv ( 472): resolv_cache_lookup: FOUND IN CACHE entry=0x75db5cc1e630
07-06 04:11:52.475 I/resolv ( 472): doQuery: rcode=0, ancount=1, return value=75
07-06 04:11:52.478 I/resolv ( 472): res_nmkquery: (QUERY, IN, A)
07-06 04:11:52.480 I/resolv ( 472): resolv_cache_lookup: FOUND IN CACHE entry=0x75db5cc1f190
07-06 04:11:52.480 I/resolv ( 472): doQuery: rcode=0, ancount=1, return value=63
07-06 04:11:52.483 W/unknown:BridgelessReact( 4752): ReactHost{0}.getOrCreateReactInstanceTask(): Loading JS Bundle
