07-06 04:11:57.652 D/eatg ( 3876): Starting download: https://c.tenor.com/9BoiQ46bTD0AAAAk/tenor.gif
07-06 04:11:57.652 V/eatg ( 3876): Is http uri, downloading (uri: https://c.tenor.com/9BoiQ46bTD0AAAAk/tenor.gif)
07-06 04:11:57.692 I/HttpGrpcBindableService( 2255): [pfd-write] DOWNLOAD COMPLETE: Downloaded 3142638 bytes from URL [https://storage.googleapis.com/captions/input_predictions_en-US_v4.zip].
07-06 04:11:57.692 W/System.err( 2255): val in interceptor: null
07-06 04:11:57.698 D/eatg ( 3876): Starting download: https://c.tenor.com/Vx1WrBwJsB0AAAAk/tenor.gif
07-06 04:11:57.698 V/eatg ( 3876): Is http uri, downloading (uri: https://c.tenor.com/Vx1WrBwJsB0AAAAk/tenor.gif)
07-06 04:11:57.718 D/eatg ( 3876): Starting download: https://c.tenor.com/Joc0S0uRIrUAAAAk/tenor.gif
07-06 04:11:57.718 V/eatg ( 3876): Is http uri, downloading (uri: https://c.tenor.com/Joc0S0uRIrUAAAAk/tenor.gif)
07-06 04:11:57.740 I/AstreaHttpConnection( 1726): DOWNLOAD COMPLETE: Downloaded unknown number of bytes from https://storage.googleapis.com/captions/input_predictions_en-US_v4.zip.
07-06 04:11:57.745 I/SP.AiAi ( 1726): <==== Finishing job {W:b:u:l, bg}, 27678 ms. elapsed since start
07-06 04:11:57.767 D/eatg ( 3876): Starting download: https://c.tenor.com/ZtRi_xa1AP8AAAAk/tenor.gif
07-06 04:11:57.767 V/eatg ( 3876): Is http uri, downloading (uri: https://c.tenor.com/ZtRi_xa1AP8AAAAk/tenor.gif)
07-06 04:11:57.769 I/SP.AiAi ( 1726): Download stopped: captions_i18n_v0_en-US:input_predictions_en-US_v4, succeeded, size: 3142638
07-06 04:11:57.809 D/eatg ( 3876): Starting download: https://c.tenor.com/b6PLDyupHEUAAAAk/tenor.gif
07-06 04:11:57.809 V/eatg ( 3876): Is http uri, downloading (uri: https://c.tenor.com/b6PLDyupHEUAAAAk/tenor.gif)
07-06 04:11:57.859 D/eatg ( 3876): Starting download: https://c.tenor.com/3uBh90FqG7oAAAAk/tenor.gif
07-06 04:11:57.859 V/eatg ( 3876): Is http uri, downloading (uri: https://c.tenor.com/3uBh90FqG7oAAAAk/tenor.gif)
07-06 04:11:57.883 I/SP.AiAi ( 1726): Scheduling job with delay of 0s for {W:C:I:l, bg}, 5 candidates
07-06 04:11:57.893 D/eatg ( 3876): Starting download: https://c.tenor.com/We73MM_m-VwAAAAk/tenor.gif
07-06 04:11:57.893 V/eatg ( 3876): Is http uri, downloading (uri: https://c.tenor.com/We73MM_m-VwAAAAk/tenor.gif)
07-06 04:11:57.909 I/SP.AiAi ( 1726): Scheduling: download stopped, 0 started, 0 paused, 5 scheduled, 5 pending: manifests:kg_collections_table-21051103 * {W:C:I:l, bg}, manifests:text-classifier-annotator-272525175 * {W:C:I:l, bg}, manifests:text-classifier-actions-1140547708 * {W:C:I:l, bg}, manifests:text-classifier-langid-1941001461 * {W:C:I:l, bg}, manifests:spelling_correction-22110320 * {W:C:I:l, bg}
07-06 04:11:57.921 D/eatg ( 3876): Starting download: https://c.tenor.com/3t2SPYOflNkAAAAk/tenor.gif
07-06 04:11:57.921 V/eatg ( 3876): Is http uri, downloading (uri: https://c.tenor.com/3t2SPYOflNkAAAAk/tenor.gif)
07-06 04:11:57.962 D/eatg ( 3876): Starting download: https://c.tenor.com/m_-VJ2iNpsEAAAAk/tenor.gif
07-06 04:11:57.962 V/eatg ( 3876): Is http uri, downloading (uri: https://c.tenor.com/m_-VJ2iNpsEAAAAk/tenor.gif)
07-06 04:11:57.998 D/eatg ( 3876): Starting download: https://c.tenor.com/NoiUGjNEHpkAAAAk/tenor.gif
07-06 04:11:57.999 V/eatg ( 3876): Is http uri, downloading (uri: https://c.tenor.com/NoiUGjNEHpkAAAAk/tenor.gif)
07-06 04:11:58.010 D/eatg ( 3876): Starting download: https://c.tenor.com/u98K_QYTASYAAAAk/tenor.gif
07-06 04:11:58.011 V/eatg ( 3876): Is http uri, downloading (uri: https://c.tenor.com/u98K_QYTASYAAAAk/tenor.gif)
07-06 04:11:58.047 D/eatg ( 3876): Starting download: https://c.tenor.com/7pnKXGSif10AAAAk/tenor.gif
07-06 04:11:58.047 V/eatg ( 3876): Is http uri, downloading (uri: https://c.tenor.com/7pnKXGSif10AAAAk/tenor.gif)
07-06 04:11:58.096 D/eatg ( 3876): Starting download: https://c.tenor.com/fG_pEVJsTBwAAAAk/tenor.gif
07-06 04:11:58.096 V/eatg ( 3876): Is http uri, downloading (uri: https://c.tenor.com/fG_pEVJsTBwAAAAk/tenor.gif)
07-06 04:11:58.119 D/eatg ( 3876): Starting download: https://c.tenor.com/ON2O4bCmmw0AAAAk/tenor.gif
07-06 04:11:58.120 V/eatg ( 3876): Is http uri, downloading (uri: https://c.tenor.com/ON2O4bCmmw0AAAAk/tenor.gif)
07-06 04:11:58.126 D/SatelliteController( 1319): evaluateESOSProfilesPrioritization: allSubInfos.size()=1
07-06 04:11:58.126 D/SatelliteController( 1319): evaluateESOSProfilesPrioritization: newSubsInfoListPerPriority.size()=0
07-06 04:11:58.126 D/SatelliteController( 1319): evaluateESOSProfilesPrioritization: no satellite subscription available
07-06 04:11:58.142 D/eatg ( 3876): Starting download: https://c.tenor.com/KwS2Nqujq24AAAAk/tenor.gif
07-06 04:11:58.142 V/eatg ( 3876): Is http uri, downloading (uri: https://c.tenor.com/KwS2Nqujq24AAAAk/tenor.gif)
07-06 04:11:58.163 D/eatg ( 3876): Starting download: https://c.tenor.com/otARhx4xzYUAAAAk/tenor.gif
07-06 04:11:58.163 V/eatg ( 3876): Is http uri, downloading (uri: https://c.tenor.com/otARhx4xzYUAAAAk/tenor.gif)
07-06 04:11:58.189 D/eatg ( 3876): Starting download: https://c.tenor.com/a9U6guWv_FgAAAAk/tenor.gif
07-06 04:11:58.189 V/eatg ( 3876): Is http uri, downloading (uri: https://c.tenor.com/a9U6guWv_FgAAAAk/tenor.gif)
07-06 04:11:58.207 D/eatg ( 3876): Starting download: https://c.tenor.com/GJAajofK7K8AAAAk/tenor.gif
07-06 04:11:58.207 V/eatg ( 3876): Is http uri, downloading (uri: https://c.tenor.com/GJAajofK7K8AAAAk/tenor.gif)
07-06 04:11:58.242 D/eatg ( 3876): Starting download: https://c.tenor.com/KUESPZXuhioAAAAk/tenor.gif
07-06 04:11:58.243 V/eatg ( 3876): Is http uri, downloading (uri: https://c.tenor.com/KUESPZXuhioAAAAk/tenor.gif)
07-06 04:11:58.279 D/eatg ( 3876): Starting download: https://c.tenor.com/q867zrAboHgAAAAk/tenor.gif
07-06 04:11:58.279 V/eatg ( 3876): Is http uri, downloading (uri: https://c.tenor.com/q867zrAboHgAAAAk/tenor.gif)
07-06 04:11:58.313 D/eatg ( 3876): Starting download: https://c.tenor.com/n5nh76V0D1YAAAAk/tenor.gif
07-06 04:11:58.313 V/eatg ( 3876): Is http uri, downloading (uri: https://c.tenor.com/n5nh76V0D1YAAAAk/tenor.gif)
07-06 04:11:58.354 D/eatg ( 3876): Starting download: https://c.tenor.com/UHf1-MPWv2MAAAAk/tenor.gif
07-06 04:11:58.354 V/eatg ( 3876): Is http uri, downloading (uri: https://c.tenor.com/UHf1-MPWv2MAAAAk/tenor.gif)
07-06 04:11:58.358 D/SatelliteController( 1319): evaluateESOSProfilesPrioritization: allSubInfos.size()=1
07-06 04:11:58.358 D/SatelliteController( 1319): evaluateESOSProfilesPrioritization: newSubsInfoListPerPriority.size()=0
07-06 04:11:58.358 D/SatelliteController( 1319): evaluateESOSProfilesPrioritization: no satellite subscription available
07-06 04:11:58.384 I/netd ( 472): tetherGetStats() -> {[]} <0.39ms>
07-06 04:11:58.393 D/eatg ( 3876): Starting download: https://c.tenor.com/5UTlNjb9_vcAAAAk/tenor.gif
07-06 04:11:58.393 V/eatg ( 3876): Is http uri, downloading (uri: https://c.tenor.com/5UTlNjb9_vcAAAAk/tenor.gif)
07-06 04:11:58.397 I/netd ( 472): bandwidthSetGlobalAlert(2097152) <0.09ms>
07-06 04:11:58.404 I/netd ( 472): bandwidthRemoveInterfaceQuota(eth0) <1.31ms>
07-06 04:11:58.406 I/netd ( 472): bandwidthSetInterfaceQuota(eth0, 9223372036854775807) <0.92ms>
07-06 04:11:58.424 D/eatg ( 3876): Starting download: https://c.tenor.com/Q_Tl-Y-k7wUAAAAk/tenor.gif
07-06 04:11:58.424 V/eatg ( 3876): Is http uri, downloading (uri: https://c.tenor.com/Q_Tl-Y-k7wUAAAAk/tenor.gif)
07-06 04:11:58.449 W/ActivityManager( 685): Unable to start service Intent { act=grpc.io.action.BIND xflg=0x4 cmp=com.google.android.apps.stargate/.endpointservice.GrpcEndpointService } U=0: not found
07-06 04:11:58.449 W/ActivityManager( 685): Unbind failed: could not find connection for android.os.BinderProxy@130c31e
07-06 04:11:58.462 D/eatg ( 3876): Starting download: https://c.tenor.com/2g0-cIvsBdkAAAAk/tenor.gif
07-06 04:11:58.462 V/eatg ( 3876): Is http uri, downloading (uri: https://c.tenor.com/2g0-cIvsBdkAAAAk/tenor.gif)
07-06 04:11:58.497 D/eatg ( 3876): Starting download: https://c.tenor.com/_aEbLQKkOBAAAAAk/tenor.gif
07-06 04:11:58.497 V/eatg ( 3876): Is http uri, downloading (uri: https://c.tenor.com/_aEbLQKkOBAAAAAk/tenor.gif)
07-06 04:11:58.532 D/eatg ( 3876): Starting download: https://c.tenor.com/XHKGeWBi80YAAAAk/tenor.gif
07-06 04:11:58.532 V/eatg ( 3876): Is http uri, downloading (uri: https://c.tenor.com/XHKGeWBi80YAAAAk/tenor.gif)
07-06 04:11:58.574 D/eatg ( 3876): Starting download: https://c.tenor.com/RPSyKMrbgvYAAAAk/tenor.gif
07-06 04:11:58.574 V/eatg ( 3876): Is http uri, downloading (uri: https://c.tenor.com/RPSyKMrbgvYAAAAk/tenor.gif)
07-06 04:11:58.611 D/eatg ( 3876): Starting download: https://c.tenor.com/duCga6DBjOIAAAAk/tenor.gif
07-06 04:11:58.611 V/eatg ( 3876): Is http uri, downloading (uri: https://c.tenor.com/duCga6DBjOIAAAAk/tenor.gif)
07-06 04:11:58.655 D/eatg ( 3876): Starting download: https://c.tenor.com/L8eHp5RTWfwAAAAk/tenor.gif
07-06 04:11:58.655 V/eatg ( 3876): Is http uri, downloading (uri: https://c.tenor.com/L8eHp5RTWfwAAAAk/tenor.gif)
07-06 04:11:58.660 E/TaskPersister( 685): File error accessing recents directory (directory doesn't exist?).
07-06 04:11:58.684 D/eatg ( 3876): Starting download: https://c.tenor.com/zf4ZNomT0mkAAAAk/tenor.gif
07-06 04:11:58.684 V/eatg ( 3876): Is http uri, downloading (uri: https://c.tenor.com/zf4ZNomT0mkAAAAk/tenor.gif)
07-06 04:11:58.722 D/eatg ( 3876): Starting download: https://c.tenor.com/95im6cX0PSgAAAAk/tenor.gif
07-06 04:11:58.722 V/eatg ( 3876): Is http uri, downloading (uri: https://c.tenor.com/95im6cX0PSgAAAAk/tenor.gif)
07-06 04:11:58.769 D/eatg ( 3876): Starting download: https://c.tenor.com/VjE3bo1ITUMAAAAk/tenor.gif
07-06 04:11:58.769 V/eatg ( 3876): Is http uri, downloading (uri: https://c.tenor.com/VjE3bo1ITUMAAAAk/tenor.gif)
07-06 04:11:58.801 D/eatg ( 3876): Starting download: https://c.tenor.com/V_JeKKWgs3MAAAAk/tenor.gif
07-06 04:11:58.801 V/eatg ( 3876): Is http uri, downloading (uri: https://c.tenor.com/V_JeKKWgs3MAAAAk/tenor.gif)
07-06 04:11:58.838 D/eatg ( 3876): Starting download: https://c.tenor.com/P6kgHGiskUsAAAAk/tenor.gif
07-06 04:11:58.838 V/eatg ( 3876): Is http uri, downloading (uri: https://c.tenor.com/P6kgHGiskUsAAAAk/tenor.gif)
07-06 04:11:58.877 D/eatg ( 3876): Starting download: https://c.tenor.com/jiQfWgZB0pcAAAAk/tenor.gif
07-06 04:11:58.877 V/eatg ( 3876): Is http uri, downloading (uri: https://c.tenor.com/jiQfWgZB0pcAAAAk/tenor.gif)
07-06 04:11:58.917 D/eatg ( 3876): Starting download: https://c.tenor.com/0Cz0CGB40TkAAAAk/tenor.gif
07-06 04:11:58.917 V/eatg ( 3876): Is http uri, downloading (uri: https://c.tenor.com/0Cz0CGB40TkAAAAk/tenor.gif)
07-06 04:11:58.956 D/eatg ( 3876): Starting download: https://c.tenor.com/MoAa3UtDdLUAAAAk/tenor.gif
07-06 04:11:58.956 V/eatg ( 3876): Is http uri, downloading (uri: https://c.tenor.com/MoAa3UtDdLUAAAAk/tenor.gif)
07-06 04:11:58.960 D/WifiClientModeImpl[80961:wlan0]( 685): updateLinkLayerStatsRssiSpeedFrequencyCapabilities rssi=-50 TxLinkspeed=1 freq=2447 RxLinkSpeed=2
07-06 04:11:58.961 D/WifiDataStall( 685): tx tput in kbps: 11000
07-06 04:11:58.961 D/WifiDataStall( 685): rx tput in kbps: 11000
07-06 04:11:58.961 D/eatg ( 3876): Starting download: https://c.tenor.com/o3L7L8w_NXAAAAAk/tenor.gif
07-06 04:11:58.961 V/eatg ( 3876): Is http uri, downloading (uri: https://c.tenor.com/o3L7L8w_NXAAAAAk/tenor.gif)
07-06 04:11:58.962 V/WifiConfigManager( 685): Updating scan detail cache freq=2447 BSSID=00:13:10:85:fe:01 RSSI=-50 for "AndroidWifi"NONE
07-06 04:11:58.962 D/WifiThroughputPredictor( 685): utilization (LLS) 80 isBluetoothConnected: false final utilization: 80
07-06 04:11:58.962 D/WifiThroughputPredictor( 685): BW: 0 RSSI: -50 Nss: 1 Mode: 1 symDur: 4000 snrDb 30 bitPerTone: 4500 rate: 54 throughput: 11
07-06 04:11:58.962 D/WifiThroughputPredictor( 685): utilization (LLS) 80 isBluetoothConnected: false final utilization: 80
07-06 04:11:58.962 D/WifiThroughputPredictor( 685): BW: 0 RSSI: -50 Nss: 1 Mode: 1 symDur: 4000 snrDb 30 bitPerTone: 4500 rate: 54 throughput: 11
07-06 04:11:58.965 D/WifiThroughputPredictor( 685): utilization (LLS) 80 isBluetoothConnected: false final utilization: 80
07-06 04:11:58.965 D/WifiThroughputPredictor( 685): BW: 0 RSSI: -50 Nss: 1 Mode: 1 symDur: 4000 snrDb 30 bitPerTone: 4500 rate: 54 throughput: 11
07-06 04:11:58.965 D/WifiThroughputPredictor( 685): utilization (LLS) 80 isBluetoothConnected: false final utilization: 80
07-06 04:11:58.965 D/WifiThroughputPredictor( 685): BW: 0 RSSI: -50 Nss: 1 Mode: 1 symDur: 4000 snrDb 30 bitPerTone: 4500 rate: 54 throughput: 11
07-06 04:11:58.967 D/WifiScoreCard( 685): BSSID update SIGNAL_POLL ID: 1192643911 SSID: "AndroidWifi", BSSID: 00:13:10:85:fe:01, MAC: 02:15:b2:00:00:00, IP: /10.0.2.16, Security type: 0, Supplicant state: COMPLETED, Wi-Fi standard: legacy, RSSI: -50, Link speed: 1Mbps, Tx Link speed: 1Mbps, Max Supported Tx Link speed: 11Mbps, Rx Link speed: 2Mbps, Max Supported Rx Link speed: 11Mbps, Frequency: 2447MHz, Net ID: 0, Metered hint: false, score: 60, isUsable: true, CarrierMerged: false, SubscriptionId: -1, IsPrimary: 1, Trusted: true, Restricted: false, Ephemeral: false, OEM paid: false, OEM private: false, OSU AP: false, FQDN: , Provider friendly name: , Requesting package name: "AndroidWifi"openMLO Information: , Is TID-To-Link negotiation supported by the AP: false, AP MLD Address: , AP MLO Link Id: , AP MLO Affiliated links: , Vendor Data:
07-06 04:11:58.967 D/WifiScoreCard( 685): txRate: 487 txSpeed: 1
07-06 04:11:58.968 D/WifiScoreCard( 685): network update SIGNAL_POLL "AndroidWifi" ID: 1775594527 RSSI -50 txSpeed 1
07-06 04:11:58.968 D/WifiClientModeImpl[80961:wlan0]( 685): ClientModeImpl$L2ConnectedState screen=on 1 0 "AndroidWifi" 00:13:10:85:fe:01 rssi=-50 f=2447 sc=60 link=1 tx=486.9, 0.0, 0.0 rx=1658.9 bcn=0 [on:0 tx:0 rx:0 period:3015] from screen [on:0 period:867291128] score=60
07-06 04:11:58.997 D/eatg ( 3876): Starting download: https://c.tenor.com/KZeqHbPPStQAAAAk/tenor.gif
07-06 04:11:58.997 V/eatg ( 3876): Is http uri, downloading (uri: https://c.tenor.com/KZeqHbPPStQAAAAk/tenor.gif)
07-06 04:11:59.033 D/eatg ( 3876): Starting download: https://c.tenor.com/wWtvUtYhKtQAAAAk/tenor.gif
07-06 04:11:59.033 V/eatg ( 3876): Is http uri, downloading (uri: https://c.tenor.com/wWtvUtYhKtQAAAAk/tenor.gif)
07-06 04:11:59.073 D/eatg ( 3876): Starting download: https://c.tenor.com/3Ii7ppIZlbcAAAAk/tenor.gif
07-06 04:11:59.073 V/eatg ( 3876): Is http uri, downloading (uri: https://c.tenor.com/3Ii7ppIZlbcAAAAk/tenor.gif)
07-06 04:11:59.105 D/eatg ( 3876): Starting download: https://c.tenor.com/U1Oz7bKFABAAAAAk/tenor.gif
07-06 04:11:59.105 V/eatg ( 3876): Is http uri, downloading (uri: https://c.tenor.com/U1Oz7bKFABAAAAAk/tenor.gif)
07-06 04:11:59.148 D/eatg ( 3876): Starting download: https://c.tenor.com/d-TyoEwlIlsAAAAk/tenor.gif
07-06 04:11:59.148 V/eatg ( 3876): Is http uri, downloading (uri: https://c.tenor.com/d-TyoEwlIlsAAAAk/tenor.gif)
07-06 04:11:59.207 D/eatg ( 3876): Starting download: https://c.tenor.com/zc-otLzgOrwAAAAk/tenor.gif
07-06 04:11:59.207 V/eatg ( 3876): Is http uri, downloading (uri: https://c.tenor.com/zc-otLzgOrwAAAAk/tenor.gif)
07-06 04:11:59.253 D/eatg ( 3876): Starting download: https://c.tenor.com/eN9rJki5nkgAAAAk/tenor.gif
07-06 04:11:59.253 V/eatg ( 3876): Is http uri, downloading (uri: https://c.tenor.com/eN9rJki5nkgAAAAk/tenor.gif)
07-06 04:11:59.387 D/eatg ( 3876): Starting download: https://c.tenor.com/nwKEYMyzCj0AAAAk/tenor.gif
07-06 04:11:59.393 V/eatg ( 3876): Is http uri, downloading (uri: https://c.tenor.com/nwKEYMyzCj0AAAAk/tenor.gif)
07-06 04:11:59.401 D/eatg ( 3876): Starting download: https://c.tenor.com/yIGMxqme4k4AAAAk/tenor.gif
07-06 04:11:59.401 V/eatg ( 3876): Is http uri, downloading (uri: https://c.tenor.com/yIGMxqme4k4AAAAk/tenor.gif)
07-06 04:11:59.492 D/eatg ( 3876): Starting download: https://c.tenor.com/y25c2zUkFkAAAAAk/tenor.gif
07-06 04:11:59.492 V/eatg ( 3876): Is http uri, downloading (uri: https://c.tenor.com/y25c2zUkFkAAAAAk/tenor.gif)
07-06 04:11:59.493 D/eatg ( 3876): Starting download: https://c.tenor.com/V39OfMM4jVgAAAAk/tenor.gif
07-06 04:11:59.493 V/eatg ( 3876): Is http uri, downloading (uri: https://c.tenor.com/V39OfMM4jVgAAAAk/tenor.gif)
07-06 04:11:59.552 D/eatg ( 3876): Starting download: https://c.tenor.com/qhhyoFydZ0sAAAAk/tenor.gif
07-06 04:11:59.552 V/eatg ( 3876): Is http uri, downloading (uri: https://c.tenor.com/qhhyoFydZ0sAAAAk/tenor.gif)
07-06 04:11:59.560 D/eatg ( 3876): Starting download: https://c.tenor.com/D4X6pNTepakAAAAk/tenor.gif
07-06 04:11:59.560 V/eatg ( 3876): Is http uri, downloading (uri: https://c.tenor.com/D4X6pNTepakAAAAk/tenor.gif)
07-06 04:11:59.634 D/eatg ( 3876): Starting download: https://c.tenor.com/zLcr1Rzl6gAAAAAk/tenor.gif
07-06 04:11:59.634 V/eatg ( 3876): Is http uri, downloading (uri: https://c.tenor.com/zLcr1Rzl6gAAAAAk/tenor.gif)
07-06 04:11:59.635 D/eatg ( 3876): Starting download: https://c.tenor.com/ghGc-CYNSAIAAAAk/tenor.gif
07-06 04:11:59.635 V/eatg ( 3876): Is http uri, downloading (uri: https://c.tenor.com/ghGc-CYNSAIAAAAk/tenor.gif)
07-06 04:11:59.764 I/SP.AiAi ( 1726): Sync for captions_i18n_v0_en-US succeeded in 29966 ms: {added: [asr_en-US_v3056, input_predictions_en-US_v4], removed: [asr_en-US_v3003], metadata: false
07-06 04:11:59.918 D/eatg ( 3876): Starting download: https://c.tenor.com/BHVA6djJ-9UAAAAk/tenor.gif
07-06 04:11:59.918 V/eatg ( 3876): Is http uri, downloading (uri: https://c.tenor.com/BHVA6djJ-9UAAAAk/tenor.gif)
07-06 04:11:59.921 D/eatg ( 3876): Starting download: https://c.tenor.com/o6WBP4HyX3sAAAAk/tenor.gif
07-06 04:11:59.921 V/eatg ( 3876): Is http uri, downloading (uri: https://c.tenor.com/o6WBP4HyX3sAAAAk/tenor.gif)
07-06 04:11:59.976 W/screencap( 4837): Thread Pool max thread count is 0. Cannot cache binder as linkToDeath cannot be implemented. serviceName: SurfaceFlingerAIDL
07-06 04:11:59.977 W/BpBinder( 4837): Linking to death on android.gui.ISurfaceComposer but there are no threads (yet?) listening to incoming transactions. See ProcessState::startThreadPool and ProcessState::setThreadPoolMaxThreadCount. Generally you should setup the binder threadpool before other initialization steps.
07-06 04:11:59.977 W/ProcessState( 4837): Extra binder thread started, but 0 threads requested. Do not use *startThreadPool when zero threads are requested.
07-06 04:11:59.983 E/HwcComposer( 552): getLuts failed Status(-8, EX_SERVICE_SPECIFIC): '8: '
07-06 04:11:59.983 E/HWComposer( 552): getLuts: getLuts failed for display 4619827259835644672: UNSUPPORTED (8)
07-06 04:11:59.990 D/eatg ( 3876): Starting download: https://c.tenor.com/Hlhf22g5kVQAAAAk/tenor.gif
07-06 04:11:59.990 V/eatg ( 3876): Is http uri, downloading (uri: https://c.tenor.com/Hlhf22g5kVQAAAAk/tenor.gif)
07-06 04:11:59.999 I/SP.AiAi ( 1726): GC for 'captions_i18n_v0_en-US' (10) with ttl of 0 ms took 0 ms (0/0/0)
07-06 04:12:00.005 I/AiAiNowPlaying( 1726): Superpacks changed. Refreshing FA controller
07-06 04:12:00.017 D/eatg ( 3876): Starting download: https://c.tenor.com/VrQkhmORX8wAAAAk/tenor.gif
07-06 04:12:00.017 V/eatg ( 3876): Is http uri, downloading (uri: https://c.tenor.com/VrQkhmORX8wAAAAk/tenor.gif)
07-06 04:12:00.028 I/AiAiCaptions( 1726): downloadSuperpack(): Sync of superpack 'captions_i18n_v0_en-US' version 20240825 was completed but currently using active version 20210623
07-06 04:12:00.029 I/AiAiCaptions( 1726): downloadSuperpack(): Successfully downloaded superpack 'captions_i18n_v0_en-US' version 20240825.
07-06 04:12:00.032 E/SP.Service.AiAi( 1726): captions_i18n_v0_en-US is opened by other clients. It will stay open until all clients close it.
07-06 04:12:00.057 D/eatg ( 3876): Starting download: https://c.tenor.com/2IhazvhZwNoAAAAk/tenor.gif
07-06 04:12:00.057 V/eatg ( 3876): Is http uri, downloading (uri: https://c.tenor.com/2IhazvhZwNoAAAAk/tenor.gif)
07-06 04:12:00.543 I/servicemanager( 0): Caller(pid=4837,uid=2000,sid=u:r:shell:s0) Found android.hardware.graphics.allocator.IAllocator/default in device VINTF manifest.
07-06 04:12:00.571 I/servicemanager( 0): Caller(pid=4837,uid=2000,sid=u:r:shell:s0) Found android.hardware.graphics.allocator.IAllocator/default in device VINTF manifest.
07-06 04:12:00.083 D/eatg ( 3876): Starting download: https://c.tenor.com/HZX6g7HdSpAAAAAk/tenor.gif
07-06 04:12:00.083 V/eatg ( 3876): Is http uri, downloading (uri: https://c.tenor.com/HZX6g7HdSpAAAAAk/tenor.gif)
07-06 04:12:00.592 I/servicemanager( 0): Caller(pid=4837,uid=2000,sid=u:r:shell:s0) Found mapper/ranchu in device VINTF manifest.
07-06 04:12:00.143 D/eatg ( 3876): Starting download: https://c.tenor.com/agVwCzVTPfoAAAAk/tenor.gif
07-06 04:12:00.143 V/eatg ( 3876): Is http uri, downloading (uri: https://c.tenor.com/agVwCzVTPfoAAAAk/tenor.gif)
07-06 04:12:00.177 D/eatg ( 3876): Starting download: https://c.tenor.com/x6hzgNgYk9kAAAAk/%E6%81%90%E9%BE%99-%E5%9C%A3%E8%AF%9E%E8%80%81%E4%BA%BA.gif
07-06 04:12:00.177 V/eatg ( 3876): Is http uri, downloading (uri: https://c.tenor.com/x6hzgNgYk9kAAAAk/%E6%81%90%E9%BE%99-%E5%9C%A3%E8%AF%9E%E8%80%81%E4%BA%BA.gif)
07-06 04:12:00.198 D/eatg ( 3876): Starting download: https://c.tenor.com/O5Xaksg5W8QAAAAk/sun-sunshine.gif
07-06 04:12:00.198 V/eatg ( 3876): Is http uri, downloading (uri: https://c.tenor.com/O5Xaksg5W8QAAAAk/sun-sunshine.gif)
07-06 04:12:00.241 D/eatg ( 3876): Starting download: https://c.tenor.com/9rSVIzift0UAAAAk/koala-food.gif
07-06 04:12:00.241 V/eatg ( 3876): Is http uri, downloading (uri: https://c.tenor.com/9rSVIzift0UAAAAk/koala-food.gif)
07-06 04:12:00.256 D/eatg ( 3876): Starting download: https://c.tenor.com/k73nvVeKsysAAAAk/smooch-kiss.gif
07-06 04:12:00.256 V/eatg ( 3876): Is http uri, downloading (uri: https://c.tenor.com/k73nvVeKsysAAAAk/smooch-kiss.gif)
07-06 04:12:00.299 D/eatg ( 3876): Starting download: https://c.tenor.com/CJ3KdbbsPSoAAAAk/spinning-heart-love.gif
07-06 04:12:00.299 V/eatg ( 3876): Is http uri, downloading (uri: https://c.tenor.com/CJ3KdbbsPSoAAAAk/spinning-heart-love.gif)
07-06 04:12:00.329 D/eatg ( 3876): Starting download: https://c.tenor.com/r-w47JuhZuQAAAAk/cute-hi.gif
07-06 04:12:00.329 V/eatg ( 3876): Is http uri, downloading (uri: https://c.tenor.com/r-w47JuhZuQAAAAk/cute-hi.gif)
07-06 04:12:00.371 D/eatg ( 3876): Starting download: https://c.tenor.com/xHv3NBAOV1IAAAAk/cute-hey.gif
07-06 04:12:00.371 V/eatg ( 3876): Is http uri, downloading (uri: https://c.tenor.com/xHv3NBAOV1IAAAAk/cute-hey.gif)
07-06 04:12:00.403 D/eatg ( 3876): Starting download: https://c.tenor.com/kVWoYlv1kPYAAAAk/lethargic-bliss-tired.gif
07-06 04:12:00.403 V/eatg ( 3876): Is http uri, downloading (uri: https://c.tenor.com/kVWoYlv1kPYAAAAk/lethargic-bliss-tired.gif)
07-06 04:12:00.421 D/eatg ( 3876): Starting download: https://c.tenor.com/7tI0p2Uo11cAAAAk/funder-the-sea-octopus.gif
07-06 04:12:00.421 V/eatg ( 3876): Is http uri, downloading (uri: https://c.tenor.com/7tI0p2Uo11cAAAAk/funder-the-sea-octopus.gif)
07-06 04:12:00.447 D/eatg ( 3876): Starting download: https://c.tenor.com/ZeC0V4k9eucAAAAk/funder-the-sea-octopus.gif
07-06 04:12:00.447 V/eatg ( 3876): Is http uri, downloading (uri: https://c.tenor.com/ZeC0V4k9eucAAAAk/funder-the-sea-octopus.gif)
07-06 04:12:00.493 D/eatg ( 3876): Starting download: https://c.tenor.com/aP7j56oroaQAAAAk/long-livethe-blob-upset.gif
07-06 04:12:00.493 V/eatg ( 3876): Is http uri, downloading (uri: https://c.tenor.com/aP7j56oroaQAAAAk/long-livethe-blob-upset.gif)
07-06 04:12:00.539 D/eatg ( 3876): Starting download: https://c.tenor.com/IGc3S86eosAAAAAk/long-livethe-blob-hearts.gif
07-06 04:12:00.539 V/eatg ( 3876): Is http uri, downloading (uri: https://c.tenor.com/IGc3S86eosAAAAAk/long-livethe-blob-hearts.gif)
07-06 04:12:00.546 D/eatg ( 3876): Starting download: https://c.tenor.com/t5avTE3f1r8AAAAk/toofiothe-cat-yawning.gif
07-06 04:12:00.546 V/eatg ( 3876): Is http uri, downloading (uri: https://c.tenor.com/t5avTE3f1r8AAAAk/toofiothe-cat-yawning.gif)
07-06 04:12:00.581 D/eatg ( 3876): Starting download: https://c.tenor.com/Ve3I2L0RNVAAAAAk/caffeine-rush-tea.gif
07-06 04:12:00.581 V/eatg ( 3876): Is http uri, downloading (uri: https://c.tenor.com/Ve3I2L0RNVAAAAAk/caffeine-rush-tea.gif)
07-06 04:12:00.616 D/eatg ( 3876): Starting download: https://c.tenor.com/3NOpdxGv84YAAAAk/caffeine-rush-going-to-work.gif
07-06 04:12:00.616 V/eatg ( 3876): Is http uri, downloading (uri: https://c.tenor.com/3NOpdxGv84YAAAAk/caffeine-rush-going-to-work.gif)
07-06 04:12:00.661 D/eatg ( 3876): Starting download: https://c.tenor.com/YBFUWZWkyDcAAAAk/caffeine-rush-cup.gif
07-06 04:12:00.661 V/eatg ( 3876): Is http uri, downloading (uri: https://c.tenor.com/YBFUWZWkyDcAAAAk/caffeine-rush-cup.gif)
07-06 04:12:00.694 D/eatg ( 3876): Starting download: https://c.tenor.com/K4wSmZcDw5gAAAAk/caffeine-rush-blowing-kisses.gif
07-06 04:12:00.694 V/eatg ( 3876): Is http uri, downloading (uri: https://c.tenor.com/K4wSmZcDw5gAAAAk/caffeine-rush-blowing-kisses.gif)
07-06 04:12:00.717 D/eatg ( 3876): Starting download: https://c.tenor.com/CkABLmkTTRUAAAAk/caffeine-rush-coffee.gif
07-06 04:12:00.717 V/eatg ( 3876): Is http uri, downloading (uri: https://c.tenor.com/CkABLmkTTRUAAAAk/caffeine-rush-coffee.gif)
07-06 04:12:00.764 D/eatg ( 3876): Starting download: https://c.tenor.com/07i0UR0NHLsAAAAk/because-baby-animals-cute.gif
07-06 04:12:00.764 V/eatg ( 3876): Is http uri, downloading (uri: https://c.tenor.com/07i0UR0NHLsAAAAk/because-baby-animals-cute.gif)
07-06 04:12:00.779 D/eatg ( 3876): Starting download: https://c.tenor.com/8c-uPnUtmrYAAAAk/buniboo-and-bearuloo-hearts.gif
07-06 04:12:00.779 V/eatg ( 3876): Is http uri, downloading (uri: https://c.tenor.com/8c-uPnUtmrYAAAAk/buniboo-and-bearuloo-hearts.gif)
07-06 04:12:00.820 D/eatg ( 3876): Starting download: https://c.tenor.com/iHinE-JIzQgAAAAk/imy-i-miss-you.gif
07-06 04:12:00.820 V/eatg ( 3876): Is http uri, downloading (uri: https://c.tenor.com/iHinE-JIzQgAAAAk/imy-i-miss-you.gif)
07-06 04:12:00.833 D/eatg ( 3876): Starting download: https://c.tenor.com/2SJy0kWsL4wAAAAk/heart-love.gif
07-06 04:12:00.833 V/eatg ( 3876): Is http uri, downloading (uri: https://c.tenor.com/2SJy0kWsL4wAAAAk/heart-love.gif)
07-06 04:12:01.076 D/eatg ( 3876): Starting download: https://c.tenor.com/R5e-lMOrczcAAAAk/kstr-kochstrasse.gif
07-06 04:12:01.076 V/eatg ( 3876): Is http uri, downloading (uri: https://c.tenor.com/R5e-lMOrczcAAAAk/kstr-kochstrasse.gif)
07-06 04:12:01.081 D/eatg ( 3876): Starting download: https://c.tenor.com/KsZWbm9FPFAAAAAk/cat-meowed.gif
07-06 04:12:01.082 V/eatg ( 3876): Is http uri, downloading (uri: https://c.tenor.com/KsZWbm9FPFAAAAAk/cat-meowed.gif)
07-06 04:12:01.332 D/eatg ( 3876): Starting download: https://c.tenor.com/m-bLuGd1pwwAAAAk/tonton-friends-tonton.gif
07-06 04:12:01.332 V/eatg ( 3876): Is http uri, downloading (uri: https://c.tenor.com/m-bLuGd1pwwAAAAk/tonton-friends-tonton.gif)
07-06 04:12:01.333 D/eatg ( 3876): Starting download: https://c.tenor.com/Ez5hrhPD7dwAAAAk/happy-love.gif
07-06 04:12:01.333 V/eatg ( 3876): Is http uri, downloading (uri: https://c.tenor.com/Ez5hrhPD7dwAAAAk/happy-love.gif)
07-06 04:12:01.378 D/eatg ( 3876): Starting download: https://c.tenor.com/0ycIhWK7ZxYAAAAk/love-love-you.gif
07-06 04:12:01.379 V/eatg ( 3876): Is http uri, downloading (uri: https://c.tenor.com/0ycIhWK7ZxYAAAAk/love-love-you.gif)
07-06 04:12:01.425 D/eatg ( 3876): Starting download: https://c.tenor.com/2woIrmsWTMcAAAAk/heart-hearts.gif
07-06 04:12:01.425 V/eatg ( 3876): Is http uri, downloading (uri: https://c.tenor.com/2woIrmsWTMcAAAAk/heart-hearts.gif)
07-06 04:12:01.463 D/eatg ( 3876): Starting download: https://c.tenor.com/O3M7eh2ZLX0AAAAk/lobster-studio-winter.gif
07-06 04:12:01.463 V/eatg ( 3876): Is http uri, downloading (uri: https://c.tenor.com/O3M7eh2ZLX0AAAAk/lobster-studio-winter.gif)
07-06 04:12:01.486 D/ActivityManager( 685): freezing 3335 com.google.android.configupdater
07-06 04:12:01.490 D/InetDiagMessage( 685): Destroyed 0 sockets, proto=IPPROTO_TCP, family=AF_INET, states=14
07-06 04:12:01.491 D/InetDiagMessage( 685): Destroyed 0 sockets, proto=IPPROTO_TCP, family=AF_INET6, states=14
07-06 04:12:01.491 D/InetDiagMessage( 685): Destroyed live tcp sockets for uids={10141} in 2ms
07-06 04:12:01.497 D/eatg ( 3876): Starting download: https://c.tenor.com/xw-0keKZc8sAAAAk/heart-in-love.gif
07-06 04:12:01.497 V/eatg ( 3876): Is http uri, downloading (uri: https://c.tenor.com/xw-0keKZc8sAAAAk/heart-in-love.gif)
07-06 04:12:01.527 D/eatg ( 3876): Starting download: https://c.tenor.com/ja6y9r51cHAAAAAk/tegan-teganiversen.gif
07-06 04:12:01.527 V/eatg ( 3876): Is http uri, downloading (uri: https://c.tenor.com/ja6y9r51cHAAAAAk/tegan-teganiversen.gif)
07-06 04:12:01.535 W/ogle.android.as( 1726): Suspending all threads took: 7.549ms
07-06 04:12:01.564 D/eatg ( 3876): Starting download: https://c.tenor.com/3h6aJe0ZgcEAAAAk/full-big-stomach.gif
07-06 04:12:01.564 V/eatg ( 3876): Is http uri, downloading (uri: https://c.tenor.com/3h6aJe0ZgcEAAAAk/full-big-stomach.gif)
07-06 04:12:01.581 D/eatg ( 3876): Starting download: https://c.tenor.com/7Vzmnv2UZWcAAAAk/love-lovely.gif
07-06 04:12:01.581 V/eatg ( 3876): Is http uri, downloading (uri: https://c.tenor.com/7Vzmnv2UZWcAAAAk/love-lovely.gif)
07-06 04:12:01.624 D/eatg ( 3876): Starting download: https://c.tenor.com/JcOoy6xtsxwAAAAk/puglie-puglie-pug.gif
07-06 04:12:01.625 V/eatg ( 3876): Is http uri, downloading (uri: https://c.tenor.com/JcOoy6xtsxwAAAAk/puglie-puglie-pug.gif)
07-06 04:12:01.660 D/eatg ( 3876): Starting download: https://c.tenor.com/bQbtTfHAbkoAAAAk/kstr-kochstrasse.gif
07-06 04:12:01.660 V/eatg ( 3876): Is http uri, downloading (uri: https://c.tenor.com/bQbtTfHAbkoAAAAk/kstr-kochstrasse.gif)
07-06 04:12:01.716 D/eatg ( 3876): Starting download: https://c.tenor.com/AFf0sKHqXmoAAAAk/tasty-yummy.gif
07-06 04:12:01.716 V/eatg ( 3876): Is http uri, downloading (uri: https://c.tenor.com/AFf0sKHqXmoAAAAk/tasty-yummy.gif)
07-06 04:12:01.748 D/eatg ( 3876): Starting download: https://c.tenor.com/ognz8SNu__QAAAAk/piffle-pumpkin-pie.gif
07-06 04:12:01.748 V/eatg ( 3876): Is http uri, downloading (uri: https://c.tenor.com/ognz8SNu__QAAAAk/piffle-pumpkin-pie.gif)
07-06 04:12:01.795 D/eatg ( 3876): Starting download: https://c.tenor.com/Muy5iqWr9lYAAAAk/santa-claus-santa.gif
07-06 04:12:01.795 V/eatg ( 3876): Is http uri, downloading (uri: https://c.tenor.com/Muy5iqWr9lYAAAAk/santa-claus-santa.gif)
07-06 04:12:01.835 D/eatg ( 3876): Starting download: https://c.tenor.com/a1VADuLpJLQAAAAk/%E3%81%8A%E3%82%81%E3%81%A7%E3%81%A8%E3%81%86-%E3%81%8A%E7%A5%9D%E3%81%84.gif
07-06 04:12:01.835 V/eatg ( 3876): Is http uri, downloading (uri: https://c.tenor.com/a1VADuLpJLQAAAAk/%E3%81%8A%E3%82%81%E3%81%A7%E3%81%A8%E3%81%86-%E3%81%8A%E7%A5%9D%E3%81%84.gif)
07-06 04:12:01.883 D/eatg ( 3876): Starting download: https://c.tenor.com/bSS9RT1taOoAAAAk/pies-pie-time.gif
07-06 04:12:01.883 V/eatg ( 3876): Is http uri, downloading (uri: https://c.tenor.com/bSS9RT1taOoAAAAk/pies-pie-time.gif)
07-06 04:12:01.904 D/OomAdjuster( 685): Not killing cached processes
07-06 04:12:01.926 D/SatelliteController( 1319): iisInCarrierRoamingNbIotNtn: satellite is disabled
07-06 04:12:01.953 D/eatg ( 3876): Starting download: https://c.tenor.com/01dmrbKZwnoAAAAk/angkukuehgirl-angkukueh-girl-and-friends.gif
07-06 04:12:01.953 V/eatg ( 3876): Is http uri, downloading (uri: https://c.tenor.com/01dmrbKZwnoAAAAk/angkukuehgirl-angkukueh-girl-and-friends.gif)
07-06 04:12:01.991 D/WifiClientModeImpl[80961:wlan0]( 685): updateLinkLayerStatsRssiSpeedFrequencyCapabilities rssi=-50 TxLinkspeed=1 freq=2447 RxLinkSpeed=2
07-06 04:12:01.993 D/WifiDataStall( 685): tx tput in kbps: 11000
07-06 04:12:01.993 D/WifiDataStall( 685): rx tput in kbps: 11000
07-06 04:12:01.993 V/WifiConfigManager( 685): Updating scan detail cache freq=2447 BSSID=00:13:10:85:fe:01 RSSI=-50 for "AndroidWifi"NONE
07-06 04:12:01.994 D/WifiThroughputPredictor( 685): utilization (LLS) 80 isBluetoothConnected: false final utilization: 80
07-06 04:12:01.994 D/WifiThroughputPredictor( 685): BW: 0 RSSI: -50 Nss: 1 Mode: 1 symDur: 4000 snrDb 30 bitPerTone: 4500 rate: 54 throughput: 11
07-06 04:12:01.994 D/WifiThroughputPredictor( 685): utilization (LLS) 80 isBluetoothConnected: false final utilization: 80
07-06 04:12:01.994 D/WifiThroughputPredictor( 685): BW: 0 RSSI: -50 Nss: 1 Mode: 1 symDur: 4000 snrDb 30 bitPerTone: 4500 rate: 54 throughput: 11
07-06 04:12:01.995 D/WifiThroughputPredictor( 685): utilization (LLS) 80 isBluetoothConnected: false final utilization: 80
07-06 04:12:01.995 D/WifiThroughputPredictor( 685): BW: 0 RSSI: -50 Nss: 1 Mode: 1 symDur: 4000 snrDb 30 bitPerTone: 4500 rate: 54 throughput: 11
07-06 04:12:01.995 D/WifiThroughputPredictor( 685): utilization (LLS) 80 isBluetoothConnected: false final utilization: 80
07-06 04:12:01.995 D/WifiThroughputPredictor( 685): BW: 0 RSSI: -50 Nss: 1 Mode: 1 symDur: 4000 snrDb 30 bitPerTone: 4500 rate: 54 throughput: 11
07-06 04:12:02.002 D/WifiScoreCard( 685): BSSID update SIGNAL_POLL ID: 1192643911 SSID: "AndroidWifi", BSSID: 00:13:10:85:fe:01, MAC: 02:15:b2:00:00:00, IP: /10.0.2.16, Security type: 0, Supplicant state: COMPLETED, Wi-Fi standard: legacy, RSSI: -50, Link speed: 1Mbps, Tx Link speed: 1Mbps, Max Supported Tx Link speed: 11Mbps, Rx Link speed: 2Mbps, Max Supported Rx Link speed: 11Mbps, Frequency: 2447MHz, Net ID: 0, Metered hint: false, score: 60, isUsable: true, CarrierMerged: false, SubscriptionId: -1, IsPrimary: 1, Trusted: true, Restricted: false, Ephemeral: false, OEM paid: false, OEM private: false, OSU AP: false, FQDN: , Provider friendly name: , Requesting package name: "AndroidWifi"openMLO Information: , Is TID-To-Link negotiation supported by the AP: false, AP MLD Address: , AP MLO Link Id: , AP MLO Affiliated links: , Vendor Data:
07-06 04:12:02.002 D/WifiScoreCard( 685): txRate: 264 txSpeed: 1
07-06 04:12:02.002 D/WifiScoreCard( 685): network update SIGNAL_POLL "AndroidWifi" ID: 1775594527 RSSI -50 txSpeed 1
07-06 04:12:02.002 D/WifiClientModeImpl[80961:wlan0]( 685): ClientModeImpl$L2ConnectedState screen=on 1 0 "AndroidWifi" 00:13:10:85:fe:01 rssi=-50 f=2447 sc=60 link=1 tx=263.6, 0.0, 0.0 rx=840.0 bcn=0 [on:0 tx:0 rx:0 period:3034] from screen [on:0 period:867294162] score=60
07-06 04:12:02.008 D/eatg ( 3876): Starting download: https://c.tenor.com/6CuZBvb9jV8AAAAk/happy-cocoa-day-hot-cocoa.gif
07-06 04:12:02.008 V/eatg ( 3876): Is http uri, downloading (uri: https://c.tenor.com/6CuZBvb9jV8AAAAk/happy-cocoa-day-hot-cocoa.gif)
07-06 04:12:02.038 D/eatg ( 3876): Starting download: https://c.tenor.com/WNp649LKQOcAAAAk/xmas-christmas.gif
07-06 04:12:02.038 V/eatg ( 3876): Is http uri, downloading (uri: https://c.tenor.com/WNp649LKQOcAAAAk/xmas-christmas.gif)
07-06 04:12:02.069 D/eatg ( 3876): Starting download: https://c.tenor.com/MuTg3bOCAk8AAAAk/rafsdesign-rafs84.gif
07-06 04:12:02.069 V/eatg ( 3876): Is http uri, downloading (uri: https://c.tenor.com/MuTg3bOCAk8AAAAk/rafsdesign-rafs84.gif)
07-06 04:12:02.133 D/eatg ( 3876): Starting download: https://c.tenor.com/Qg7wcK_PJqIAAAAk/puglie-puglie-pug.gif
07-06 04:12:02.133 V/eatg ( 3876): Is http uri, downloading (uri: https://c.tenor.com/Qg7wcK_PJqIAAAAk/puglie-puglie-pug.gif)
07-06 04:12:02.172 D/eatg ( 3876): Starting download: https://c.tenor.com/bj5T0D2ctVwAAAAk/animation-cat.gif
07-06 04:12:02.172 V/eatg ( 3876): Is http uri, downloading (uri: https://c.tenor.com/bj5T0D2ctVwAAAAk/animation-cat.gif)
07-06 04:12:02.184 D/eatg ( 3876): Starting download: https://c.tenor.com/xJeX4JTwKc0AAAAk/christmas-snow.gif
07-06 04:12:02.184 V/eatg ( 3876): Is http uri, downloading (uri: https://c.tenor.com/xJeX4JTwKc0AAAAk/christmas-snow.gif)
07-06 04:12:02.230 D/eatg ( 3876): Starting download: https://c.tenor.com/dLjU23NeMnkAAAAk/coffee-dancing-mug.gif
07-06 04:12:02.230 V/eatg ( 3876): Is http uri, downloading (uri: https://c.tenor.com/dLjU23NeMnkAAAAk/coffee-dancing-mug.gif)
07-06 04:12:02.253 D/eatg ( 3876): Starting download: https://c.tenor.com/pzciJVwhnJkAAAAk/funny-happy.gif
07-06 04:12:02.253 V/eatg ( 3876): Is http uri, downloading (uri: https://c.tenor.com/pzciJVwhnJkAAAAk/funny-happy.gif)
07-06 04:12:02.292 D/eatg ( 3876): Starting download: https://c.tenor.com/_UiJbxHvSikAAAAk/love-amor.gif
07-06 04:12:02.292 V/eatg ( 3876): Is http uri, downloading (uri: https://c.tenor.com/_UiJbxHvSikAAAAk/love-amor.gif)
07-06 04:12:02.303 D/eatg ( 3876): Starting download: https://c.tenor.com/-Jw-bc85bggAAAAk/world-sleep-day-sleeping.gif
07-06 04:12:02.303 V/eatg ( 3876): Is http uri, downloading (uri: https://c.tenor.com/-Jw-bc85bggAAAAk/world-sleep-day-sleeping.gif)
07-06 04:12:02.338 D/eatg ( 3876): Starting download: https://c.tenor.com/DUrT6vaLHuYAAAAk/sad-crying.gif
07-06 04:12:02.338 V/eatg ( 3876): Is http uri, downloading (uri: https://c.tenor.com/DUrT6vaLHuYAAAAk/sad-crying.gif)
07-06 04:12:02.385 D/eatg ( 3876): Starting download: https://c.tenor.com/j51eWQxcvYgAAAAk/kiss-muah.gif
07-06 04:12:02.385 V/eatg ( 3876): Is http uri, downloading (uri: https://c.tenor.com/j51eWQxcvYgAAAAk/kiss-muah.gif)
07-06 04:12:02.404 W/screencap( 4841): Thread Pool max thread count is 0. Cannot cache binder as linkToDeath cannot be implemented. serviceName: SurfaceFlingerAIDL
07-06 04:12:02.404 W/BpBinder( 4841): Linking to death on android.gui.ISurfaceComposer but there are no threads (yet?) listening to incoming transactions. See ProcessState::startThreadPool and ProcessState::setThreadPoolMaxThreadCount. Generally you should setup the binder threadpool before other initialization steps.
07-06 04:12:02.404 W/ProcessState( 4841): Extra binder thread started, but 0 threads requested. Do not use *startThreadPool when zero threads are requested.
07-06 04:12:02.408 E/HwcComposer( 552): getLuts failed Status(-8, EX_SERVICE_SPECIFIC): '8: '
07-06 04:12:02.408 E/HWComposer( 552): getLuts: getLuts failed for display 4619827259835644672: UNSUPPORTED (8)
07-06 04:12:02.411 D/eatg ( 3876): Starting download: https://c.tenor.com/wmCNSigPu0oAAAAk/crying-sobbing.gif
07-06 04:12:02.411 V/eatg ( 3876): Is http uri, downloading (uri: https://c.tenor.com/wmCNSigPu0oAAAAk/crying-sobbing.gif)
07-06 04:12:02.429 D/eatg ( 3876): Starting download: https://c.tenor.com/aV6WH87Q80AAAAAk/grim-sad.gif
07-06 04:12:02.429 V/eatg ( 3876): Is http uri, downloading (uri: https://c.tenor.com/aV6WH87Q80AAAAAk/grim-sad.gif)
07-06 04:12:02.952 I/servicemanager( 0): Caller(pid=4841,uid=2000,sid=u:r:shell:s0) Found android.hardware.graphics.allocator.IAllocator/default in device VINTF manifest.
07-06 04:12:02.966 I/servicemanager( 0): Caller(pid=4841,uid=2000,sid=u:r:shell:s0) Found android.hardware.graphics.allocator.IAllocator/default in device VINTF manifest.
07-06 04:12:02.454 D/eatg ( 3876): Starting download: https://c.tenor.com/9bXcn-vZ28UAAAAk/happy-party.gif
07-06 04:12:02.454 V/eatg ( 3876): Is http uri, downloading (uri: https://c.tenor.com/9bXcn-vZ28UAAAAk/happy-party.gif)
07-06 04:12:02.976 I/servicemanager( 0): Caller(pid=4841,uid=2000,sid=u:r:shell:s0) Found mapper/ranchu in device VINTF manifest.
07-06 04:12:02.515 D/eatg ( 3876): Starting download: https://c.tenor.com/NMeS27y8gQIAAAAk/lauilustra-cuchi.gif
07-06 04:12:02.516 V/eatg ( 3876): Is http uri, downloading (uri: https://c.tenor.com/NMeS27y8gQIAAAAk/lauilustra-cuchi.gif)
07-06 04:12:02.527 D/eatg ( 3876): Starting download: https://c.tenor.com/gwSzzjV-lkYAAAAk/%E0%A4%B8%E0%A5%8B%E0%A4%AF%E0%A4%BE%E0%A4%B9%E0%A5%81%E0%A4%86-%E0%A4%B8%E0%A5%8B%E0%A4%A8%E0%A5%87%E0%A4%95%E0%A4%BE%E0%A4%B8%E0%A4%AE%E0%A4%AF.gif
07-06 04:12:02.527 V/eatg ( 3876): Is http uri, downloading (uri: https://c.tenor.com/gwSzzjV-lkYAAAAk/%E0%A4%B8%E0%A5%8B%E0%A4%AF%E0%A4%BE%E0%A4%B9%E0%A5%81%E0%A4%86-%E0%A4%B8%E0%A5%8B%E0%A4%A8%E0%A5%87%E0%A4%95%E0%A4%BE%E0%A4%B8%E0%A4%AE%E0%A4%AF.gif)
07-06 04:12:02.563 D/eatg ( 3876): Starting download: https://c.tenor.com/zS4jcQ90picAAAAk/roses-heart-heart.gif
07-06 04:12:02.563 V/eatg ( 3876): Is http uri, downloading (uri: https://c.tenor.com/zS4jcQ90picAAAAk/roses-heart-heart.gif)
07-06 04:12:02.617 D/eatg ( 3876): Starting download: https://c.tenor.com/j1bSL89nmtQAAAAk/heart-outline-heart.gif
07-06 04:12:02.617 V/eatg ( 3876): Is http uri, downloading (uri: https://c.tenor.com/j1bSL89nmtQAAAAk/heart-outline-heart.gif)
07-06 04:12:02.637 D/eatg ( 3876): Starting download: https://c.tenor.com/6PGRP_LBimEAAAAk/heart-made-of-hearts-heart.gif
07-06 04:12:02.637 V/eatg ( 3876): Is http uri, downloading (uri: https://c.tenor.com/6PGRP_LBimEAAAAk/heart-made-of-hearts-heart.gif)
07-06 04:12:02.660 D/eatg ( 3876): Starting download: https://c.tenor.com/40JrkApuxQcAAAAk/sad-moneky-monkey.gif
07-06 04:12:02.660 V/eatg ( 3876): Is http uri, downloading (uri: https://c.tenor.com/40JrkApuxQcAAAAk/sad-moneky-monkey.gif)
07-06 04:12:02.694 D/eatg ( 3876): Starting download: https://c.tenor.com/WZJgc1yrDv0AAAAk/zzzz-smiley-guy.gif
07-06 04:12:02.694 V/eatg ( 3876): Is http uri, downloading (uri: https://c.tenor.com/WZJgc1yrDv0AAAAk/zzzz-smiley-guy.gif)
07-06 04:12:02.731 D/eatg ( 3876): Starting download: https://c.tenor.com/kL--4XNSQboAAAAk/good-morning-smiley-guy.gif
07-06 04:12:02.731 V/eatg ( 3876): Is http uri, downloading (uri: https://c.tenor.com/kL--4XNSQboAAAAk/good-morning-smiley-guy.gif)
07-06 04:12:02.767 D/eatg ( 3876): Starting download: https://c.tenor.com/We-LJKpRRuQAAAAk/sweet-dream-sweet-n-sassy.gif
07-06 04:12:02.767 V/eatg ( 3876): Is http uri, downloading (uri: https://c.tenor.com/We-LJKpRRuQAAAAk/sweet-dream-sweet-n-sassy.gif)
07-06 04:12:02.803 D/eatg ( 3876): Starting download: https://c.tenor.com/zF0I0F08nL0AAAAk/miss-you-unicorn-life.gif
07-06 04:12:02.803 V/eatg ( 3876): Is http uri, downloading (uri: https://c.tenor.com/zF0I0F08nL0AAAAk/miss-you-unicorn-life.gif)
07-06 04:12:02.839 D/eatg ( 3876): Starting download: https://c.tenor.com/S5d_GAEzYf4AAAAk/need-coffee-unicorn-life.gif
07-06 04:12:02.839 V/eatg ( 3876): Is http uri, downloading (uri: https://c.tenor.com/S5d_GAEzYf4AAAAk/need-coffee-unicorn-life.gif)
07-06 04:12:02.874 D/eatg ( 3876): Starting download: https://c.tenor.com/6ur0xxTwWhQAAAAk/winter-joy-joypixels.gif
07-06 04:12:02.874 V/eatg ( 3876): Is http uri, downloading (uri: https://c.tenor.com/6ur0xxTwWhQAAAAk/winter-joy-joypixels.gif)
07-06 04:12:02.912 D/eatg ( 3876): Starting download: https://c.tenor.com/W4NDYUEF33YAAAAk/so-cold-winter-joy.gif
07-06 04:12:02.912 V/eatg ( 3876): Is http uri, downloading (uri: https://c.tenor.com/W4NDYUEF33YAAAAk/so-cold-winter-joy.gif)
07-06 04:12:02.947 D/eatg ( 3876): Starting download: https://c.tenor.com/BU6Id0dkth0AAAAk/plate-of-cookies-winter-joy.gif
07-06 04:12:02.947 V/eatg ( 3876): Is http uri, downloading (uri: https://c.tenor.com/BU6Id0dkth0AAAAk/plate-of-cookies-winter-joy.gif)
07-06 04:12:02.984 D/eatg ( 3876): Starting download: https://c.tenor.com/swimboPmdCwAAAAk/pine-tree-winter-joy.gif
07-06 04:12:02.984 V/eatg ( 3876): Is http uri, downloading (uri: https://c.tenor.com/swimboPmdCwAAAAk/pine-tree-winter-joy.gif)
07-06 04:12:03.022 D/eatg ( 3876): Starting download: https://c.tenor.com/yDVW5CG7J4wAAAAk/snowflakes-winter-joy.gif
07-06 04:12:03.023 V/eatg ( 3876): Is http uri, downloading (uri: https://c.tenor.com/yDVW5CG7J4wAAAAk/snowflakes-winter-joy.gif)
07-06 04:12:03.059 D/eatg ( 3876): Starting download: https://c.tenor.com/WQE-dtf0wYMAAAAk/snowman-winter-joy.gif
07-06 04:12:03.059 V/eatg ( 3876): Is http uri, downloading (uri: https://c.tenor.com/WQE-dtf0wYMAAAAk/snowman-winter-joy.gif)
07-06 04:12:03.092 D/eatg ( 3876): Starting download: https://c.tenor.com/z31du6dLEKAAAAAk/happy-holidays-winter-joy.gif
07-06 04:12:03.092 V/eatg ( 3876): Is http uri, downloading (uri: https://c.tenor.com/z31du6dLEKAAAAAk/happy-holidays-winter-joy.gif)
07-06 04:12:03.130 D/eatg ( 3876): Starting download: https://c.tenor.com/ejNjGg6pPOUAAAAk/hit-the-slopes-winter-joy.gif
07-06 04:12:03.130 V/eatg ( 3876): Is http uri, downloading (uri: https://c.tenor.com/ejNjGg6pPOUAAAAk/hit-the-slopes-winter-joy.gif)
07-06 04:12:03.167 D/eatg ( 3876): Starting download: https://c.tenor.com/w4uWwZ9iX2wAAAAk/gift-winter-joy.gif
07-06 04:12:03.167 V/eatg ( 3876): Is http uri, downloading (uri: https://c.tenor.com/w4uWwZ9iX2wAAAAk/gift-winter-joy.gif)
07-06 04:12:03.202 D/eatg ( 3876): Starting download: https://c.tenor.com/m22-T3y9dfAAAAAk/happy-new-year-winter-joy.gif
07-06 04:12:03.202 V/eatg ( 3876): Is http uri, downloading (uri: https://c.tenor.com/m22-T3y9dfAAAAAk/happy-new-year-winter-joy.gif)
07-06 04:12:03.237 D/eatg ( 3876): Starting download: https://c.tenor.com/OS4Huujkfe4AAAAk/skiing-activity.gif
07-06 04:12:03.237 V/eatg ( 3876): Is http uri, downloading (uri: https://c.tenor.com/OS4Huujkfe4AAAAk/skiing-activity.gif)
07-06 04:12:03.276 D/eatg ( 3876): Starting download: https://c.tenor.com/nxVJkH5xu50AAAAk/snowman-mattjoyceillustrator.gif
07-06 04:12:03.276 V/eatg ( 3876): Is http uri, downloading (uri: https://c.tenor.com/nxVJkH5xu50AAAAk/snowman-mattjoyceillustrator.gif)
07-06 04:12:03.311 D/eatg ( 3876): Starting download: https://c.tenor.com/DVE1UIx6yCsAAAAk/snowboarder-joypixels.gif
07-06 04:12:03.311 V/eatg ( 3876): Is http uri, downloading (uri: https://c.tenor.com/DVE1UIx6yCsAAAAk/snowboarder-joypixels.gif)
07-06 04:12:03.364 D/eatg ( 3876): Starting download: https://c.tenor.com/W79Cr0btM78AAAAk/poultry-leg-food.gif
07-06 04:12:03.364 V/eatg ( 3876): Is http uri, downloading (uri: https://c.tenor.com/W79Cr0btM78AAAAk/poultry-leg-food.gif)
07-06 04:12:03.382 D/eatg ( 3876): Starting download: https://c.tenor.com/yOLHzyXqVJEAAAAk/pie-food.gif
07-06 04:12:03.382 V/eatg ( 3876): Is http uri, downloading (uri: https://c.tenor.com/yOLHzyXqVJEAAAAk/pie-food.gif)
07-06 04:12:03.419 D/eatg ( 3876): Starting download: https://c.tenor.com/DxCC30FfRJsAAAAk/turkey-nature.gif
07-06 04:12:03.419 V/eatg ( 3876): Is http uri, downloading (uri: https://c.tenor.com/DxCC30FfRJsAAAAk/turkey-nature.gif)
07-06 04:12:03.460 D/eatg ( 3876): Starting download: https://c.tenor.com/EY4ovS3SJ44AAAAk/crying-face-people.gif
07-06 04:12:03.460 V/eatg ( 3876): Is http uri, downloading (uri: https://c.tenor.com/EY4ovS3SJ44AAAAk/crying-face-people.gif)
07-06 04:12:03.493 D/eatg ( 3876): Starting download: https://c.tenor.com/R5zMKrraD7sAAAAk/sleeping-face-people.gif
07-06 04:12:03.493 V/eatg ( 3876): Is http uri, downloading (uri: https://c.tenor.com/R5zMKrraD7sAAAAk/sleeping-face-people.gif)
07-06 04:12:03.531 D/eatg ( 3876): Starting download: https://c.tenor.com/GX5FqVE4-YQAAAAk/miss-you-i-miss-you-so-much.gif
07-06 04:12:03.531 V/eatg ( 3876): Is http uri, downloading (uri: https://c.tenor.com/GX5FqVE4-YQAAAAk/miss-you-i-miss-you-so-much.gif)
07-06 04:12:03.566 D/eatg ( 3876): Starting download: https://c.tenor.com/3ZzzUmZFXxkAAAAk/cold-face-joypixels.gif
07-06 04:12:03.566 V/eatg ( 3876): Is http uri, downloading (uri: https://c.tenor.com/3ZzzUmZFXxkAAAAk/cold-face-joypixels.gif)
07-06 04:12:03.605 D/eatg ( 3876): Starting download: https://c.tenor.com/K4Z_wFK-R9cAAAAk/christmas-tree-joypixels.gif
07-06 04:12:03.605 V/eatg ( 3876): Is http uri, downloading (uri: https://c.tenor.com/K4Z_wFK-R9cAAAAk/christmas-tree-joypixels.gif)
07-06 04:12:03.642 I/netd ( 472): tetherGetStats() -> {[]} <0.57ms>
07-06 04:12:03.663 I/netd ( 472): bandwidthSetGlobalAlert(2097152) <0.23ms>
07-06 04:12:03.678 D/eatg ( 3876): Starting download: https://c.tenor.com/VgCDirag6VcAAAAk/party-popper-joypixels.gif
07-06 04:12:03.678 V/eatg ( 3876): Is http uri, downloading (uri: https://c.tenor.com/VgCDirag6VcAAAAk/party-popper-joypixels.gif)
07-06 04:12:03.692 D/eatg ( 3876): Starting download: https://c.tenor.com/E5IKLPPHqG8AAAAk/partying-face-joypixels.gif
07-06 04:12:03.692 V/eatg ( 3876): Is http uri, downloading (uri: https://c.tenor.com/E5IKLPPHqG8AAAAk/partying-face-joypixels.gif)
07-06 04:12:03.754 D/eatg ( 3876): Starting download: https://c.tenor.com/KUV-lrktMvcAAAAk/snowman-joypixels.gif
07-06 04:12:03.754 V/eatg ( 3876): Is http uri, downloading (uri: https://c.tenor.com/KUV-lrktMvcAAAAk/snowman-joypixels.gif)
07-06 04:12:03.800 D/eatg ( 3876): Starting download: https://c.tenor.com/Xi3spI3b5JYAAAAk/good-night.gif
07-06 04:12:03.800 V/eatg ( 3876): Is http uri, downloading (uri: https://c.tenor.com/Xi3spI3b5JYAAAAk/good-night.gif)
07-06 04:12:03.879 D/eatg ( 3876): Starting download: https://c.tenor.com/sZqx1Zp7zr0AAAAk/good-night.gif
07-06 04:12:03.880 V/eatg ( 3876): Is http uri, downloading (uri: https://c.tenor.com/sZqx1Zp7zr0AAAAk/good-night.gif)
07-06 04:12:03.883 D/eatg ( 3876): Starting download: https://c.tenor.com/NTOANzmVRsMAAAAk/hello-hi.gif
07-06 04:12:03.883 V/eatg ( 3876): Is http uri, downloading (uri: https://c.tenor.com/NTOANzmVRsMAAAAk/hello-hi.gif)
07-06 04:12:03.956 D/eatg ( 3876): Starting download: https://c.tenor.com/MJRm596V0iYAAAAk/hello-hi.gif
07-06 04:12:03.956 V/eatg ( 3876): Is http uri, downloading (uri: https://c.tenor.com/MJRm596V0iYAAAAk/hello-hi.gif)
07-06 04:12:03.961 D/eatg ( 3876): Starting download: https://c.tenor.com/6lqu7MQzVsUAAAAk/hello-hi.gif
07-06 04:12:03.961 V/eatg ( 3876): Is http uri, downloading (uri: https://c.tenor.com/6lqu7MQzVsUAAAAk/hello-hi.gif)
07-06 04:12:04.231 D/eatg ( 3876): Starting download: https://c.tenor.com/t_zIg_K72JgAAAAk/happy-smile.gif
07-06 04:12:04.235 V/eatg ( 3876): Is http uri, downloading (uri: https://c.tenor.com/t_zIg_K72JgAAAAk/happy-smile.gif)
07-06 04:12:04.235 D/eatg ( 3876): Starting download: https://c.tenor.com/ZG6-t5u8DDgAAAAk/hey-hello.gif
07-06 04:12:04.235 V/eatg ( 3876): Is http uri, downloading (uri: https://c.tenor.com/ZG6-t5u8DDgAAAAk/hey-hello.gif)
07-06 04:12:04.296 D/eatg ( 3876): Starting download: https://c.tenor.com/Zz5yHlMacSAAAAAk/hey-hello.gif
07-06 04:12:04.296 V/eatg ( 3876): Is http uri, downloading (uri: https://c.tenor.com/Zz5yHlMacSAAAAAk/hey-hello.gif)
07-06 04:12:04.329 D/eatg ( 3876): Starting download: https://c.tenor.com/3jT6INWMG9IAAAAk/sweet-dreams-goodnight.gif
