07-06 04:11:55.162 F/DEBUG ( 4812): #18 pc 00000000000cb0b8 /data/app/~~o6-6xZRClbeFuxgaP6qBAw==/store.rayp.securenotes-u5peKVvT9fOhngEmEVIJng==/base.apk!libhermesvm.so (offset 0x3f40000) (BuildId: 6c2dd60da8fe53fcb3932ab474c4c46f242066d2)
07-06 04:11:55.162 F/DEBUG ( 4812): #19 pc 00000000002bf108 /data/app/~~o6-6xZRClbeFuxgaP6qBAw==/store.rayp.securenotes-u5peKVvT9fOhngEmEVIJng==/base.apk!libreactnative.so (offset 0x4414000) (BuildId: fb37929069bbb8a0c5a6aa05ad295c611239b94b)
07-06 04:11:55.163 F/DEBUG ( 4812): #20 pc 00000000005108f9 /data/app/~~o6-6xZRClbeFuxgaP6qBAw==/store.rayp.securenotes-u5peKVvT9fOhngEmEVIJng==/base.apk!libreactnative.so (offset 0x4414000) (facebook::react::Task::execute(facebook::jsi::Runtime&, bool)+313) (BuildId: fb37929069bbb8a0c5a6aa05ad295c611239b94b)
07-06 04:11:55.163 F/DEBUG ( 4812): #21 pc 000000000050e828 /data/app/~~o6-6xZRClbeFuxgaP6qBAw==/store.rayp.securenotes-u5peKVvT9fOhngEmEVIJng==/base.apk!libreactnative.so (offset 0x4414000) (facebook::react::RuntimeScheduler_Modern::executeTask(facebook::jsi::Runtime&, facebook::react::Task&, bool) const+56) (BuildId: fb37929069bbb8a0c5a6aa05ad295c611239b94b)
07-06 04:11:55.163 F/DEBUG ( 4812): #22 pc 000000000050f101 /data/app/~~o6-6xZRClbeFuxgaP6qBAw==/store.rayp.securenotes-u5peKVvT9fOhngEmEVIJng==/base.apk!libreactnative.so (offset 0x4414000) (facebook::react::RuntimeScheduler_Modern::runEventLoopTick(facebook::jsi::Runtime&, facebook::react::Task&)+113) (BuildId: fb37929069bbb8a0c5a6aa05ad295c611239b94b)
07-06 04:11:55.163 F/DEBUG ( 4812): #23 pc 000000000050ee27 /data/app/~~o6-6xZRClbeFuxgaP6qBAw==/store.rayp.securenotes-u5peKVvT9fOhngEmEVIJng==/base.apk!libreactnative.so (offset 0x4414000) (facebook::react::RuntimeScheduler_Modern::runEventLoop(facebook::jsi::Runtime&)+119) (BuildId: fb37929069bbb8a0c5a6aa05ad295c611239b94b)
07-06 04:11:55.163 F/DEBUG ( 4812): #24 pc 00000000002bd039 /data/app/~~o6-6xZRClbeFuxgaP6qBAw==/store.rayp.securenotes-u5peKVvT9fOhngEmEVIJng==/base.apk!libreactnative.so (offset 0x4414000) (BuildId: fb37929069bbb8a0c5a6aa05ad295c611239b94b)
07-06 04:11:55.163 F/DEBUG ( 4812): #25 pc 000000000055c54d /data/app/~~o6-6xZRClbeFuxgaP6qBAw==/store.rayp.securenotes-u5peKVvT9fOhngEmEVIJng==/base.apk!libreactnative.so (offset 0x4414000) (BuildId: fb37929069bbb8a0c5a6aa05ad295c611239b94b)
07-06 04:11:55.163 F/DEBUG ( 4812): #26 pc 0000000000017202 /data/app/~~o6-6xZRClbeFuxgaP6qBAw==/store.rayp.securenotes-u5peKVvT9fOhngEmEVIJng==/base.apk!libfbjni.so (offset 0x3ea4000) (facebook::jni::detail::MethodWrapper::dispatch(facebook::jni::alias_ref::JavaPart, facebook::jni::JRunnable, void>::_javaobject*>)+66) (BuildId: 2f4b0da170c8a1af5bf245a5dba7c30a6974f2f2)
07-06 04:11:55.163 F/DEBUG ( 4812): #27 pc 0000000000017143 /data/app/~~o6-6xZRClbeFuxgaP6qBAw==/store.rayp.securenotes-u5peKVvT9fOhngEmEVIJng==/base.apk!libfbjni.so (offset 0x3ea4000) (facebook::jni::detail::FunctionWrapper::JavaPart, facebook::jni::JRunnable, void>::_javaobject*>), facebook::jni::detail::JTypeFor::JavaPart, facebook::jni::JRunnable, void>::_javaobject*, void>::call(_JNIEnv*, _jobject*, void (*)(facebook::jni::alias_ref::JavaPart, facebook::jni::JRunnable, void>::_javaobject*>))+51) (BuildId: 2f4b0da170c8a1af5bf245a5dba7c30a6974f2f2)
07-06 04:11:55.163 F/DEBUG ( 4812): #28 pc 00000000002de893 /system/framework/x86_64/boot.oat (art_jni_trampoline+131) (BuildId: 9083d3c301e7d514bb074e4d021820fc53775ff6)
07-06 04:11:55.163 F/DEBUG ( 4812): #29 pc 00000000004e45ac /system/framework/x86_64/boot-framework.oat (android.os.Handler.dispatchMessage+76) (BuildId: 593ba0dbad2e0e4d41fe6702f77e468f5f01eae0)
07-06 04:11:55.163 F/DEBUG ( 4812): #30 pc 00000000002097ed /apex/com.android.art/lib64/libart.so (nterp_helper+3837) (BuildId: 108a321dc93c20580e74b855c407e975)
07-06 04:11:55.163 F/DEBUG ( 4812): #31 pc 00000000004170b2 /data/app/~~o6-6xZRClbeFuxgaP6qBAw==/store.rayp.securenotes-u5peKVvT9fOhngEmEVIJng==/oat/x86_64/base.vdex (com.facebook.react.bridge.queue.MessageQueueThreadHandler.dispatchMessage+10)
07-06 04:11:55.163 F/DEBUG ( 4812): #32 pc 000000000051abe5 /system/framework/x86_64/boot-framework.oat (android.os.Looper.loopOnce+1109) (BuildId: 593ba0dbad2e0e4d41fe6702f77e468f5f01eae0)
07-06 04:11:55.163 F/DEBUG ( 4812): #33 pc 000000000051a6db /system/framework/x86_64/boot-framework.oat (android.os.Looper.loop+235) (BuildId: 593ba0dbad2e0e4d41fe6702f77e468f5f01eae0)
07-06 04:11:55.163 F/DEBUG ( 4812): #34 pc 0000000000208995 /apex/com.android.art/lib64/libart.so (nterp_helper+165) (BuildId: 108a321dc93c20580e74b855c407e975)
07-06 04:11:55.163 F/DEBUG ( 4812): #35 pc 000000000041735c /data/app/~~o6-6xZRClbeFuxgaP6qBAw==/store.rayp.securenotes-u5peKVvT9fOhngEmEVIJng==/oat/x86_64/base.vdex (com.facebook.react.bridge.queue.MessageQueueThreadImpl$Companion.startNewBackgroundThread$lambda$0+28)
07-06 04:11:55.163 F/DEBUG ( 4812): #36 pc 0000000000208928 /apex/com.android.art/lib64/libart.so (nterp_helper+56) (BuildId: 108a321dc93c20580e74b855c407e975)
07-06 04:11:55.163 F/DEBUG ( 4812): #37 pc 00000000004172f8 /data/app/~~o6-6xZRClbeFuxgaP6qBAw==/store.rayp.securenotes-u5peKVvT9fOhngEmEVIJng==/oat/x86_64/base.vdex (com.facebook.react.bridge.queue.MessageQueueThreadImpl$Companion.$r8$lambda$YYXYCFexeoKtAeDpeNYkxZZlpbA+0)
07-06 04:11:55.163 F/DEBUG ( 4812): #38 pc 0000000000208928 /apex/com.android.art/lib64/libart.so (nterp_helper+56) (BuildId: 108a321dc93c20580e74b855c407e975)
07-06 04:11:55.163 F/DEBUG ( 4812): #39 pc 0000000000417148 /data/app/~~o6-6xZRClbeFuxgaP6qBAw==/store.rayp.securenotes-u5peKVvT9fOhngEmEVIJng==/oat/x86_64/base.vdex (com.facebook.react.bridge.queue.MessageQueueThreadImpl$Companion$$ExternalSyntheticLambda0.run+4)
07-06 04:11:55.164 F/DEBUG ( 4812): #40 pc 00000000000a9f57 /system/framework/x86_64/boot.oat (java.lang.Thread.run+71) (BuildId: 9083d3c301e7d514bb074e4d021820fc53775ff6)
07-06 04:11:55.164 F/DEBUG ( 4812): #41 pc 0000000000211e94 /apex/com.android.art/lib64/libart.so (art_quick_invoke_stub+756) (BuildId: 108a321dc93c20580e74b855c407e975)
07-06 04:11:55.164 F/DEBUG ( 4812): #42 pc 00000000004621c5 /apex/com.android.art/lib64/libart.so (art::ArtMethod::Invoke(art::Thread*, unsigned int*, unsigned int, art::JValue*, char const*)+181) (BuildId: 108a321dc93c20580e74b855c407e975)
07-06 04:11:55.164 F/DEBUG ( 4812): #43 pc 00000000008f42ec /apex/com.android.art/lib64/libart.so (art::Thread::CreateCallback(void*)+1388) (BuildId: 108a321dc93c20580e74b855c407e975)
07-06 04:11:55.168 F/DEBUG ( 4812): #44 pc 00000000008f3d78 /apex/com.android.art/lib64/libart.so (art::Thread::CreateCallbackWithUffdGc(void*)+8) (BuildId: 108a321dc93c20580e74b855c407e975)
07-06 04:11:55.168 F/DEBUG ( 4812): #45 pc 000000000007ac5f /apex/com.android.runtime/lib64/bionic/libc.so (__pthread_start(void*)+63) (BuildId: fcb82240218d1473de1e3d2137c0be35)
07-06 04:11:55.168 F/DEBUG ( 4812): #46 pc 000000000006d94d /apex/com.android.runtime/lib64/bionic/libc.so (__start_thread+61) (BuildId: fcb82240218d1473de1e3d2137c0be35)
07-06 04:11:55.197 D/eatg ( 3876): Starting download: https://c.tenor.com/KWSi_2egDKAAAAAk/tenor.gif
07-06 04:11:55.197 V/eatg ( 3876): Is http uri, downloading (uri: https://c.tenor.com/KWSi_2egDKAAAAAk/tenor.gif)
07-06 04:11:55.228 I/avrd ( 1815): (REDACTED) Starting %s background task %s.
07-06 04:11:55.243 D/eatg ( 3876): Starting download: https://c.tenor.com/XbcbbNJsF_4AAAAk/tenor.gif
07-06 04:11:55.243 V/eatg ( 3876): Is http uri, downloading (uri: https://c.tenor.com/XbcbbNJsF_4AAAAk/tenor.gif)
07-06 04:11:55.254 E/tombstoned( 300): Tombstone written to: tombstone_01
07-06 04:11:55.316 D/eatg ( 3876): Starting download: https://c.tenor.com/1HV4B3GCV6UAAAAk/tenor.gif
07-06 04:11:55.316 V/eatg ( 3876): Is http uri, downloading (uri: https://c.tenor.com/1HV4B3GCV6UAAAAk/tenor.gif)
07-06 04:11:55.319 D/eatg ( 3876): Starting download: https://c.tenor.com/lngU4P3JhMMAAAAk/tenor.gif
07-06 04:11:55.319 V/eatg ( 3876): Is http uri, downloading (uri: https://c.tenor.com/lngU4P3JhMMAAAAk/tenor.gif)
07-06 04:11:55.339 W/.gms.persistent( 1447): Suspending all threads took: 32.102ms
07-06 04:11:55.880 I/init ( 0): Untracked pid 4812 exited with status 0
07-06 04:11:55.906 I/init ( 0): Untracked pid 4812 did not have an associated service entry and will not be reaped
07-06 04:11:55.402 W/earchbox:search( 1815): Suspending all threads took: 23.983ms
07-06 04:11:55.407 D/eatg ( 3876): Starting download: https://c.tenor.com/Gm7MRQex2zYAAAAk/tenor.gif
07-06 04:11:55.407 V/eatg ( 3876): Is http uri, downloading (uri: https://c.tenor.com/Gm7MRQex2zYAAAAk/tenor.gif)
07-06 04:11:55.407 I/DropBoxManagerService( 685): add tag=SYSTEM_TOMBSTONE_PROTO_WITH_HEADERS isTagEnabled=true flags=0x4
07-06 04:11:55.418 I/avrd ( 1815): (REDACTED) Starting %s background task %s.
07-06 04:11:55.926 I/init ( 0): Untracked pid 4816 exited with status 0
07-06 04:11:55.953 I/init ( 0): Untracked pid 4816 did not have an associated service entry and will not be reaped
07-06 04:11:55.431 W/InputDispatcher( 685): channel '16f3e7d store.rayp.securenotes/store.rayp.securenotes.MainActivity' ~ Consumer closed input channel or an error occurred. events=0x9
07-06 04:11:55.432 E/InputDispatcher( 685): channel '16f3e7d store.rayp.securenotes/store.rayp.securenotes.MainActivity' ~ Channel is unrecoverably broken and will be disposed!
07-06 04:11:55.434 I/WindowManager( 685): WINDOW DIED Window{16f3e7d u0 store.rayp.securenotes/store.rayp.securenotes.MainActivity}
07-06 04:11:55.451 I/DropBoxManagerService( 685): add tag=data_app_native_crash isTagEnabled=true flags=0x2
07-06 04:11:55.451 D/eatg ( 3876): Starting download: https://c.tenor.com/Jg2C1zZb53EAAAAk/tenor.gif
07-06 04:11:55.451 V/eatg ( 3876): Is http uri, downloading (uri: https://c.tenor.com/Jg2C1zZb53EAAAAk/tenor.gif)
07-06 04:11:55.457 I/sjn ( 1815): Canceling restore - user account is null
07-06 04:11:55.462 I/Zygote ( 477): Process 4752 exited due to signal 6 (Aborted)
07-06 04:11:55.466 I/ImeTracker( 685): store.rayp.securenotes:7621a242: onRequestHide at ORIGIN_SERVER reason HIDE_REMOVE_CLIENT fromUser false
07-06 04:11:55.468 I/ImeTracker( 685): system_server:ec88ad8c: onRequestHide at ORIGIN_SERVER reason IME_REQUESTED_CHANGED_LISTENER fromUser false
07-06 04:11:55.472 D/eatg ( 3876): Starting download: https://c.tenor.com/SRM0gCmGM7IAAAAk/tenor.gif
07-06 04:11:55.472 V/eatg ( 3876): Is http uri, downloading (uri: https://c.tenor.com/SRM0gCmGM7IAAAAk/tenor.gif)
07-06 04:11:55.472 I/ImeTracker( 685): store.rayp.securenotes:7621a242: onCancelled at PHASE_SERVER_SHOULD_HIDE
07-06 04:11:55.480 I/ImeTracker( 685): system_server:ec88ad8c: onCancelled at PHASE_SERVER_SHOULD_HIDE
07-06 04:11:55.515 E/BpTransactionCompletedListener( 552): Failed to transact (-32)
07-06 04:11:55.519 W/ActivityTaskManager( 685): Force finishing activity store.rayp.securenotes/.MainActivity
07-06 04:11:55.520 D/eatg ( 3876): Starting download: https://c.tenor.com/sdy4GldL-VAAAAAk/tenor.gif
07-06 04:11:55.520 V/eatg ( 3876): Is http uri, downloading (uri: https://c.tenor.com/sdy4GldL-VAAAAAk/tenor.gif)
07-06 04:11:55.530 V/WindowManagerShell( 1132): Transition requested (#19): android.os.BinderProxy@dceaedc TransitionRequestInfo { type = CLOSE, triggerTask = TaskInfo{userId=0 taskId=9 effectiveUid=10216 displayId=0 isRunning=true baseIntent=Intent { flg=0x10000000 cmp=store.rayp.securenotes/.MainActivity } baseActivity=ComponentInfo{store.rayp.securenotes/store.rayp.securenotes.MainActivity} topActivity=ComponentInfo{store.rayp.securenotes/store.rayp.securenotes.MainActivity} origActivity=null realActivity=ComponentInfo{store.rayp.securenotes/store.rayp.securenotes.MainActivity} numActivities=1 lastActiveTime=185347 supportsMultiWindow=true resizeMode=1 isResizeable=true minWidth=-1 minHeight=-1 defaultMinSize=220 token=WCT{android.window.IWindowContainerToken$Stub$Proxy@46fabe5} topActivityType=1 pictureInPictureParams=null shouldDockBigOverlays=false launchIntoPipHostTaskId=-1 lastParentTaskIdBeforePip=-1 displayCutoutSafeInsets=Rect(0, 128 - 0, 0) topActivityInfo=ActivityInfo{20a26ba store.rayp.securenotes.MainActivity} launchCookies=[] positionInParent=Point(0, 0) parentTaskId=-1 isFocused=true isVisible=true isVisibleRequested=true isTopActivityNoDisplay=false isSleeping=false locusId=null displayAreaFeatureId=1 isTopActivityTransparent=false isActivityStackTransparent=false lastNonFullscreenBounds=Rect(276, 692 - 804, 1772) capturedLink=null capturedLinkTimestamp=0 requestedVisibleTypes=-9 topActivityRequestOpenInBrowserEducationTimestamp=0 appCompatTaskInfo=AppCompatTaskInfo { topActivityInSizeCompat=false eligibleForLetterboxEducation= false isLetterboxEducationEnabled= true isLetterboxDoubleTapEnabled= false eligibleForUserAspectRatioButton= false topActivityBoundsLetterboxed= false isFromLetterboxDoubleTap= false topActivityLetterboxVerticalPosition= -1 topActivityLetterboxHorizontalPosition= -1 topActivityLetterboxWidth=-1 topActivityLetterboxHeight=-1 topActivityAppBounds=Rect(0, 0 - 1080, 2400) isUserFullscreenOverrideEnabled=false isSystemFullscreenOverrideEnabled=false hasMinAspectRatioOverride=false topActivityLetterboxBounds=null cameraCompatTaskInfo=CameraCompatTaskInfo { freeformCameraCompatMode=inactive}} topActivityMainWindowFrame=null}, pipChange = null, remoteTransition = null, displayChange = null, flags = 16, debugId = 19 }
07-06 04:11:55.540 W/ActivityManager( 685): pid 685 system sent binder code 54 with flags 1 to frozen apps and got error -32
07-06 04:11:55.548 W/ClientLifecycleManager( 685): Failed to deliver transaction for ProcessRecord{f502c6b 4752:store.rayp.securenotes/u0a216}
07-06 04:11:55.548 W/ClientLifecycleManager( 685): transaction=com.android.server.wm.ClientLifecycleManager@1afa762
07-06 04:11:55.548 W/ClientLifecycleManager( 685): android.os.DeadObjectException
07-06 04:11:55.548 W/ClientLifecycleManager( 685): at android.os.BinderProxy.transactNative(Native Method)
07-06 04:11:55.548 W/ClientLifecycleManager( 685): at android.os.BinderProxy.transact(BinderProxy.java:592)
07-06 04:11:55.548 W/ClientLifecycleManager( 685): at android.app.IApplicationThread$Stub$Proxy.scheduleTransaction(IApplicationThread.java:2308)
07-06 04:11:55.548 W/ClientLifecycleManager( 685): at android.app.IApplicationThread$Delegator.scheduleTransaction(IApplicationThread.java:439)
07-06 04:11:55.548 W/ClientLifecycleManager( 685): at android.app.servertransaction.ClientTransaction.schedule(ClientTransaction.java:245)
07-06 04:11:55.548 W/ClientLifecycleManager( 685): at com.android.server.wm.ClientLifecycleManager.scheduleTransaction(ClientLifecycleManager.java:75)
07-06 04:11:55.548 W/ClientLifecycleManager( 685): at com.android.server.wm.ClientLifecycleManager.dispatchPendingTransactions(ClientLifecycleManager.java:185)
07-06 04:11:55.548 W/ClientLifecycleManager( 685): at com.android.server.wm.RootWindowContainer.performSurfacePlacementNoTrace(RootWindowContainer.java:792)
07-06 04:11:55.548 W/ClientLifecycleManager( 685): at com.android.server.wm.RootWindowContainer.performSurfacePlacement(RootWindowContainer.java:746)
07-06 04:11:55.548 W/ClientLifecycleManager( 685): at com.android.server.wm.WindowSurfacePlacer.performSurfacePlacementLoop(WindowSurfacePlacer.java:173)
07-06 04:11:55.548 W/ClientLifecycleManager( 685): at com.android.server.wm.WindowSurfacePlacer.performSurfacePlacement(WindowSurfacePlacer.java:123)
07-06 04:11:55.548 W/ClientLifecycleManager( 685): at com.android.server.wm.WindowSurfacePlacer.performSurfacePlacement(WindowSurfacePlacer.java:112)
07-06 04:11:55.548 W/ClientLifecycleManager( 685): at com.android.server.wm.WindowSurfacePlacer.continueLayout(WindowSurfacePlacer.java:94)
07-06 04:11:55.548 W/ClientLifecycleManager( 685): at com.android.server.wm.ActivityTaskManagerService.continueWindowLayout(ActivityTaskManagerService.java:4972)
07-06 04:11:55.548 W/ClientLifecycleManager( 685): at com.android.server.wm.ActivityTaskManagerService$LocalService.finishTopCrashedActivities(ActivityTaskManagerService.java:7183)
07-06 04:11:55.548 W/ClientLifecycleManager( 685): at com.android.server.am.AppErrors.handleAppCrashLSPB(AppErrors.java:964)
07-06 04:11:55.548 W/ClientLifecycleManager( 685): at com.android.server.am.AppErrors.makeAppCrashingLocked(AppErrors.java:797)
07-06 04:11:55.548 W/ClientLifecycleManager( 685): at com.android.server.am.AppErrors.crashApplicationInner(AppErrors.java:672)
07-06 04:11:55.548 W/ClientLifecycleManager( 685): at com.android.server.am.AppErrors.crashApplication(AppErrors.java:600)
07-06 04:11:55.548 W/ClientLifecycleManager( 685): at com.android.server.am.ActivityManagerService.handleApplicationCrashInner(ActivityManagerService.java:9424)
07-06 04:11:55.548 W/ClientLifecycleManager( 685): at com.android.server.am.NativeCrashListener$NativeCrashReporter.run(NativeCrashListener.java:91)
07-06 04:11:55.551 V/WindowManager( 685): Unknown focus tokens, dropping reportFocusChanged
07-06 04:11:55.558 I/ActivityManager( 685): Showing crash dialog for package store.rayp.securenotes u0
07-06 04:11:55.562 I/BpBinder( 552): onLastStrongRef automatically unlinking death recipients:
07-06 04:11:55.572 D/eatg ( 3876): Starting download: https://c.tenor.com/uwVXJKa4zPAAAAAk/tenor.gif
07-06 04:11:55.572 V/eatg ( 3876): Is http uri, downloading (uri: https://c.tenor.com/uwVXJKa4zPAAAAAk/tenor.gif)
07-06 04:11:55.574 W/Looper ( 1132): Slow dispatch took 40ms wmshell.main app=com.android.systemui main=false group=FOREGROUND h=android.os.Handler c=com.android.wm.shell.transition.Transitions$ShellTransitionImpl$$ExternalSyntheticLambda1@3fb596b m=0
07-06 04:11:55.581 I/BpBinder( 552): onLastStrongRef automatically unlinking death recipients:
07-06 04:11:55.601 D/eatg ( 3876): Starting download: https://c.tenor.com/yo4EXUSX8TkAAAAk/tenor.gif
07-06 04:11:55.601 V/eatg ( 3876): Is http uri, downloading (uri: https://c.tenor.com/yo4EXUSX8TkAAAAk/tenor.gif)
07-06 04:11:55.603 I/avrd ( 1815): (REDACTED) Starting %s background task %s.
07-06 04:11:55.606 I/libprocessgroup( 685): Removed cgroup /sys/fs/cgroup/apps/uid_10216/pid_4752
07-06 04:11:55.606 I/ActivityManager( 685): Process store.rayp.securenotes (pid 4752) has died: fg TOP
07-06 04:11:55.644 D/eatg ( 3876): Starting download: https://c.tenor.com/1Uxfz02VWCAAAAAk/tenor.gif
07-06 04:11:55.644 V/eatg ( 3876): Is http uri, downloading (uri: https://c.tenor.com/1Uxfz02VWCAAAAAk/tenor.gif)
07-06 04:11:55.665 D/eatg ( 3876): Starting download: https://c.tenor.com/97HoAIHO_TMAAAAk/tenor.gif
07-06 04:11:55.665 V/eatg ( 3876): Is http uri, downloading (uri: https://c.tenor.com/97HoAIHO_TMAAAAk/tenor.gif)
07-06 04:11:55.666 D/BackgroundInstallControlService( 685): Package event received: 0
07-06 04:11:55.681 I/AppWidgetServiceImpl( 685): startListening() 0
07-06 04:11:55.692 D/WindowManagerShell( 1132): setLauncherKeepClearAreaHeight: visible=false, height=527
07-06 04:11:55.694 D/NexusLauncherModelDelegate( 1415): notifySmartspaceEvent: SmartspaceTargetEvent{mSmartspaceTarget=null, mSmartspaceActionId='null', mEventType=6}
07-06 04:11:55.692 D/WindowManagerShell( 1132): setLauncherKeepClearAreaHeight: visible=true, height=527
07-06 04:11:55.726 D/BaseDepthController( 1415): setSurface:
07-06 04:11:55.726 D/BaseDepthController( 1415): mWaitingOnSurfaceValidity: false
07-06 04:11:55.726 D/BaseDepthController( 1415): mBaseSurface: Surface(name=com.google.android.apps.nexuslauncher/com.google.android.apps.nexuslauncher.NexusLauncherActivity)/@0x3ae41a0
07-06 04:11:55.739 D/BackgroundInstallControlService( 685): Package event received: 0
07-06 04:11:55.739 D/BackgroundInstallControlService( 685): Package event received: 0
07-06 04:11:55.742 D/eatg ( 3876): Starting download: https://c.tenor.com/P64ts_1-2CIAAAAk/tenor.gif
07-06 04:11:55.742 V/eatg ( 3876): Is http uri, downloading (uri: https://c.tenor.com/P64ts_1-2CIAAAAk/tenor.gif)
07-06 04:11:55.763 I/netd ( 472): tetherGetStats() -> {[]} <0.42ms>
07-06 04:11:55.794 W/Looper ( 685): Slow dispatch took 152ms android.ui app=system_server main=false group=TOP_APP h=com.android.server.am.ActivityManagerService$UiHandler c=null m=1
07-06 04:11:55.794 W/Looper ( 1132): Slow dispatch took 54ms wmshell.main app=com.android.systemui main=false group=FOREGROUND h=android.os.Handler c=android.window.TaskOrganizer$1$$ExternalSyntheticLambda0@b05dcc8 m=0
07-06 04:11:55.795 W/Looper ( 685): Slow dispatch took 243ms android.fg app=system_server main=false group=FOREGROUND h=com.android.server.DropBoxManagerService$DropBoxManagerBroadcastHandler c=null m=1
07-06 04:11:55.800 W/Looper ( 685): Slow delivery took 201ms android.fg app=system_server main=false group=FOREGROUND h=android.os.Handler c=com.android.server.net.NetworkManagementService$NetdUnsolicitedEventListener$$ExternalSyntheticLambda0@c14ad12 m=0
07-06 04:11:55.800 W/Looper ( 1132): Slow delivery took 103ms wmshell.main app=com.android.systemui main=false group=FOREGROUND h=android.os.Handler c=android.window.TaskOrganizer$1$$ExternalSyntheticLambda4@5742161 m=0
07-06 04:11:55.802 D/InetDiagMessage( 685): Destroyed 0 sockets, proto=IPPROTO_TCP, family=AF_INET, states=14
07-06 04:11:55.807 D/eatg ( 3876): Starting download: https://c.tenor.com/qK25DszMmeMAAAAk/tenor.gif
07-06 04:11:55.807 V/eatg ( 3876): Is http uri, downloading (uri: https://c.tenor.com/qK25DszMmeMAAAAk/tenor.gif)
07-06 04:11:55.808 D/InetDiagMessage( 685): Destroyed 0 sockets, proto=IPPROTO_TCP, family=AF_INET6, states=14
07-06 04:11:55.809 W/ActivityManager( 685): Ignoring remove of inactive process: ProcessRecord{f502c6b 0:store.rayp.securenotes/u0a216}
07-06 04:11:55.817 W/Looper ( 685): Drained
07-06 04:11:55.825 D/InetDiagMessage( 685): Destroyed live tcp sockets for uids={10216} in 24ms
07-06 04:11:55.830 D/ActivityManager( 685): freezing 1145 com.google.android.permissioncontroller
07-06 04:11:55.831 D/eatg ( 3876): Starting download: https://c.tenor.com/PBQeETKZ-wsAAAAk/tenor.gif
07-06 04:11:55.831 V/eatg ( 3876): Is http uri, downloading (uri: https://c.tenor.com/PBQeETKZ-wsAAAAk/tenor.gif)
07-06 04:11:55.866 D/InetDiagMessage( 685): Destroyed 0 sockets, proto=IPPROTO_TCP, family=AF_INET, states=14
07-06 04:11:55.867 D/InetDiagMessage( 685): Destroyed 0 sockets, proto=IPPROTO_TCP, family=AF_INET6, states=14
07-06 04:11:55.867 D/InetDiagMessage( 685): Destroyed live tcp sockets for uids={20216} in 1ms
07-06 04:11:55.867 D/InetDiagMessage( 685): Destroyed 0 sockets, proto=IPPROTO_TCP, family=AF_INET, states=14
07-06 04:11:55.868 D/InetDiagMessage( 685): Destroyed 0 sockets, proto=IPPROTO_TCP, family=AF_INET6, states=14
07-06 04:11:55.868 D/InetDiagMessage( 685): Destroyed live tcp sockets for uids={10204} in 1ms
07-06 04:11:55.873 D/RecentsView( 1415): onTaskRemoved: 9, not handling task stack changes
07-06 04:11:55.873 D/RecentsView( 1415): onTaskRemoved: 9, not handling task stack changes
07-06 04:11:55.878 D/StatsLog( 1415): LAUNCHER_ONRESUME
07-06 04:11:55.885 I/BootReceiver( 685): Copying /data/tombstones/tombstone_01 to DropBox (SYSTEM_TOMBSTONE)
07-06 04:11:55.888 I/DropBoxManagerService( 685): add tag=SYSTEM_TOMBSTONE isTagEnabled=true flags=0x6
07-06 04:11:55.892 D/eatg ( 3876): Starting download: https://c.tenor.com/C6qHm6990aoAAAAk/tenor.gif
07-06 04:11:55.892 V/eatg ( 3876): Is http uri, downloading (uri: https://c.tenor.com/C6qHm6990aoAAAAk/tenor.gif)
07-06 04:11:55.896 W/Looper ( 1132): Drained
07-06 04:11:55.912 V/WindowManagerShell( 1132): onTransitionReady(transaction=2942052598364)
07-06 04:11:55.922 V/WindowManagerShell( 1132): onTransitionReady (#19) android.os.BinderProxy@dceaedc: {id=19 t=CLOSE f=0x10 trk=0 r=[0@Point(0, 0)] c=[
07-06 04:11:55.922 V/WindowManagerShell( 1132): {m=TO_FRONT f=SHOW_WALLPAPER|MOVE_TO_TOP leash=Surface(name=Task=1)/@0x6a3f486 sb=Rect(0, 0 - 1080, 2400) eb=Rect(0, 0 - 1080, 2400) epz=Point(1080, 2400) d=0 taskParent=-1},
07-06 04:11:55.922 V/WindowManagerShell( 1132): {m=TO_FRONT f=IS_WALLPAPER leash=Surface(name=WallpaperWindowToken{d0ef2ba showWhenLocked=false})/@0xdf42147 sb=Rect(0, 0 - 1080, 2400) eb=Rect(0, 0 - 1080, 2400) epz=Point(1080, 2400) d=0}
07-06 04:11:55.922 V/WindowManagerShell( 1132): ]}
07-06 04:11:55.935 V/WindowManagerShell( 1132): Playing animation for (#19) android.os.BinderProxy@dceaedc@0
07-06 04:11:55.935 V/ShellRecents( 1132): RecentsTransitionHandler.startAnimation: no controller found
07-06 04:11:55.936 V/WindowManagerShell( 1132): Transition doesn't have explicit remote, search filters for match for {id=19 t=CLOSE f=0x10 trk=0 r=[0@Point(0, 0)] c=[{m=TO_FRONT f=SHOW_WALLPAPER|MOVE_TO_TOP leash=Surface(name=Task=1)/@0x6a3f486 sb=Rect(0, 0 - 1080, 2400) eb=Rect(0, 0 - 1080, 2400) epz=Point(1080, 2400) d=0 taskParent=-1},{m=TO_FRONT f=IS_WALLPAPER leash=Surface(name=WallpaperWindowToken{d0ef2ba showWhenLocked=false})/@0xdf42147 sb=Rect(0, 0 - 1080, 2400) eb=Rect(0, 0 - 1080, 2400) epz=Point(1080, 2400) d=0}]}
07-06 04:11:55.936 V/WindowManagerShell( 1132): Checking filter Pair{{types=[] flags=0x0] notFlags=0x0 checks=[{atype=undefined independent=true modes=[CLOSE,TO_BACK] flags=IN_TASK_WITH_EMBEDDED_ACTIVITY mustBeTask=false order=ANY topActivity=null launchCookie=null taskFragmentToken=android.os.BinderProxy@5f0729d windowingMode=undefined}]} RemoteTransition { remoteTransition = android.window.IRemoteTransition$Stub$Proxy@cbad312, appThread = android.app.IApplicationThread$Stub$Proxy@9c78ae3, debugName = overlayBackTransition }}
07-06 04:11:55.936 V/WindowManagerShell( 1132): Checking filter Pair{{types=[] flags=0x0] notFlags=0x0 checks=[{atype=dream independent=true modes=[OPEN,TO_FRONT] flags=NONE mustBeTask=false order=ANY topActivity=null launchCookie=null windowingMode=undefined},{atype=home independent=true modes=[CLOSE,TO_BACK] flags=NONE mustBeTask=false order=ANY topActivity=null launchCookie=null windowingMode=undefined}]} RemoteTransition { remoteTransition = android.window.IRemoteTransition$Stub$Proxy@4d97ce0, appThread = android.app.IApplicationThread$Stub$Proxy@9e69b99, debugName = LauncherToDream }}
07-06 04:11:55.936 V/WindowManagerShell( 1132): Checking filter Pair{{types=[] flags=0x0] notFlags=0x100 checks=[{atype=home independent=true modes=[OPEN,TO_FRONT] flags=NONE mustBeTask=false order=TOP topActivity=ComponentInfo{com.google.android.apps.nexuslauncher/com.google.android.apps.nexuslauncher.NexusLauncherActivity} launchCookie=null windowingMode=undefined},{atype=standard independent=true modes=[CLOSE,TO_BACK] flags=NONE mustBeTask=false order=ANY topActivity=null launchCookie=null windowingMode=undefined},{NOT atype=undefined independent=true modes=[] flags=NONE mustBeTask=true order=ANY topActivity=null launchCookie=null customAnim=true windowingMode=undefined}]} RemoteTransition { remoteTransition = android.window.IRemoteTransition$Stub$Proxy@bef0e5e, appThread = android.app.IApplicationThread$Stub$Proxy@5ddf23f, debugName = QuickstepLaunchHome }}
07-06 04:11:55.936 V/WindowManagerShell( 1132): Delegate animation for (#19) to null
07-06 04:11:55.937 V/WindowManagerShell( 1132): start default transition animation, info = {id=19 t=CLOSE f=0x10 trk=0 r=[0@Point(0, 0)] c=[{m=TO_FRONT f=SHOW_WALLPAPER|MOVE_TO_TOP leash=Surface(name=Task=1)/@0x6a3f486 sb=Rect(0, 0 - 1080, 2400) eb=Rect(0, 0 - 1080, 2400) epz=Point(1080, 2400) d=0 taskParent=-1},{m=TO_FRONT f=IS_WALLPAPER leash=Surface(name=WallpaperWindowToken{d0ef2ba showWhenLocked=false})/@0xdf42147 sb=Rect(0, 0 - 1080, 2400) eb=Rect(0, 0 - 1080, 2400) epz=Point(1080, 2400) d=0}]}
07-06 04:11:55.942 D/WifiClientModeImpl[80961:wlan0]( 685): updateLinkLayerStatsRssiSpeedFrequencyCapabilities rssi=-50 TxLinkspeed=1 freq=2447 RxLinkSpeed=2
07-06 04:11:55.944 D/WifiDataStall( 685): tx tput in kbps: 11000
07-06 04:11:55.944 D/WifiDataStall( 685): rx tput in kbps: 11000
07-06 04:11:55.946 V/WifiConfigManager( 685): Updating scan detail cache freq=2447 BSSID=00:13:10:85:fe:01 RSSI=-50 for "AndroidWifi"NONE
07-06 04:11:55.947 D/WifiThroughputPredictor( 685): utilization (LLS) 80 isBluetoothConnected: false final utilization: 80
07-06 04:11:55.947 D/WifiThroughputPredictor( 685): BW: 0 RSSI: -50 Nss: 1 Mode: 1 symDur: 4000 snrDb 30 bitPerTone: 4500 rate: 54 throughput: 11
07-06 04:11:55.947 D/WifiThroughputPredictor( 685): utilization (LLS) 80 isBluetoothConnected: false final utilization: 80
07-06 04:11:55.947 D/WifiThroughputPredictor( 685): BW: 0 RSSI: -50 Nss: 1 Mode: 1 symDur: 4000 snrDb 30 bitPerTone: 4500 rate: 54 throughput: 11
07-06 04:11:55.948 D/WifiThroughputPredictor( 685): utilization (LLS) 80 isBluetoothConnected: false final utilization: 80
07-06 04:11:55.948 D/WifiThroughputPredictor( 685): BW: 0 RSSI: -50 Nss: 1 Mode: 1 symDur: 4000 snrDb 30 bitPerTone: 4500 rate: 54 throughput: 11
07-06 04:11:55.948 D/WifiThroughputPredictor( 685): utilization (LLS) 80 isBluetoothConnected: false final utilization: 80
07-06 04:11:55.948 D/WifiThroughputPredictor( 685): BW: 0 RSSI: -50 Nss: 1 Mode: 1 symDur: 4000 snrDb 30 bitPerTone: 4500 rate: 54 throughput: 11
07-06 04:11:55.953 D/WifiScoreCard( 685): BSSID update SIGNAL_POLL ID: 1192643911 SSID: "AndroidWifi", BSSID: 00:13:10:85:fe:01, MAC: 02:15:b2:00:00:00, IP: /10.0.2.16, Security type: 0, Supplicant state: COMPLETED, Wi-Fi standard: legacy, RSSI: -50, Link speed: 1Mbps, Tx Link speed: 1Mbps, Max Supported Tx Link speed: 11Mbps, Rx Link speed: 2Mbps, Max Supported Rx Link speed: 11Mbps, Frequency: 2447MHz, Net ID: 0, Metered hint: false, score: 60, isUsable: true, CarrierMerged: false, SubscriptionId: -1, IsPrimary: 1, Trusted: true, Restricted: false, Ephemeral: false, OEM paid: false, OEM private: false, OSU AP: false, FQDN: , Provider friendly name: , Requesting package name: "AndroidWifi"openMLO Information: , Is TID-To-Link negotiation supported by the AP: false, AP MLD Address: , AP MLO Link Id: , AP MLO Affiliated links: , Vendor Data:
07-06 04:11:55.953 D/WifiScoreCard( 685): txRate: 706 txSpeed: 1
07-06 04:11:55.953 D/WifiScoreCard( 685): network update SIGNAL_POLL "AndroidWifi" ID: 1775594527 RSSI -50 txSpeed 1
07-06 04:11:55.953 D/WifiClientModeImpl[80961:wlan0]( 685): ClientModeImpl$L2ConnectedState screen=on 1 0 "AndroidWifi" 00:13:10:85:fe:01 rssi=-50 f=2447 sc=60 link=1 tx=705.5, 0.0, 0.0 rx=2351.6 bcn=0 [on:0 tx:0 rx:0 period:3019] from screen [on:0 period:867288113] score=60
07-06 04:11:55.960 V/WindowManagerShell( 1132): loadAnimation: anim=android.view.animation.AnimationSet@97c5855 animAttr=0x10 type=CLOSE isEntrance=true
07-06 04:11:55.975 V/WindowManagerShell( 1132): animated by com.android.wm.shell.transition.DefaultTransitionHandler@31b553f
07-06 04:11:55.978 W/Looper ( 1132): Slow dispatch took 56ms wmshell.main app=com.android.systemui main=false group=FOREGROUND h=android.os.Handler c=com.android.wm.shell.transition.Transitions$TransitionPlayerImpl$$ExternalSyntheticLambda0@399b26a m=0
07-06 04:11:55.982 D/eatg ( 3876): Starting download: https://c.tenor.com/oQG3LFZ5CIUAAAAk/tenor.gif
07-06 04:11:55.982 V/eatg ( 3876): Is http uri, downloading (uri: https://c.tenor.com/oQG3LFZ5CIUAAAAk/tenor.gif)
07-06 04:11:55.989 D/QuickstepModelDelegate( 1415): notifyAppTargetEvent action=1 launchLocation=workspace/0/[-1,-1]/[1,1]
07-06 04:11:55.991 V/WindowManager( 685): Sent Transition (#19) createdAt=07-06 04:11:55.519 via request=TransitionRequestInfo { type = CLOSE, triggerTask = TaskInfo{userId=0 taskId=9 effectiveUid=10216 displayId=0 isRunning=true baseIntent=Intent { flg=0x10000000 cmp=store.rayp.securenotes/.MainActivity } baseActivity=ComponentInfo{store.rayp.securenotes/store.rayp.securenotes.MainActivity} topActivity=ComponentInfo{store.rayp.securenotes/store.rayp.securenotes.MainActivity} origActivity=null realActivity=ComponentInfo{store.rayp.securenotes/store.rayp.securenotes.MainActivity} numActivities=1 lastActiveTime=185347 supportsMultiWindow=true resizeMode=1 isResizeable=true minWidth=-1 minHeight=-1 defaultMinSize=220 token=WCT{RemoteToken{479065b Task{99715dc #9 type=standard A=10216:store.rayp.securenotes}}} topActivityType=1 pictureInPictureParams=null shouldDockBigOverlays=false launchIntoPipHostTaskId=-1 lastParentTaskIdBeforePip=-1 displayCutoutSafeInsets=Rect(0, 128 - 0, 0) topActivityInfo=ActivityInfo{cd99ef8 store.rayp.securenotes.MainActivity} launchCookies=[] positionInParent=Point(0, 0) parentTaskId=-1 isFocused=true isVisible=true isVisibleRequested=true isTopActivityNoDisplay=false isSleeping=false locusId=null displayAreaFeatureId=1 isTopActivityTransparent=false isActivityStackTransparent=false lastNonFullscreenBounds=Rect(276, 692 - 804, 1772) capturedLink=null capturedLinkTimestamp=0 requestedVisibleTypes=-9 topActivityRequestOpenInBrowserEducationTimestamp=0 appCompatTaskInfo=AppCompatTaskInfo { topActivityInSizeCompat=false eligibleForLetterboxEducation= false isLetterboxEducationEnabled= true isLetterboxDoubleTapEnabled= false eligibleForUserAspectRatioButton= false topActivityBoundsLetterboxed= false isFromLetterboxDoubleTap= false topActivityLetterboxVerticalPosition= -1 topActivityLetterboxHorizontalPosition= -1 topActivityLetterboxWidth=-1 topActivityLetterboxHeight=-1 topActivityAppBounds=Rect(0, 0 - 1080, 2400) isUserFullscreenOverrideEnabled=false isSystemFullscreenOverrideEnabled=false hasMinAspectRatioOverride=false topActivityLetterboxBounds=null cameraCompatTaskInfo=CameraCompatTaskInfo { freeformCameraCompatMode=inactive}} topActivityMainWindowFrame=null}, pipChange = null, remoteTransition = null, displayChange = null, flags = 16, debugId = 19 }
07-06 04:11:55.991 V/WindowManager( 685): startWCT=WindowContainerTransaction { changes= {} hops= [] errorCallbackToken=null taskFragmentOrganizer=null }
07-06 04:11:55.992 V/WindowManager( 685): info={id=19 t=CLOSE f=0x10 trk=0 r=[0@Point(0, 0)] c=[
07-06 04:11:55.992 V/WindowManager( 685): {WCT{RemoteToken{be02f42 Task{91b2705 #1 type=home}}} m=TO_FRONT f=SHOW_WALLPAPER|MOVE_TO_TOP leash=Surface(name=Task=1)/@0x3e94390 sb=Rect(0, 0 - 1080, 2400) eb=Rect(0, 0 - 1080, 2400) epz=Point(1080, 2400) d=0 taskParent=-1},
07-06 04:11:55.992 V/WindowManager( 685): {m=TO_FRONT f=IS_WALLPAPER leash=Surface(name=WallpaperWindowToken{d0ef2ba showWhenLocked=false})/@0x1feae42 sb=Rect(0, 0 - 1080, 2400) eb=Rect(0, 0 - 1080, 2400) epz=Point(1080, 2400) d=0}
07-06 04:11:55.992 V/WindowManager( 685): ]}
07-06 04:11:55.993 W/IPCThreadState( 685): Sending oneway calls to frozen process.
07-06 04:11:55.993 W/IPCThreadState( 685): Sending oneway calls to frozen process.
07-06 04:11:56.009 I/ImeTracker( 685): com.google.android.apps.nexuslauncher:bb10f696: onRequestHide at ORIGIN_SERVER reason HIDE_UNSPECIFIED_WINDOW fromUser false
07-06 04:11:56.014 D/eatg ( 3876): Starting download: https://c.tenor.com/NF4F60jCiIgAAAAk/tenor.gif
07-06 04:11:56.014 V/eatg ( 3876): Is http uri, downloading (uri: https://c.tenor.com/NF4F60jCiIgAAAAk/tenor.gif)
07-06 04:11:56.024 D/InsetsController( 1415): hide(ime(), fromIme=false)
07-06 04:11:56.024 I/ImeTracker( 1415): com.google.android.apps.nexuslauncher:bb10f696: onCancelled at PHASE_CLIENT_ALREADY_HIDDEN
07-06 04:11:56.025 I/AiAiEcho( 1726): Predicting[0]: [CONTEXT sampling_count=5 ]
07-06 04:11:56.025 I/AiAiEcho( 1726): EchoTargets:
07-06 04:11:56.025 I/AiAiEcho( 1726): Filtered by AiAi flag check:
07-06 04:11:56.025 I/AiAiEcho( 1726): [CONTEXT ratelimit_period="10 SECONDS" ]
07-06 04:11:56.028 W/ActivityTaskManager( 685): Activity top resumed state loss timeout for ActivityRecord{169884239 u0 store.rayp.securenotes/.MainActivity t-1 f}}
07-06 04:11:56.036 I/GoogleInputMethodService( 1616): GoogleInputMethodService.onFinishInput():2043
07-06 04:11:56.043 I/ImeTracker( 685): system_server:2b26edf4: onRequestHide at ORIGIN_SERVER reason IME_REQUESTED_CHANGED_LISTENER fromUser false
07-06 04:11:56.047 I/ImeTracker( 685): system_server:2b26edf4: onCancelled at PHASE_SERVER_SHOULD_HIDE
07-06 04:11:56.048 I/AiAiEcho( 1726): #remoteViewsTwiddler: feature disabled.
07-06 04:11:56.055 I/Module ( 1616): DeviceLockedStatusModuleProvider$Module.updateDeviceLockedStatus():100 repeatCheckTimes = 0, locked = false
07-06 04:11:56.055 I/AiAiEcho( 1726): #postPredictionTargets: Sending updates to UISurface home with targets# 0 (types=[])
07-06 04:11:56.067 I/GoogleInputMethodService( 1616): GoogleInputMethodService.onStartInput():1293 onStartInput(EditorInfo{EditorInfo{packageName=com.google.android.apps.nexuslauncher, inputType=0, inputTypeString=NULL, enableLearning=false, autoCorrection=false, autoComplete=false, imeOptions=0, privateImeOptions=null, actionName=UNSPECIFIED, actionLabel=null, initialSelStart=-1, initialSelEnd=-1, initialCapsMode=0, label=null, fieldId=0, fieldName=null, extras=null, hintText=null, hintLocales=[]}}, false)
07-06 04:11:56.077 D/SsBaseTemplateCard( 1415): No text view can be set up
07-06 04:11:56.077 D/SsBaseTemplateCard( 1415): Passed-in item info is null
07-06 04:11:56.077 D/SsBaseTemplateCard( 1415): Passed-in item info is null
07-06 04:11:56.077 D/SsBaseTemplateCard( 1415): Passed-in item info is null
07-06 04:11:56.077 I/SsBaseTemplateCard( 1415): Secondary card pane is null
07-06 04:11:56.085 I/Module ( 1616): DeviceLockedStatusModuleProvider$Module.updateDeviceLockedStatus():100 repeatCheckTimes = 1, locked = false
07-06 04:11:56.087 I/EmojiCompatManager( 1616): EmojiCompatManager.getEmojiCompatIfLoaded():343 EmojiCompat.init() was never called.
07-06 04:11:56.087 I/EmojiCompatManager( 1616): java.lang.IllegalStateException: EmojiCompat is not initialized. Please call EmojiCompat.init() first
07-06 04:11:56.087 I/EmojiCompatManager( 1616): at asx.p(PG:6)
07-06 04:11:56.087 I/EmojiCompatManager( 1616): at axb.b(PG:13)
07-06 04:11:56.087 I/EmojiCompatManager( 1616): at jnr.b(PG:2)
07-06 04:11:56.087 I/EmojiCompatManager( 1616): at jnr.c(PG:4)
07-06 04:11:56.087 I/EmojiCompatManager( 1616): at jnr.f(PG:3)
07-06 04:11:56.087 I/EmojiCompatManager( 1616): at jnx.c(PG:3)
07-06 04:11:56.087 I/EmojiCompatManager( 1616): at kif.cz(PG:47)
07-06 04:11:56.087 I/EmojiCompatManager( 1616): at lhl.run(PG:1025)
07-06 04:11:56.087 I/EmojiCompatManager( 1616): at jaf.execute(PG:12)
07-06 04:11:56.087 I/EmojiCompatManager( 1616): at nco.v(PG:13)
07-06 04:11:56.087 I/EmojiCompatManager( 1616): at lhn.m(PG:96)
07-06 04:11:56.087 I/EmojiCompatManager( 1616): at lhn.k(PG:25)
07-06 04:11:56.087 I/EmojiCompatManager( 1616): at kgn.onStartInput(PG:250)
07-06 04:11:56.087 I/EmojiCompatManager( 1616): at android.inputmethodservice.InputMethodService.doStartInput(InputMethodService.java:3521)
07-06 04:11:56.087 I/EmojiCompatManager( 1616): at android.inputmethodservice.InputMethodService$InputMethodImpl.startInput(InputMethodService.java:879)
07-06 04:11:56.087 I/EmojiCompatManager( 1616): at android.inputmethodservice.InputMethodService$InputMethodImpl.dispatchStartInput(InputMethodService.java:908)
07-06 04:11:56.087 I/EmojiCompatManager( 1616): at android.inputmethodservice.IInputMethodWrapper.executeMessage(IInputMethodWrapper.java:201)
07-06 04:11:56.087 I/EmojiCompatManager( 1616): at com.android.internal.os.HandlerCaller$MyHandler.handleMessage(HandlerCaller.java:44)
07-06 04:11:56.087 I/EmojiCompatManager( 1616): at android.os.Handler.dispatchMessage(Handler.java:110)
07-06 04:11:56.087 I/EmojiCompatManager( 1616): at android.os.Looper.loopOnce(Looper.java:248)
07-06 04:11:56.087 I/EmojiCompatManager( 1616): at android.os.Looper.loop(Looper.java:338)
07-06 04:11:56.087 I/EmojiCompatManager( 1616): at android.app.ActivityThread.main(ActivityThread.java:9067)
07-06 04:11:56.087 I/EmojiCompatManager( 1616): at java.lang.reflect.Method.invoke(Native Method)
07-06 04:11:56.087 I/EmojiCompatManager( 1616): at com.android.internal.os.RuntimeInit$MethodAndArgsCaller.run(RuntimeInit.java:593)
07-06 04:11:56.087 I/EmojiCompatManager( 1616): at com.android.internal.os.ZygoteInit.main(ZygoteInit.java:932)
07-06 04:11:56.091 W/PackageConfigPersister( 685): App-specific configuration not found for packageName: com.google.android.apps.nexuslauncher and userId: 0
07-06 04:11:56.125 D/eatg ( 3876): Starting download: https://c.tenor.com/0BP-FJexCAMAAAAk/tenor.gif
07-06 04:11:56.125 V/eatg ( 3876): Is http uri, downloading (uri: https://c.tenor.com/0BP-FJexCAMAAAAk/tenor.gif)
07-06 04:11:56.144 D/eatg ( 3876): Starting download: https://c.tenor.com/R9feEfMw9HsAAAAk/tenor.gif
07-06 04:11:56.144 V/eatg ( 3876): Is http uri, downloading (uri: https://c.tenor.com/R9feEfMw9HsAAAAk/tenor.gif)
07-06 04:11:56.218 V/WindowManagerShell( 1132): Transition animation finished (aborted=false), notifying core (#19) android.os.BinderProxy@dceaedc@0
07-06 04:11:56.223 V/WindowManager( 685): Finish Transition (#19): created at
07-06 04:11:55.519 collect-started=0.102ms request-sent=1.921ms started=45.891ms ready=154.263ms sent=378.246ms commit=87.205ms finished=703.504ms
07-06 04:11:56.241 D/eatg ( 3876): Starting download: https://c.tenor.com/YhRVyP8wgIIAAAAk/tenor.gif
07-06 04:11:56.241 V/eatg ( 3876): Is http uri, downloading (uri: https://c.tenor.com/YhRVyP8wgIIAAAAk/tenor.gif)
07-06 04:11:56.241 V/WindowManagerShell( 1132): Track 0 became idle
07-06 04:11:56.241 V/WindowManagerShell( 1132): All active transition animations finished
07-06 04:11:56.251 D/eatg ( 3876): Starting download: https://c.tenor.com/rdXxVEqOYlgAAAAk/tenor.gif
07-06 04:11:56.251 V/eatg ( 3876): Is http uri, downloading (uri: https://c.tenor.com/rdXxVEqOYlgAAAAk/tenor.gif)
07-06 04:11:56.354 D/eatg ( 3876): Starting download: https://c.tenor.com/Tb3VRYTHdt4AAAAk/tenor.gif
07-06 04:11:56.354 V/eatg ( 3876): Is http uri, downloading (uri: https://c.tenor.com/Tb3VRYTHdt4AAAAk/tenor.gif)
07-06 04:11:56.356 D/eatg ( 3876): Starting download: https://c.tenor.com/KwC7gpNPTDUAAAAk/tenor.gif
07-06 04:11:56.356 V/eatg ( 3876): Is http uri, downloading (uri: https://c.tenor.com/KwC7gpNPTDUAAAAk/tenor.gif)
07-06 04:11:56.403 D/wpa_supplicant( 1411): nl80211: Drv Event 64 (NL80211_CMD_NOTIFY_CQM) received for wlan0
07-06 04:11:56.404 D/wpa_supplicant( 1411): nl80211: Beacon loss event
07-06 04:11:56.404 D/wpa_supplicant( 1411): wlan0: Event BEACON_LOSS (53) received
07-06 04:11:56.404 I/wpa_supplicant( 1411): wlan0: CTRL-EVENT-BEACON-LOSS
07-06 04:11:56.411 I/HttpGrpcBindableService( 2255): [pfd-write] DOWNLOAD COMPLETE: Downloaded 63360223 bytes from URL [https://storage.googleapis.com/captions/soda-en-US-v3056.zip].
07-06 04:11:56.412 W/System.err( 2255): val in interceptor: null
07-06 04:11:56.423 I/AstreaHttpConnection( 1726): DOWNLOAD COMPLETE: Downloaded unknown number of bytes from https://storage.googleapis.com/captions/soda-en-US-v3056.zip.
07-06 04:11:56.427 D/eatg ( 3876): Starting download: https://c.tenor.com/9DY4NT9R_YMAAAAk/tenor.gif
07-06 04:11:56.427 V/eatg ( 3876): Is http uri, downloading (uri: https://c.tenor.com/9DY4NT9R_YMAAAAk/tenor.gif)
07-06 04:11:56.432 I/SP.AiAi ( 1726): Download stopped: captions_i18n_v0_en-US:asr_en-US_v3056, succeeded, size: 63360223
07-06 04:11:56.433 D/eatg ( 3876): Starting download: https://c.tenor.com/-dHADrq1XfMAAAAk/tenor.gif
07-06 04:11:56.433 V/eatg ( 3876): Is http uri, downloading (uri: https://c.tenor.com/-dHADrq1XfMAAAAk/tenor.gif)
07-06 04:11:56.450 W/System.err( 2255): Seeding context with ref: 233314032
07-06 04:11:56.454 I/HttpGrpcBindableService( 2255): Downloading requested for URL 'https://storage.googleapis.com/captions/input_predictions_en-US_v4.zip'
07-06 04:11:56.460 I/SP.AiAi ( 1726): Scheduling: download stopped, 0 started, 0 paused, 0 scheduled, 6 pending: manifests:kg_collections_table-21051103 {W:C:I:l, bg}, manifests:text-classifier-annotator-272525175 {W:C:I:l, bg}, manifests:text-classifier-actions-1140547708 {W:C:I:l, bg}, manifests:text-classifier-langid-1941001461 {W:C:I:l, bg}, manifests:spelling_correction-22110320 {W:C:I:l, bg}, captions_i18n_v0_en-US:input_predictions_en-US_v4 @ {W:b:u:l, bg}
07-06 04:11:56.474 I/HttpGrpcBindableService( 2255): Responding with header information for URL 'https://storage.googleapis.com/captions/input_predictions_en-US_v4.zip'
07-06 04:11:56.478 I/AstreaHttpConnection( 1726): Started download from url='https://storage.googleapis.com/captions/input_predictions_en-US_v4.zip'
07-06 04:11:56.497 D/OomAdjuster( 685): Not killing cached processes
07-06 04:11:56.529 D/eatg ( 3876): Starting download: https://c.tenor.com/qA8V492wNnQAAAAk/tenor.gif
07-06 04:11:56.529 V/eatg ( 3876): Is http uri, downloading (uri: https://c.tenor.com/qA8V492wNnQAAAAk/tenor.gif)
07-06 04:11:56.572 D/eatg ( 3876): Starting download: https://c.tenor.com/dYfvKXVtdW4AAAAk/tenor.gif
07-06 04:11:56.572 V/eatg ( 3876): Is http uri, downloading (uri: https://c.tenor.com/dYfvKXVtdW4AAAAk/tenor.gif)
07-06 04:11:56.620 I/netd ( 472): tetherGetStats() -> {[]} <0.65ms>
07-06 04:11:56.628 D/eatg ( 3876): Starting download: https://c.tenor.com/4-pY4E4jzbIAAAAk/tenor.gif
07-06 04:11:56.628 V/eatg ( 3876): Is http uri, downloading (uri: https://c.tenor.com/4-pY4E4jzbIAAAAk/tenor.gif)
07-06 04:11:56.629 I/netd ( 472): bandwidthSetGlobalAlert(2097152) <0.11ms>
07-06 04:11:56.676 D/eatg ( 3876): Starting download: https://c.tenor.com/U8wFzjort9cAAAAk/tenor.gif
07-06 04:11:56.676 V/eatg ( 3876): Is http uri, downloading (uri: https://c.tenor.com/U8wFzjort9cAAAAk/tenor.gif)
07-06 04:11:56.740 D/eatg ( 3876): Starting download: https://c.tenor.com/OIjqbqHaYfwAAAAk/tenor.gif
07-06 04:11:56.740 V/eatg ( 3876): Is http uri, downloading (uri: https://c.tenor.com/OIjqbqHaYfwAAAAk/tenor.gif)
07-06 04:11:56.764 D/eatg ( 3876): Starting download: https://c.tenor.com/Qo-dkJZzsXYAAAAk/tenor.gif
07-06 04:11:56.764 V/eatg ( 3876): Is http uri, downloading (uri: https://c.tenor.com/Qo-dkJZzsXYAAAAk/tenor.gif)
07-06 04:11:56.831 D/eatg ( 3876): Starting download: https://c.tenor.com/w8hKdBzvmEgAAAAk/tenor.gif
07-06 04:11:56.831 V/eatg ( 3876): Is http uri, downloading (uri: https://c.tenor.com/w8hKdBzvmEgAAAAk/tenor.gif)
07-06 04:11:56.835 D/eatg ( 3876): Starting download: https://c.tenor.com/2tV3fKkFlbYAAAAk/tenor.gif
07-06 04:11:56.835 V/eatg ( 3876): Is http uri, downloading (uri: https://c.tenor.com/2tV3fKkFlbYAAAAk/tenor.gif)
07-06 04:11:56.927 D/eatg ( 3876): Starting download: https://c.tenor.com/BFqYIBUdIm0AAAAk/tenor.gif
07-06 04:11:56.927 V/eatg ( 3876): Is http uri, downloading (uri: https://c.tenor.com/BFqYIBUdIm0AAAAk/tenor.gif)
07-06 04:11:56.932 D/eatg ( 3876): Starting download: https://c.tenor.com/_j1Q4llkI3oAAAAk/tenor.gif
07-06 04:11:56.932 V/eatg ( 3876): Is http uri, downloading (uri: https://c.tenor.com/_j1Q4llkI3oAAAAk/tenor.gif)
07-06 04:11:57.045 D/eatg ( 3876): Starting download: https://c.tenor.com/gH5BqbA_zc0AAAAk/tenor.gif
07-06 04:11:57.046 V/eatg ( 3876): Is http uri, downloading (uri: https://c.tenor.com/gH5BqbA_zc0AAAAk/tenor.gif)
07-06 04:11:57.053 D/eatg ( 3876): Starting download: https://c.tenor.com/60eGVzT6Hh4AAAAk/tenor.gif
07-06 04:11:57.053 V/eatg ( 3876): Is http uri, downloading (uri: https://c.tenor.com/60eGVzT6Hh4AAAAk/tenor.gif)
07-06 04:11:57.105 W/screencap( 4832): Thread Pool max thread count is 0. Cannot cache binder as linkToDeath cannot be implemented. serviceName: SurfaceFlingerAIDL
07-06 04:11:57.105 W/BpBinder( 4832): Linking to death on android.gui.ISurfaceComposer but there are no threads (yet?) listening to incoming transactions. See ProcessState::startThreadPool and ProcessState::setThreadPoolMaxThreadCount. Generally you should setup the binder threadpool before other initialization steps.
07-06 04:11:57.106 W/ProcessState( 4832): Extra binder thread started, but 0 threads requested. Do not use *startThreadPool when zero threads are requested.
07-06 04:11:57.117 E/HwcComposer( 552): getLuts failed Status(-8, EX_SERVICE_SPECIFIC): '8: '
07-06 04:11:57.117 E/HWComposer( 552): getLuts: getLuts failed for display 4619827259835644672: UNSUPPORTED (8)
07-06 04:11:57.657 I/servicemanager( 0): Caller(pid=4832,uid=2000,sid=u:r:shell:s0) Found android.hardware.graphics.allocator.IAllocator/default in device VINTF manifest.
07-06 04:11:57.174 D/eatg ( 3876): Starting download: https://c.tenor.com/QX25QSLG_c0AAAAk/tenor.gif
07-06 04:11:57.174 V/eatg ( 3876): Is http uri, downloading (uri: https://c.tenor.com/QX25QSLG_c0AAAAk/tenor.gif)
07-06 04:11:57.183 D/eatg ( 3876): Starting download: https://c.tenor.com/eC8PS9Q4FOwAAAAk/tenor.gif
07-06 04:11:57.183 V/eatg ( 3876): Is http uri, downloading (uri: https://c.tenor.com/eC8PS9Q4FOwAAAAk/tenor.gif)
07-06 04:11:57.692 I/servicemanager( 0): Caller(pid=4832,uid=2000,sid=u:r:shell:s0) Found android.hardware.graphics.allocator.IAllocator/default in device VINTF manifest.
07-06 04:11:57.715 I/servicemanager( 0): Caller(pid=4832,uid=2000,sid=u:r:shell:s0) Found mapper/ranchu in device VINTF manifest.
07-06 04:11:57.330 D/eatg ( 3876): Starting download: https://c.tenor.com/Pdkmbo2nRucAAAAk/tenor.gif
07-06 04:11:57.338 V/eatg ( 3876): Is http uri, downloading (uri: https://c.tenor.com/Pdkmbo2nRucAAAAk/tenor.gif)
07-06 04:11:57.366 D/eatg ( 3876): Starting download: https://c.tenor.com/Eah4rqbUpfUAAAAk/tenor.gif
07-06 04:11:57.366 V/eatg ( 3876): Is http uri, downloading (uri: https://c.tenor.com/Eah4rqbUpfUAAAAk/tenor.gif)
07-06 04:11:57.452 D/eatg ( 3876): Starting download: https://c.tenor.com/XGu_AN0XQ_YAAAAk/tenor.gif
07-06 04:11:57.452 V/eatg ( 3876): Is http uri, downloading (uri: https://c.tenor.com/XGu_AN0XQ_YAAAAk/tenor.gif)
07-06 04:11:57.475 D/eatg ( 3876): Starting download: https://c.tenor.com/xTOzY7vgmu4AAAAk/tenor.gif
07-06 04:11:57.475 V/eatg ( 3876): Is http uri, downloading (uri: https://c.tenor.com/xTOzY7vgmu4AAAAk/tenor.gif)
07-06 04:11:57.544 D/eatg ( 3876): Starting download: https://c.tenor.com/7IJk5DYK-vMAAAAk/tenor.gif
07-06 04:11:57.544 V/eatg ( 3876): Is http uri, downloading (uri: https://c.tenor.com/7IJk5DYK-vMAAAAk/tenor.gif)
07-06 04:11:57.593 D/eatg ( 3876): Starting download: https://c.tenor.com/PXsX6mzzM0cAAAAk/tenor.gif
07-06 04:11:57.593 V/eatg ( 3876): Is http uri, downloading (uri: https://c.tenor.com/PXsX6mzzM0cAAAAk/tenor.gif)
