07-06 04:11:52.485 W/unknown:BridgelessReact( 4752): ReactHost{0}.getOrCreateReactInstanceTask(): DevSupportManager.onNewReactContextCreated()
07-06 04:11:52.486 W/unknown:BridgelessReact( 4752): ReactHost{0}.startSurface(surfaceId = 0): Execute
07-06 04:11:52.498 W/unknown:BridgelessReact( 4752): ReactHost{0}.ReactContext.onHostResume()
07-06 04:11:52.498 W/unknown:BridgelessReact( 4752): ReactHost{0}.getOrCreateReactInstanceTask(): Executing ReactInstanceEventListeners
07-06 04:11:52.524 I/ActivityTaskManager( 685): Displayed store.rayp.securenotes/.MainActivity for user 0: +1s704ms
07-06 04:11:52.535 D/BaseDepthController( 1415): setSurface:
07-06 04:11:52.535 D/BaseDepthController( 1415): mWaitingOnSurfaceValidity: false
07-06 04:11:52.535 D/BaseDepthController( 1415): mBaseSurface: null
07-06 04:11:52.537 D/BaseDepthController( 1415): mSurface is null and mCurrentBlur is: 0
07-06 04:11:52.539 I/ActivityThread( 1415): Schedule relaunch activity: com.google.android.apps.nexuslauncher.NexusLauncherActivity
07-06 04:11:52.539 I/ActivityThread( 1415): Schedule relaunch activity: com.google.android.apps.nexuslauncher.NexusLauncherActivity
07-06 04:11:52.541 D/StateManager( 1415): goToState - fromState: Normal, toState: Normal, partial trace:
07-06 04:11:52.541 D/StateManager( 1415): at com.android.launcher3.statemanager.StateManager.moveToRestState(go/retraceme 43e00d9cd0eb17b3d9dd30fc1741b1c71445c4c0f7c8c9b81300265c86c5b873:4)
07-06 04:11:52.541 D/StateManager( 1415): at com.android.launcher3.statemanager.StateManager.moveToRestState(go/retraceme 43e00d9cd0eb17b3d9dd30fc1741b1c71445c4c0f7c8c9b81300265c86c5b873:1)
07-06 04:11:52.541 D/StateManager( 1415): at com.android.launcher3.statemanager.StatefulActivity.onStop(go/retraceme 43e00d9cd0eb17b3d9dd30fc1741b1c71445c4c0f7c8c9b81300265c86c5b873:34)
07-06 04:11:52.556 D/eatg ( 3876): Starting download: https://c.tenor.com/FgmbVOiuvTwAAAAk/tenor.gif
07-06 04:11:52.557 V/eatg ( 3876): Is http uri, downloading (uri: https://c.tenor.com/FgmbVOiuvTwAAAAk/tenor.gif)
07-06 04:11:52.562 D/StatsLog( 1415): LAUNCHER_ONSTOP
07-06 04:11:52.563 I/ImeTracker( 685): store.rayp.securenotes:88908857: onRequestHide at ORIGIN_SERVER reason HIDE_UNSPECIFIED_WINDOW fromUser false
07-06 04:11:52.577 D/StatsLog( 1415): LAUNCHER_GOOGLE_SEARCH_RESTORE_LIST_SIZE_AFTER_ACTIVITY_RESTART
07-06 04:11:52.580 D/eatg ( 3876): Starting download: https://c.tenor.com/WQQfCdGdB6UAAAAk/tenor.gif
07-06 04:11:52.580 V/eatg ( 3876): Is http uri, downloading (uri: https://c.tenor.com/WQQfCdGdB6UAAAAk/tenor.gif)
07-06 04:11:52.587 D/InsetsController( 4752): hide(ime(), fromIme=false)
07-06 04:11:52.593 D/CannedAnimCoordinator( 1415): Wrong controller access from H2.w@2c7db82, actual provider null
07-06 04:11:52.599 I/AppWidgetServiceImpl( 685): setAppWidgetHidden() 0
07-06 04:11:52.629 I/ImeTracker( 4752): store.rayp.securenotes:88908857: onCancelled at PHASE_CLIENT_ALREADY_HIDDEN
07-06 04:11:52.656 D/NetworkMonitor/100( 1252): PROBE_HTTP http://connectivitycheck.gstatic.com/generate_204 time=182ms ret=204 request={Connection=[close], User-Agent=[Mozilla/5.0 (X11; Linux x86_64) AppleWebKit/537.36 (KHTML, like Gecko) Chrome/60.0.3112.32 Safari/537.36]} headers={null=[HTTP/1.1 204 No Content], Connection=[close], Content-Length=[0], Cross-Origin-Resource-Policy=[cross-origin], Date=[Sun, 05 Jul 2026 19:11:52 GMT], X-Android-Received-Millis=[1783278712656], X-Android-Response-Source=[NETWORK 204], X-Android-Selected-Protocol=[http/1.1], X-Android-Sent-Millis=[1783278712566]}
07-06 04:11:52.668 D/eatg ( 3876): Starting download: https://c.tenor.com/xij-pBxXlXAAAAAk/tenor.gif
07-06 04:11:52.668 V/eatg ( 3876): Is http uri, downloading (uri: https://c.tenor.com/xij-pBxXlXAAAAAk/tenor.gif)
07-06 04:11:52.672 I/GoogleInputMethodService( 1616): GoogleInputMethodService.onFinishInput():2043
07-06 04:11:52.692 D/eatg ( 3876): Starting download: https://c.tenor.com/CHyCK8Tx4GYAAAAk/tenor.gif
07-06 04:11:52.692 V/eatg ( 3876): Is http uri, downloading (uri: https://c.tenor.com/CHyCK8Tx4GYAAAAk/tenor.gif)
07-06 04:11:52.696 I/ImeTracker( 685): system_server:6b443cde: onRequestHide at ORIGIN_SERVER reason IME_REQUESTED_CHANGED_LISTENER fromUser false
07-06 04:11:52.719 I/Module ( 1616): DeviceLockedStatusModuleProvider$Module.updateDeviceLockedStatus():100 repeatCheckTimes = 0, locked = false
07-06 04:11:52.737 I/GoogleInputMethodService( 1616): GoogleInputMethodService.onStartInput():1293 onStartInput(EditorInfo{EditorInfo{packageName=store.rayp.securenotes, inputType=0, inputTypeString=NULL, enableLearning=false, autoCorrection=false, autoComplete=false, imeOptions=0, privateImeOptions=null, actionName=UNSPECIFIED, actionLabel=null, initialSelStart=-1, initialSelEnd=-1, initialCapsMode=0, label=null, fieldId=0, fieldName=null, extras=null, hintText=null, hintLocales=[]}}, false)
07-06 04:11:52.741 D/RecentsView( 1415): destroy
07-06 04:11:52.741 D/TaskbarManager( 1415): onActivityDestroyed: displayId=0 isDefaultDisplay=true
07-06 04:11:52.741 D/TaskbarManager( 1415): onActivityDestroyed: unregistering callbacks displayId=0 isDefaultDisplay=true
07-06 04:11:52.741 D/TaskbarManager( 1415): onActivityDestroyed: setting taskbarUIController displayId=0 isDefaultDisplay=true
07-06 04:11:52.746 I/ImeTracker( 685): system_server:6b443cde: onCancelled at PHASE_SERVER_SHOULD_HIDE
07-06 04:11:52.759 I/Module ( 1616): DeviceLockedStatusModuleProvider$Module.updateDeviceLockedStatus():100 repeatCheckTimes = 1, locked = false
07-06 04:11:52.774 I/FontLog ( 1447): Received query Noto Color Emoji Compat, URI content://com.google.android.gms.fonts [CONTEXT service_id=132 ]
07-06 04:11:52.781 I/EmojiCompatManager( 1616): EmojiCompatManager.getEmojiCompatIfLoaded():343 EmojiCompat.init() was never called.
07-06 04:11:52.781 I/EmojiCompatManager( 1616): java.lang.IllegalStateException: EmojiCompat is not initialized. Please call EmojiCompat.init() first
07-06 04:11:52.781 I/EmojiCompatManager( 1616): at asx.p(PG:6)
07-06 04:11:52.781 I/EmojiCompatManager( 1616): at axb.b(PG:13)
07-06 04:11:52.781 I/EmojiCompatManager( 1616): at jnr.b(PG:2)
07-06 04:11:52.781 I/EmojiCompatManager( 1616): at jnr.c(PG:4)
07-06 04:11:52.781 I/EmojiCompatManager( 1616): at jnr.f(PG:3)
07-06 04:11:52.781 I/EmojiCompatManager( 1616): at jnx.c(PG:3)
07-06 04:11:52.781 I/EmojiCompatManager( 1616): at kif.cz(PG:47)
07-06 04:11:52.781 I/EmojiCompatManager( 1616): at lhl.run(PG:1025)
07-06 04:11:52.781 I/EmojiCompatManager( 1616): at jaf.execute(PG:12)
07-06 04:11:52.781 I/EmojiCompatManager( 1616): at nco.v(PG:13)
07-06 04:11:52.781 I/EmojiCompatManager( 1616): at lhn.m(PG:96)
07-06 04:11:52.781 I/EmojiCompatManager( 1616): at lhn.k(PG:25)
07-06 04:11:52.781 I/EmojiCompatManager( 1616): at kgn.onStartInput(PG:250)
07-06 04:11:52.781 I/EmojiCompatManager( 1616): at android.inputmethodservice.InputMethodService.doStartInput(InputMethodService.java:3521)
07-06 04:11:52.781 I/EmojiCompatManager( 1616): at android.inputmethodservice.InputMethodService$InputMethodImpl.startInput(InputMethodService.java:879)
07-06 04:11:52.781 I/EmojiCompatManager( 1616): at android.inputmethodservice.InputMethodService$InputMethodImpl.dispatchStartInput(InputMethodService.java:908)
07-06 04:11:52.781 I/EmojiCompatManager( 1616): at android.inputmethodservice.IInputMethodWrapper.executeMessage(IInputMethodWrapper.java:201)
07-06 04:11:52.781 I/EmojiCompatManager( 1616): at com.android.internal.os.HandlerCaller$MyHandler.handleMessage(HandlerCaller.java:44)
07-06 04:11:52.781 I/EmojiCompatManager( 1616): at android.os.Handler.dispatchMessage(Handler.java:110)
07-06 04:11:52.781 I/EmojiCompatManager( 1616): at android.os.Looper.loopOnce(Looper.java:248)
07-06 04:11:52.781 I/EmojiCompatManager( 1616): at android.os.Looper.loop(Looper.java:338)
07-06 04:11:52.781 I/EmojiCompatManager( 1616): at android.app.ActivityThread.main(ActivityThread.java:9067)
07-06 04:11:52.781 I/EmojiCompatManager( 1616): at java.lang.reflect.Method.invoke(Native Method)
07-06 04:11:52.781 I/EmojiCompatManager( 1616): at com.android.internal.os.RuntimeInit$MethodAndArgsCaller.run(RuntimeInit.java:593)
07-06 04:11:52.781 I/EmojiCompatManager( 1616): at com.android.internal.os.ZygoteInit.main(ZygoteInit.java:932)
07-06 04:11:52.783 W/NotificationCenter( 1616): NotificationCenter$NotificationQueue.notifyPendingNotificationsOnExecutor():877 Heavy notify work detected on UI thread: [kig->imt, kig->fro, kig->khg, kig->ilu, kig->ilu, kig->fef, kig->ilu, kig->ijm, kig->ilu, kig->jnx, kig->fcb, kig->ilu, kig->ilu, kig->ilu, kig->ilu, kig->ilu, kig->lux, kig->ilu, kig->ilu, kig->khc, kig->ilu, kig->ilu] takes 27ms
07-06 04:11:52.788 W/PackageConfigPersister( 685): App-specific configuration not found for packageName: store.rayp.securenotes and userId: 0
07-06 04:11:52.789 D/eatg ( 3876): Starting download: https://c.tenor.com/FG7ZEoYk73IAAAAk/tenor.gif
07-06 04:11:52.789 V/eatg ( 3876): Is http uri, downloading (uri: https://c.tenor.com/FG7ZEoYk73IAAAAk/tenor.gif)
07-06 04:11:52.789 D/nativeloader( 4752): Load /data/app/~~o6-6xZRClbeFuxgaP6qBAw==/store.rayp.securenotes-u5peKVvT9fOhngEmEVIJng==/base.apk!/lib/x86_64/libexpo-modules-core.so using class loader ns clns-9 (caller=/data/app/~~o6-6xZRClbeFuxgaP6qBAw==/store.rayp.securenotes-u5peKVvT9fOhngEmEVIJng==/base.apk): ok
07-06 04:11:52.791 I/FontLog ( 1447): Query [emojicompat-emoji-font] resolved to {Noto Color Emoji Compat, wdth 100.0, wght 400, ital 0.0, bestEffort false}, isVf false} [CONTEXT service_id=132 ]
07-06 04:11:52.795 I/GoogleInputMethodService( 1616): GoogleInputMethodService.onStartInput():1329 Reset input view per cached request.
07-06 04:11:52.796 I/GoogleInputMethodService( 1616): GoogleInputMethodService.clearInputMethodServiceData():1016 clearInputMethodServiceData for resetInputView
07-06 04:11:52.812 D/WifiClientModeImpl[80961:wlan0]( 685): updateLinkLayerStatsRssiSpeedFrequencyCapabilities rssi=-50 TxLinkspeed=1 freq=2447 RxLinkSpeed=2
07-06 04:11:52.813 D/WifiDataStall( 685): tx tput in kbps: 11000
07-06 04:11:52.813 D/WifiDataStall( 685): rx tput in kbps: 11000
07-06 04:11:52.814 V/WifiConfigManager( 685): Updating scan detail cache freq=2447 BSSID=00:13:10:85:fe:01 RSSI=-50 for "AndroidWifi"NONE
07-06 04:11:52.816 I/FontLog ( 1447): Fetch {Noto Color Emoji Compat, wdth 100.0, wght 400, ital 0.0, bestEffort false}, isVf false} end status Status{statusCode=SUCCESS, resolution=null} [CONTEXT service_id=132 ]
07-06 04:11:52.817 D/BoundBrokerSvc( 1678): onUnbind: Intent { act=com.google.android.mdd.service.START dat=chimera-action:/... xflg=0x4 cmp=com.google.android.gms/.chimera.GmsBoundBrokerService }
07-06 04:11:52.818 I/GoogleInputMethodService( 1616): GoogleInputMethodService.discardAllKeyboardViewAndInputView():1181 discardAllKeyboardViewAndInputView()
07-06 04:11:52.819 I/AbstractOpenableExtension( 1616): AbstractOpenableExtension.maybeDestroyExistingKeyboardGroupManager():537 Destroy existing keyboard group manager in eay
07-06 04:11:52.819 I/AbstractOpenableExtension( 1616): AbstractOpenableExtension.createKeyboardGroupManagerListenableFuture():121 Create keyboard group manager listenable future in eay
07-06 04:11:52.826 I/FontLog ( 1447): Pulling font file for id = 15, cache size = 14 [CONTEXT service_id=132 ]
07-06 04:11:52.829 I/AbstractOpenableExtension( 1616): AbstractOpenableExtension.maybeDestroyExistingKeyboardGroupManager():537 Destroy existing keyboard group manager in fso
07-06 04:11:52.829 I/AbstractOpenableExtension( 1616): AbstractOpenableExtension.createKeyboardGroupManagerListenableFuture():121 Create keyboard group manager listenable future in fso
07-06 04:11:52.829 I/AbstractOpenableExtension( 1616): AbstractOpenableExtension.maybeDestroyExistingKeyboardGroupManager():537 Destroy existing keyboard group manager in fve
07-06 04:11:52.830 I/AbstractOpenableExtension( 1616): AbstractOpenableExtension.createKeyboardGroupManagerListenableFuture():121 Create keyboard group manager listenable future in fve
07-06 04:11:52.814 D/WifiThroughputPredictor( 685): utilization (LLS) 80 isBluetoothConnected: false final utilization: 80
07-06 04:11:52.837 D/WifiThroughputPredictor( 685): BW: 0 RSSI: -50 Nss: 1 Mode: 1 symDur: 4000 snrDb 30 bitPerTone: 4500 rate: 54 throughput: 11
07-06 04:11:52.837 D/WifiThroughputPredictor( 685): utilization (LLS) 80 isBluetoothConnected: false final utilization: 80
07-06 04:11:52.837 D/WifiThroughputPredictor( 685): BW: 0 RSSI: -50 Nss: 1 Mode: 1 symDur: 4000 snrDb 30 bitPerTone: 4500 rate: 54 throughput: 11
07-06 04:11:52.838 D/WifiThroughputPredictor( 685): utilization (LLS) 80 isBluetoothConnected: false final utilization: 80
07-06 04:11:52.838 D/WifiThroughputPredictor( 685): BW: 0 RSSI: -50 Nss: 1 Mode: 1 symDur: 4000 snrDb 30 bitPerTone: 4500 rate: 54 throughput: 11
07-06 04:11:52.838 D/WifiThroughputPredictor( 685): utilization (LLS) 80 isBluetoothConnected: false final utilization: 80
07-06 04:11:52.838 D/WifiThroughputPredictor( 685): BW: 0 RSSI: -50 Nss: 1 Mode: 1 symDur: 4000 snrDb 30 bitPerTone: 4500 rate: 54 throughput: 11
07-06 04:11:52.843 D/NetworkMonitor/100( 1252): PROBE_HTTPS https://www.google.com/generate_204 time=381ms ret=204 request={Connection=[close], User-Agent=[Mozilla/5.0 (X11; Linux x86_64) AppleWebKit/537.36 (KHTML, like Gecko) Chrome/60.0.3112.32 Safari/537.36]} headers={null=[HTTP/1.1 204 No Content], Alt-Svc=[h3=":443"; ma=2592000,h3-29=":443"; ma=2592000], Connection=[close], Content-Length=[0], Cross-Origin-Resource-Policy=[cross-origin], Date=[Sun, 05 Jul 2026 19:11:52 GMT], X-Android-Received-Millis=[1783278712842], X-Android-Response-Source=[NETWORK 204], X-Android-Selected-Protocol=[http/1.1], X-Android-Sent-Millis=[1783278712740]}
07-06 04:11:52.844 I/GoogleInputMethodService( 1616): GoogleInputMethodService.initializeInputMethodServiceData():834 initializeInputMethodServiceData for kek{languageTag=en-US, variant=qwerty, hasLocalizedResources=true, conditionCacheKey=_app_first_start_timestamp=1783278611701_cache_additional_ime_defs_for_condition_change=false_cache_ime_defs_for_condition_change=false_deprecate_long_press_space_for_ime_picker=false_device=phone_device_size=default_enable_access_points_in_password_number=false_enable_flick_symbols=true_enable_more_candidates_view_for_multilingual=false_enable_number_row=false_enable_preemptive_decode=true_enable_premium_exp_tablet_layout_change=false_enable_secondary_digits=true_enable_secondary_symbols=false_expressions=normal_four_or_more_letter_rows=false_keyboard_mode=normal_language=en-US_layout_9key_split=false_orientation=portrait_physical_keyboard=qwerty_rtl_layout=false_show_secondary_digits=true_show_suggestions=true_split_with_duplicate_keys=true_variant=qwerty, imeDef.stringId=ime_english_united_states, imeDef.className=com.google.android.libraries.inputmethod.ime.experiment.ExperimentImeWrapper, imeDef.languageTag=en-US}
07-06 04:11:52.848 I/KeyboardGroupDefParser( 1616): KeyboardGroupDefParser.parseKeyboardGroupDef():86 parseKeyboardGroupDef() 2132214031 -> 0_resource_name_obfuscated : WaitTime = 6 ms : RunTime = 17 ms
07-06 04:11:52.861 I/KeyboardGroupDefParser( 1616): KeyboardGroupDefParser.parseKeyboardGroupDef():86 parseKeyboardGroupDef() 2132214028 -> 0_resource_name_obfuscated : WaitTime = 11 ms : RunTime = 21 ms
07-06 04:11:52.862 I/KeyboardGroupDefParser( 1616): KeyboardGroupDefParser.parseKeyboardGroupDef():86 parseKeyboardGroupDef() 2132214032 -> 0_resource_name_obfuscated : WaitTime = 18 ms : RunTime = 14 ms
07-06 04:11:52.874 D/eatg ( 3876): Starting download: https://c.tenor.com/GMf50kiNLC8AAAAk/tenor.gif
07-06 04:11:52.874 V/eatg ( 3876): Is http uri, downloading (uri: https://c.tenor.com/GMf50kiNLC8AAAAk/tenor.gif)
07-06 04:11:52.889 I/FontLog ( 1447): Pulling font file for id = 15, cache size = 14 [CONTEXT service_id=132 ]
07-06 04:11:52.896 W/WindowOnBackDispatcher( 1132): sendCancelIfRunning: isInProgress=false callback=android.view.ViewRootImpl$$ExternalSyntheticLambda13@a81a4ea
07-06 04:11:52.900 I/AppWidgetServiceImpl( 685): setAppWidgetHidden() 0
07-06 04:11:52.908 W/unknown:ViewManagerPropertyUpdater( 4752): Could not find generated setter for class com.th3rdwave.safeareacontext.SafeAreaProviderManager
07-06 04:11:52.909 D/TaskFragmentComponent( 1415): destroy task fragment
07-06 04:11:52.909 D/TaskFragmentComponent( 1415): java.lang.Exception
07-06 04:11:52.909 D/TaskFragmentComponent( 1415): at com.google.android.apps.nexuslauncher.overlay.TaskFragmentOverlayManager.onActivityDestroyed(go/retraceme 43e00d9cd0eb17b3d9dd30fc1741b1c71445c4c0f7c8c9b81300265c86c5b873:60)
07-06 04:11:52.909 D/TaskFragmentComponent( 1415): at com.android.launcher3.Launcher.onDestroy(go/retraceme 43e00d9cd0eb17b3d9dd30fc1741b1c71445c4c0f7c8c9b81300265c86c5b873:107)
07-06 04:11:52.909 D/TaskFragmentComponent( 1415): at com.android.launcher3.uioverrides.QuickstepLauncher.onDestroy(go/retraceme 43e00d9cd0eb17b3d9dd30fc1741b1c71445c4c0f7c8c9b81300265c86c5b873:77)
07-06 04:11:52.909 D/TaskFragmentComponent( 1415): at com.google.android.apps.nexuslauncher.NexusLauncherActivity.onDestroy(go/retraceme 43e00d9cd0eb17b3d9dd30fc1741b1c71445c4c0f7c8c9b81300265c86c5b873:35)
07-06 04:11:52.909 D/TaskFragmentComponent( 1415): at android.app.Activity.performDestroy(Activity.java:9460)
07-06 04:11:52.909 D/TaskFragmentComponent( 1415): at android.app.Instrumentation.callActivityOnDestroy(Instrumentation.java:1556)
07-06 04:11:52.909 D/TaskFragmentComponent( 1415): at android.app.ActivityThread.performDestroyActivity(ActivityThread.java:6256)
07-06 04:11:52.909 D/TaskFragmentComponent( 1415): at android.app.ActivityThread.handleDestroyActivity(ActivityThread.java:6301)
07-06 04:11:52.909 D/TaskFragmentComponent( 1415): at android.app.ActivityThread.handleRelaunchActivityInner(ActivityThread.java:6586)
07-06 04:11:52.909 D/TaskFragmentComponent( 1415): at android.app.ActivityThread.handleRelaunchActivity(ActivityThread.java:6501)
07-06 04:11:52.909 D/TaskFragmentComponent( 1415): at android.app.servertransaction.ActivityRelaunchItem.execute(ActivityRelaunchItem.java:106)
07-06 04:11:52.909 D/TaskFragmentComponent( 1415): at android.app.servertransaction.ActivityTransactionItem.execute(ActivityTransactionItem.java:63)
07-06 04:11:52.909 D/TaskFragmentComponent( 1415): at android.app.servertransaction.TransactionExecutor.executeNonLifecycleItem(TransactionExecutor.java:133)
07-06 04:11:52.909 D/TaskFragmentComponent( 1415): at android.app.servertransaction.TransactionExecutor.executeTransactionItems(TransactionExecutor.java:103)
07-06 04:11:52.909 D/TaskFragmentComponent( 1415): at android.app.servertransaction.TransactionExecutor.execute(TransactionExecutor.java:80)
07-06 04:11:52.909 D/TaskFragmentComponent( 1415): at android.app.ClientTransactionHandler.executeTransaction(ClientTransactionHandler.java:69)
07-06 04:11:52.909 D/TaskFragmentComponent( 1415): at android.app.ActivityThread.handleRelaunchActivityLocally(ActivityThread.java:6567)
07-06 04:11:52.909 D/TaskFragmentComponent( 1415): at android.app.ActivityThread$H.handleMessage(ActivityThread.java:2829)
07-06 04:11:52.909 D/TaskFragmentComponent( 1415): at android.os.Handler.dispatchMessage(Handler.java:110)
07-06 04:11:52.909 D/TaskFragmentComponent( 1415): at android.os.Looper.loopOnce(Looper.java:248)
07-06 04:11:52.909 D/TaskFragmentComponent( 1415): at android.os.Looper.loop(Looper.java:338)
07-06 04:11:52.909 D/TaskFragmentComponent( 1415): at android.app.ActivityThread.main(ActivityThread.java:9067)
07-06 04:11:52.909 D/TaskFragmentComponent( 1415): at java.lang.reflect.Method.invoke(Native Method)
07-06 04:11:52.909 D/TaskFragmentComponent( 1415): at com.android.internal.os.RuntimeInit$MethodAndArgsCaller.run(RuntimeInit.java:593)
07-06 04:11:52.909 D/TaskFragmentComponent( 1415): at com.android.internal.os.ZygoteInit.main(ZygoteInit.java:932)
07-06 04:11:52.913 W/unknown:ViewManagerPropertyUpdater( 4752): Could not find generated setter for class com.facebook.react.uimanager.LayoutShadowNode
07-06 04:11:52.917 W/unknown:ViewManagerPropertyUpdater( 4752): Could not find generated setter for class com.swmansion.rnscreens.SearchBarManager
07-06 04:11:52.918 W/unknown:ViewManagerPropertyUpdater( 4752): Could not find generated setter for class com.swmansion.rnscreens.ScreenFooterManager
07-06 04:11:52.923 W/unknown:ViewManagerPropertyUpdater( 4752): Could not find generated setter for class expo.modules.kotlin.views.GroupViewManagerWrapper
07-06 04:11:52.925 W/unknown:ViewManagerPropertyUpdater( 4752): Could not find generated setter for class com.swmansion.rnscreens.gamma.tabs.host.TabsHostViewManager
07-06 04:11:52.932 W/unknown:ViewManagerPropertyUpdater( 4752): Could not find generated setter for class com.swmansion.rnscreens.ScreenContainerViewManager
07-06 04:11:52.933 D/WifiScoreCard( 685): BSSID update SIGNAL_POLL ID: 1192643911 SSID: "AndroidWifi", BSSID: 00:13:10:85:fe:01, MAC: 02:15:b2:00:00:00, IP: /10.0.2.16, Security type: 0, Supplicant state: COMPLETED, Wi-Fi standard: legacy, RSSI: -50, Link speed: 1Mbps, Tx Link speed: 1Mbps, Max Supported Tx Link speed: 11Mbps, Rx Link speed: 2Mbps, Max Supported Rx Link speed: 11Mbps, Frequency: 2447MHz, Net ID: 0, Metered hint: false, score: 60, isUsable: true, CarrierMerged: false, SubscriptionId: -1, IsPrimary: 1, Trusted: true, Restricted: false, Ephemeral: false, OEM paid: false, OEM private: false, OSU AP: false, FQDN: , Provider friendly name: , Requesting package name: "AndroidWifi"openMLO Information: , Is TID-To-Link negotiation supported by the AP: false, AP MLD Address: , AP MLO Link Id: , AP MLO Affiliated links: , Vendor Data:
07-06 04:11:52.933 D/WifiScoreCard( 685): txRate: 848 txSpeed: 1
07-06 04:11:52.933 D/WifiScoreCard( 685): network update SIGNAL_POLL "AndroidWifi" ID: 1775594527 RSSI -50 txSpeed 1
07-06 04:11:52.933 D/WifiClientModeImpl[80961:wlan0]( 685): ClientModeImpl$L2ConnectedState screen=on 1 0 "AndroidWifi" 00:13:10:85:fe:01 rssi=-50 f=2447 sc=60 link=1 tx=847.8, 0.0, 0.0 rx=2271.1 bcn=0 [on:0 tx:0 rx:0 period:3224] from screen [on:0 period:867285093] score=60
07-06 04:11:52.934 W/unknown:ViewManagerPropertyUpdater( 4752): Could not find generated setter for class com.swmansion.rnscreens.gamma.stack.header.subview.StackHeaderSubviewViewManager
07-06 04:11:52.935 W/unknown:ViewManagerPropertyUpdater( 4752): Could not find generated setter for class com.swmansion.rnscreens.ModalScreenViewManager
07-06 04:11:52.939 W/unknown:ViewManagerPropertyUpdater( 4752): Could not find generated setter for class com.swmansion.rnscreens.gamma.scrollviewmarker.ScrollViewMarkerViewManager
07-06 04:11:52.940 W/unknown:ViewManagerPropertyUpdater( 4752): Could not find generated setter for class com.swmansion.rnscreens.ScreenStackHeaderConfigViewManager
07-06 04:11:52.941 W/unknown:ViewManagerPropertyUpdater( 4752): Could not find generated setter for class com.swmansion.rnscreens.ScreenContentWrapperManager
07-06 04:11:52.942 W/unknown:ViewManagerPropertyUpdater( 4752): Could not find generated setter for class com.th3rdwave.safeareacontext.SafeAreaViewManager
07-06 04:11:52.945 W/unknown:ViewManagerPropertyUpdater( 4752): Could not find generated setter for class com.th3rdwave.safeareacontext.SafeAreaViewShadowNode
07-06 04:11:52.945 D/CoreBackPreview( 685): Window{5432447 u0 Splash Screen store.rayp.securenotes EXITING}: Setting back callback null
07-06 04:11:52.947 D/ActivityTaskManager( 685): Remove task fragment: deleteTaskFragment
07-06 04:11:52.947 W/unknown:ViewManagerPropertyUpdater( 4752): Could not find generated setter for class com.swmansion.rnscreens.safearea.SafeAreaViewManager
07-06 04:11:52.948 W/unknown:ViewManagerPropertyUpdater( 4752): Could not find generated setter for class com.swmansion.rnscreens.ScreenViewManager
07-06 04:11:52.949 W/unknown:ViewManagerPropertyUpdater( 4752): Could not find generated setter for class com.swmansion.rnscreens.gamma.stack.host.StackHostViewManager
07-06 04:11:52.951 W/unknown:ViewManagerPropertyUpdater( 4752): Could not find generated setter for class com.swmansion.rnscreens.ScreenStackHeaderSubviewManager
07-06 04:11:52.953 W/unknown:ViewManagerPropertyUpdater( 4752): Could not find generated setter for class com.swmansion.rnscreens.gamma.stack.screen.StackScreenViewManager
07-06 04:11:52.954 W/unknown:ViewManagerPropertyUpdater( 4752): Could not find generated setter for class com.swmansion.rnscreens.ScreenStackViewManager
07-06 04:11:52.955 W/unknown:ViewManagerPropertyUpdater( 4752): Could not find generated setter for class com.swmansion.rnscreens.gamma.stack.header.config.StackHeaderConfigViewManager
07-06 04:11:52.956 W/unknown:ViewManagerPropertyUpdater( 4752): Could not find generated setter for class com.swmansion.rnscreens.gamma.tabs.screen.TabsScreenViewManager
07-06 04:11:52.957 D/FileUtils( 685): Rounded bytes from 2592595968 to 4000000000
07-06 04:11:52.963 I/KeyboardThemeProvider( 1616): KeyboardThemeProvider.applyKeyboardTheme():27 Apply keyboard theme: theme_!gsf_!pgsans_!pgsf_!use_system_font_BORDER=true_FLAVOR_DPI=XXHDPI_KEYBOARD_WIDTH_CATEGORY=NORMAL_LIGHT_THEME=true_PHYSICAL_DIAGONAL=5.9895906_SCREEN_SHORTEST_WIDTH=411_SCREEN_SHORTEST_WIDTH_NO_SCALE=411_bottom4dp_enable_google_fonts_icons=true_enable_popup_on_keypress=true_keyboard_redesign_google_sans=true_noshadow_overlay_builtin_dynamic_color_light_base.binarypb:gm3-light-fffaf8ff-ff475d92-6dac7c28fa7faa76f8370bbfdbc77981_silkpopup_unify_function_key_color=true
07-06 04:11:52.964 D/eatg ( 3876): Starting download: https://c.tenor.com/zMoc55x_4u0AAAAk/tenor.gif
07-06 04:11:52.964 V/eatg ( 3876): Is http uri, downloading (uri: https://c.tenor.com/zMoc55x_4u0AAAAk/tenor.gif)
07-06 04:11:52.981 D/NetworkMonitor/100( 1252): isCaptivePortal: isSuccessful()=true isPortal()=false RedirectUrl=null isPartialConnectivity()=false Time=600ms
07-06 04:11:52.987 I/AndroidIME( 1616): InputBundleManager.loadActiveInputBundleId():483 loadActiveInputBundleId: und-Latn-x-password, password
07-06 04:11:52.987 I/GoogleInputMethodService( 1616): GoogleInputMethodService.onCreateInputView():1233 onCreateInputView()
07-06 04:11:52.996 D/eatg ( 3876): Starting download: https://c.tenor.com/_vp7nxsOURoAAAAk/tenor.gif
07-06 04:11:52.996 V/eatg ( 3876): Is http uri, downloading (uri: https://c.tenor.com/_vp7nxsOURoAAAAk/tenor.gif)
07-06 04:11:53.003 W/unknown:ViewManagerPropertyUpdater( 4752): Could not find generated setter for class com.facebook.react.views.safeareaview.ReactSafeAreaViewManager
07-06 04:11:53.008 D/ConnectivityService( 685): [100 WIFI] validation passed
07-06 04:11:53.010 I/netd ( 472): tetherGetStats() -> {[]} <1.20ms>
07-06 04:11:53.011 V/WindowManagerShell( 1132): Transition requested (#16): android.os.BinderProxy@c721e3e TransitionRequestInfo { type = CLOSE, triggerTask = null, pipChange = null, remoteTransition = RemoteTransition { remoteTransition = android.window.IRemoteTransition$Stub$Proxy@3c1f49f, appThread = null, debugName = TaskFragmentComponent }, displayChange = null, flags = 0, debugId = 16 }
07-06 04:11:53.020 V/WindowManagerShell( 1132): RemoteTransition directly requested for (#16) android.os.BinderProxy@c721e3e: RemoteTransition { remoteTransition = android.window.IRemoteTransition$Stub$Proxy@3c1f49f, appThread = null, debugName = TaskFragmentComponent }
07-06 04:11:53.020 V/WindowManagerShell( 1132): Transition (#16): request handled by RemoteTransitionHandler
07-06 04:11:53.021 W/unknown:ViewManagerPropertyUpdater( 4752): Could not find generated setter for class com.facebook.react.views.modal.ReactModalHostManager
07-06 04:11:53.057 W/unknown:ViewManagerPropertyUpdater( 4752): Could not find generated setter for class com.facebook.react.views.progressbar.ReactProgressBarViewManager
07-06 04:11:53.072 W/unknown:ViewManagerPropertyUpdater( 4752): Could not find generated setter for class com.facebook.react.views.scroll.ReactHorizontalScrollViewManager
07-06 04:11:53.080 D/eatg ( 3876): Starting download: https://c.tenor.com/tMK5vWgS8OsAAAAk/tenor.gif
07-06 04:11:53.080 V/eatg ( 3876): Is http uri, downloading (uri: https://c.tenor.com/tMK5vWgS8OsAAAAk/tenor.gif)
07-06 04:11:53.096 W/unknown:ViewManagerPropertyUpdater( 4752): Could not find generated setter for class com.facebook.react.views.image.ReactImageManager
07-06 04:11:53.100 W/unknown:ViewManagerPropertyUpdater( 4752): Could not find generated setter for class com.facebook.react.views.text.ReactTextViewManager
07-06 04:11:53.105 W/unknown:ViewManagerPropertyUpdater( 4752): Could not find generated setter for class com.facebook.react.views.scroll.ReactHorizontalScrollContainerViewManager
07-06 04:11:53.107 W/unknown:ViewManagerPropertyUpdater( 4752): Could not find generated setter for class com.facebook.react.views.unimplementedview.ReactUnimplementedViewManager
07-06 04:11:53.111 W/unknown:ViewManagerPropertyUpdater( 4752): Could not find generated setter for class com.facebook.react.views.scroll.ReactScrollViewManager
07-06 04:11:53.117 W/unknown:ViewManagerPropertyUpdater( 4752): Could not find generated setter for class com.facebook.react.views.view.ReactViewManager
07-06 04:11:53.122 W/unknown:ViewManagerPropertyUpdater( 4752): Could not find generated setter for class com.facebook.react.views.drawer.ReactDrawerLayoutManager
07-06 04:11:53.128 W/unknown:ViewManagerPropertyUpdater( 4752): Could not find generated setter for class com.facebook.react.views.switchview.ReactSwitchManager
07-06 04:11:53.132 W/unknown:ViewManagerPropertyUpdater( 4752): Could not find generated setter for class com.facebook.react.views.swiperefresh.SwipeRefreshLayoutManager
07-06 04:11:53.137 W/unknown:ViewManagerPropertyUpdater( 4752): Could not find generated setter for class com.facebook.react.views.textinput.ReactTextInputManager
07-06 04:11:53.139 D/eatg ( 3876): Starting download: https://c.tenor.com/1tJHYEz-rOUAAAAk/tenor.gif
07-06 04:11:53.139 V/eatg ( 3876): Is http uri, downloading (uri: https://c.tenor.com/1tJHYEz-rOUAAAAk/tenor.gif)
07-06 04:11:53.142 W/unknown:ViewManagerPropertyUpdater( 4752): Could not find generated setter for class com.facebook.react.views.text.SelectableTextViewManager
07-06 04:11:53.145 W/unknown:ViewManagerPropertyUpdater( 4752): Could not find generated setter for class com.facebook.react.views.virtual.view.ReactVirtualViewManager
07-06 04:11:53.150 D/SearchUiPerUserService( 685): Removing callback for session Id=com.google.android.apps.nexuslauncher:92cf18e7-4276-4c96-b151-474e12762ef4,0 and callback=android.os.BinderProxy@42f8dd7
07-06 04:11:53.151 D/SearchUiPerUserService( 685): Removing all callbacks for session Id=com.google.android.apps.nexuslauncher:92cf18e7-4276-4c96-b151-474e12762ef4,0 and 0 callbacks.
07-06 04:11:53.168 W/StyleResolver( 1616): StyleResolver.createParsedStyleRule():233 Only one descendant combinator is supported: .keytop.pill-variant-colored .label:pressed
07-06 04:11:53.185 I/netd ( 472): tetherGetStats() -> {[]} <13.09ms>
07-06 04:11:53.204 I/AndroidIME( 1616): KeyboardViewManager.updateKeyboardBackgroundFrameVisibility():333 Set background frame visibility. old:8, new:8
07-06 04:11:53.210 E/ReactNativeJS( 4752): [runtime not ready]: TypeError: Cannot read property 'S' of undefined
07-06 04:11:53.216 I/AbstractOpenableExtension( 1616): AbstractOpenableExtension$3.onSuccess():555 KeyboardGroupManager destroyed in eay.
07-06 04:11:53.217 I/AbstractOpenableExtension( 1616): AbstractOpenableExtension$3.onSuccess():555 KeyboardGroupManager destroyed in fso.
07-06 04:11:53.217 I/AbstractOpenableExtension( 1616): AbstractOpenableExtension$3.onSuccess():555 KeyboardGroupManager destroyed in fve.
07-06 04:11:53.222 D/eatg ( 3876): Starting download: https://c.tenor.com/mHn8qmF0jd8AAAAk/tenor.gif
07-06 04:11:53.223 V/eatg ( 3876): Is http uri, downloading (uri: https://c.tenor.com/mHn8qmF0jd8AAAAk/tenor.gif)
07-06 04:11:53.223 W/unknown:BridgelessReact( 4752): ReactHost{0}.handleHostException(message = "[runtime not ready]: TypeError: Cannot read property 'S' of undefined, stack:
07-06 04:11:53.223 W/unknown:BridgelessReact( 4752): anonymous@1:74517
07-06 04:11:53.223 W/unknown:BridgelessReact( 4752): loadModuleImplementation@1:231602
07-06 04:11:53.223 W/unknown:BridgelessReact( 4752): guardedLoadModule@1:231233
07-06 04:11:53.223 W/unknown:BridgelessReact( 4752): metroRequire@1:230581
07-06 04:11:53.223 W/unknown:BridgelessReact( 4752): anonymous@1:58047
07-06 04:11:53.223 W/unknown:BridgelessReact( 4752): loadModuleImplementation@1:231602
07-06 04:11:53.223 W/unknown:BridgelessReact( 4752): guardedLoadModule@1:231233
07-06 04:11:53.223 W/unknown:BridgelessReact( 4752): metroRequire@1:230581
07-06 04:11:53.223 W/unknown:BridgelessReact( 4752): anonymous@1:56519
07-06 04:11:53.223 W/unknown:BridgelessReact( 4752): loadModuleImplementation@1:231602
07-06 04:11:53.223 W/unknown:BridgelessReact( 4752): guardedLoadModule@1:231233
07-06 04:11:53.223 W/unknown:BridgelessReact( 4752): metroRequire@1:230581
07-06 04:11:53.223 W/unknown:BridgelessReact( 4752): anonymous@1:56098
07-06 04:11:53.223 W/unknown:BridgelessReact( 4752): loadModuleImplementation@1:231602
07-06 04:11:53.223 W/unknown:BridgelessReact( 4752): guardedLoadModule@1:231233
07-06 04:11:53.223 W/unknown:BridgelessReact( 4752): metroRequire@1:230581
07-06 04:11:53.223 W/unknown:BridgelessReact( 4752): anonymous@1:110782
07-06 04:11:53.223 W/unknown:BridgelessReact( 4752): loadModuleImplementation@1:231602
07-06 04:11:53.223 W/unknown:BridgelessReact( 4752): guardedLoadModule@1:231233
07-06 04:11:53.223 W/unknown:BridgelessReact( 4752): metroRequire@1:230581
07-06 04:11:53.223 W/unknown:BridgelessReact( 4752): anonymous@1:109720
07-06 04:11:53.223 W/unknown:BridgelessReact( 4752): loadModuleImplementation@1:231602
07-06 04:11:53.223 W/unknown:BridgelessReact( 4752): guardedLoadModule@1:231233
07-06 04:11:53.223 W/unknown:BridgelessReact( 4752): metroRequire@1:230581
07-06 04:11:53.223 W/unknown:BridgelessReact( 4752): anonymous@1:109433
07-06 04:11:53.223 W/unknown:BridgelessReact( 4752): loadModuleImplementation@1:231602
07-06 04:11:53.223 W/unknown:BridgelessReact( 4752): guardedLoadModule@1:231233
07-06 04:11:53.223 W/unknown:BridgelessReact( 4752): metroRequire@1:230581
07-06 04:11:53.223 W/unknown:BridgelessReact( 4752): anonymous@1:109288
07-06 04:11:53.223 W/unknown:BridgelessReact( 4752): loadModuleImplementation@1:231602
07-06 04:11:53.223 W/unknown:BridgelessReact( 4752): guardedLoadModule@1:231233
07-06 04:11:53.223 W/unknown:BridgelessReact( 4752): metroRequire@1:230581
07-06 04:11:53.223 W/unknown:BridgelessReact( 4752): get Animated@1:238978
07-06 04:11:53.223 W/unknown:BridgelessReact( 4752): anonymous@1:201103
07-06 04:11:53.223 W/unknown:BridgelessReact( 4752): loadModuleImplementation@1:231602
07-06 04:11:53.223 W/unknown:BridgelessReact( 4752): guardedLoadModule@1:231233
07-06 04:11:53.223 W/unknown:BridgelessReact( 4752): metroRequire@1:230581
07-06 04:11:53.223 W/unknown:BridgelessReact( 4752): anonymous@1:200802
07-06 04:11:53.223 W/unknown:BridgelessReact( 4752): loadModuleImplementation@1:231602
07-06 04:11:53.223 W/unknown:BridgelessReact( 4752): guardedLoadModule@1:231233
07-06 04:11:53.223 W/unknown:BridgelessReact( 4752): metroRequire@1:230581
07-06 04:11:53.223 W/unknown:BridgelessReact( 4752): anonymous@1:194804
07-06 04:11:53.223 W/unknown:BridgelessReact( 4752): loadModuleImplementation@1:231602
07-06 04:11:53.223 W/unknown:BridgelessReact( 4752): guardedLoadModule@1:231233
07-06 04:11:53.223 W/unknown:BridgelessReact( 4752): metroRequire@1:230581
07-06 04:11:53.223 W/unknown:BridgelessReact( 4752): anonymous@1:193246
07-06 04:11:53.223 W/unknown:BridgelessReact( 4752): loadModuleImplementation@1:231602
07-06 04:11:53.223 W/unknown:BridgelessReact( 4752): guardedLoadModule@1:231233
07-06 04:11:53.223 W/unknown:BridgelessReact( 4752): metroRequire@1:230581
07-06 04:11:53.223 W/unknown:BridgelessReact( 4752): anonymous@1:193142
07-06 04:11:53.223 W/unknown:BridgelessReact( 4752): loadModuleImplementation@1:231602
07-06 04:11:53.223 W/unknown:BridgelessReact( 4752): guardedLoadModule@1:231233
07-06 04:11:53.223 W/unknown:BridgelessReact( 4752): metroRequire@1:230581
07-06 04:11:53.223 W/unknown:BridgelessReact( 4752): anonymous@1:192900
07-06 04:11:53.223 W/unknown:BridgelessReact( 4752): loadModuleImplementation@1:231602
07-06 04:11:53.223 W/unknown:BridgelessReact( 4752): guardedLoadModule@1:231233
07-06 04:11:53.223 W/unknown:BridgelessReact( 4752): metroRequire@1:230581
07-06 04:11:53.223 W/unknown:BridgelessReact( 4752): anonymous@1:169592
07-06 04:11:53.223 W/unknown:BridgelessReact( 4752): loadModuleImplementation@1:231602
07-06 04:11:53.223 W/unknown:BridgelessReact( 4752): guardedLoadModule@1:231233
07-06 04:11:53.223 W/unknown:BridgelessReact( 4752): metroRequire@1:230581
07-06 04:11:53.223 W/unknown:BridgelessReact( 4752): anonymous@1:31755
07-06 04:11:53.223 W/unknown:BridgelessReact( 4752): loadModuleImplementation@1:231602
07-06 04:11:53.223 W/unknown:BridgelessReact( 4752): guardedLoadModule@1:231191
07-06 04:11:53.223 W/unknown:BridgelessReact( 4752): metroRequire@1:230581
07-06 04:11:53.223 W/unknown:BridgelessReact( 4752): global@1:31530
07-06 04:11:53.223 W/unknown:BridgelessReact( 4752): ")
07-06 04:11:53.236 E/libc++abi( 4752): terminating due to uncaught exception of type facebook::jni::JniException: com.facebook.react.common.JavascriptException: [runtime not ready]: TypeError: Cannot read property 'S' of undefined, stack:
07-06 04:11:53.236 E/libc++abi( 4752): anonymous@1:74517
07-06 04:11:53.236 E/libc++abi( 4752): loadModuleImplementation@1:231602
07-06 04:11:53.236 E/libc++abi( 4752): guardedLoadModule@1:231233
07-06 04:11:53.236 E/libc++abi( 4752): metroRequire@1:230581
07-06 04:11:53.236 E/libc++abi( 4752): anonymous@1:58047
07-06 04:11:53.236 E/libc++abi( 4752): loadModuleImplementation@1:231602
07-06 04:11:53.236 E/libc++abi( 4752): guardedLoadModule@1:231233
07-06 04:11:53.236 E/libc++abi( 4752): metroRequire@1:230581
07-06 04:11:53.236 E/libc++abi( 4752): anonymous@1:56519
07-06 04:11:53.236 E/libc++abi( 4752): loadModuleImplementation@1:231602
07-06 04:11:53.236 E/libc++abi( 4752): guardedLoadModule@1:231233
07-06 04:11:53.236 E/libc++abi( 4752): metroRequire@1:230581
07-06 04:11:53.236 E/libc++abi( 4752): anonymous@1:56098
07-06 04:11:53.236 E/libc++abi( 4752): loadModuleImplementation@1:231602
07-06 04:11:53.236 E/libc++abi( 4752): guardedLoadModule@1:231233
07-06 04:11:53.236 E/libc++abi( 4752): metroRequire@1:230581
07-06 04:11:53.236 E/libc++abi( 4752): anonymous@1:110782
07-06 04:11:53.236 E/libc++abi( 4752): loadModuleImplementation@1:231602
07-06 04:11:53.236 E/libc++abi( 4752): guardedLoadModule@1:231233
07-06 04:11:53.236 E/libc++abi( 4752): metroRequire@1:230581
07-06 04:11:53.236 E/libc++abi( 4752): anonymous@1:109720
07-06 04:11:53.236 E/libc++abi( 4752): loadModuleImplementation@1:231602
07-06 04:11:53.236 E/libc++abi( 4752): guardedLoadModule@1:231233
07-06 04:11:53.236 E/libc++abi( 4752): metroRequire@1:230581
07-06 04:11:53.236 E/libc++abi( 4752): anonymous@1:109433
07-06 04:11:53.236 E/libc++abi( 4752): loadModuleImplementation@1:231602
07-06 04:11:53.236 E/libc++abi( 4752): guardedLoadModule@1:231233
07-06 04:11:53.236 E/libc++abi( 4752): metroRequire@1:230581
07-06 04:11:53.236 E/libc++abi( 4752): anonymous@1:109288
07-06 04:11:53.236 E/libc++abi( 4752): loadModuleImplementation@1:231602
07-06 04:11:53.236 E/libc++abi( 4752): guardedLoadModule@1:231233
07-06 04:11:53.236 E/libc++abi( 4752): metroRequire@1:230581
07-06 04:11:53.236 E/libc++abi( 4752): get Animate --------- beginning of crash
07-06 04:11:53.236 F/libc ( 4752): Fatal signal 6 (SIGABRT), code -1 (SI_QUEUE) in tid 4779 (mqt_v_js), pid 4752 (ayp.securenotes)
07-06 04:11:53.239 D/eatg ( 3876): Starting download: https://c.tenor.com/L-cr_zEMUKIAAAAk/tenor.gif
07-06 04:11:53.239 V/eatg ( 3876): Is http uri, downloading (uri: https://c.tenor.com/L-cr_zEMUKIAAAAk/tenor.gif)
07-06 04:11:53.272 I/netd ( 472): bandwidthSetGlobalAlert(2097152) <0.20ms>
07-06 04:11:53.276 D/RecentsView( 1415): reset - mEnableDrawingLiveTile: false, mRecentsAnimationController: null
07-06 04:11:53.298 D/UnlockComponentFactory( 1415): instantiateActivity() com.google.android.apps.nexuslauncher.NexusLauncherActivity isUserLocked: false
07-06 04:11:53.299 W/WindowOnBackDispatcher( 1415): sendCancelIfRunning: isInProgress=false callback=com.android.launcher3.uioverrides.QuickstepLauncher$3@27c604f
07-06 04:11:53.300 D/CoreBackPreview( 685): Window{393fa42 u0 com.google.android.apps.nexuslauncher/com.google.android.apps.nexuslauncher.NexusLauncherActivity}: Setting back callback null
07-06 04:11:53.314 D/CoreBackPreview( 685): Window{393fa42 u0 com.google.android.apps.nexuslauncher/com.google.android.apps.nexuslauncher.NexusLauncherActivity}: Setting back callback OnBackInvokedCallbackInfo{mCallback=android.window.IOnBackInvokedCallback$Stub$Proxy@6ccadfb, mPriority=-1, mIsAnimationCallback=false, mOverrideBehavior=0}
07-06 04:11:53.316 D/eatg ( 3876): Starting download: https://c.tenor.com/d9jjVFcaM88AAAAk/tenor.gif
07-06 04:11:53.316 V/eatg ( 3876): Is http uri, downloading (uri: https://c.tenor.com/d9jjVFcaM88AAAAk/tenor.gif)
07-06 04:11:53.320 D/CoreBackPreview( 685): Window{393fa42 u0 com.google.android.apps.nexuslauncher/com.google.android.apps.nexuslauncher.NexusLauncherActivity}: Setting back callback OnBackInvokedCallbackInfo{mCallback=android.window.IOnBackInvokedCallback$Stub$Proxy@d4abe18, mPriority=0, mIsAnimationCallback=true, mOverrideBehavior=0}
07-06 04:11:53.340 D/eatg ( 3876): Starting download: https://c.tenor.com/CAwnO7U1PuUAAAAk/tenor.gif
07-06 04:11:53.340 V/eatg ( 3876): Is http uri, downloading (uri: https://c.tenor.com/CAwnO7U1PuUAAAAk/tenor.gif)
07-06 04:11:53.395 W/Resources( 1415): Drawable com.google.android.apps.nexuslauncher:drawable/ic_chevron_end has unresolved theme attributes! Consider using Resources.getDrawable(int, Theme) or Context.getDrawable(int).
07-06 04:11:53.395 W/Resources( 1415): java.lang.RuntimeException
07-06 04:11:53.395 W/Resources( 1415): at android.content.res.Resources.getDrawable(Resources.java:926)
07-06 04:11:53.395 W/Resources( 1415): at com.android.launcher3.pageindicators.PageIndicatorDots.(go/retraceme 43e00d9cd0eb17b3d9dd30fc1741b1c71445c4c0f7c8c9b81300265c86c5b873:16)
07-06 04:11:53.395 W/Resources( 1415): at com.android.launcher3.pageindicators.PageIndicatorDots.(go/retraceme 43e00d9cd0eb17b3d9dd30fc1741b1c71445c4c0f7c8c9b81300265c86c5b873:2)
07-06 04:11:53.395 W/Resources( 1415): at java.lang.reflect.Constructor.newInstance0(Native Method)
07-06 04:11:53.395 W/Resources( 1415): at java.lang.reflect.Constructor.newInstance(Constructor.java:343)
07-06 04:11:53.395 W/Resources( 1415): at android.view.LayoutInflater.createView(LayoutInflater.java:743)
07-06 04:11:53.395 W/Resources( 1415): at android.view.LayoutInflater.createViewFromTag(LayoutInflater.java:895)
07-06 04:11:53.395 W/Resources( 1415): at android.view.LayoutInflater.createViewFromTag(LayoutInflater.java:850)
07-06 04:11:53.395 W/Resources( 1415): at android.view.LayoutInflater.rInflate(LayoutInflater.java:1012)
07-06 04:11:53.395 W/Resources( 1415): at android.view.LayoutInflater.rInflateChildren(LayoutInflater.java:973)
07-06 04:11:53.395 W/Resources( 1415): at android.view.LayoutInflater.rInflate(LayoutInflater.java:1015)
07-06 04:11:53.395 W/Resources( 1415): at android.view.LayoutInflater.rInflateChildren(LayoutInflater.java:973)
07-06 04:11:53.395 W/Resources( 1415): at android.view.LayoutInflater.inflate(LayoutInflater.java:571)
07-06 04:11:53.395 W/Resources( 1415): at android.view.LayoutInflater.inflate(LayoutInflater.java:462)
07-06 04:11:53.395 W/Resources( 1415): at android.view.LayoutInflater.inflate(LayoutInflater.java:413)
07-06 04:11:53.395 W/Resources( 1415): at com.android.launcher3.statemanager.StatefulActivity.inflateRootView(go/retraceme 43e00d9cd0eb17b3d9dd30fc1741b1c71445c4c0f7c8c9b81300265c86c5b873:6)
07-06 04:11:53.395 W/Resources( 1415): at com.android.launcher3.Launcher.setupViews(go/retraceme 43e00d9cd0eb17b3d9dd30fc1741b1c71445c4c0f7c8c9b81300265c86c5b873:10)
07-06 04:11:53.395 W/Resources( 1415): at com.android.launcher3.uioverrides.QuickstepLauncher.setupViews(go/retraceme 43e00d9cd0eb17b3d9dd30fc1741b1c71445c4c0f7c8c9b81300265c86c5b873:13)
07-06 04:11:53.395 W/Resources( 1415): at com.google.android.apps.nexuslauncher.NexusLauncherActivity.setupViews(go/retraceme 43e00d9cd0eb17b3d9dd30fc1741b1c71445c4c0f7c8c9b81300265c86c5b873:19)
07-06 04:11:53.395 W/Resources( 1415): at com.android.launcher3.Launcher.onCreate(go/retraceme 43e00d9cd0eb17b3d9dd30fc1741b1c71445c4c0f7c8c9b81300265c86c5b873:222)
07-06 04:11:53.395 W/Resources( 1415): at com.android.launcher3.uioverrides.QuickstepLauncher.onCreate(go/retraceme 43e00d9cd0eb17b3d9dd30fc1741b1c71445c4c0f7c8c9b81300265c86c5b873:1)
07-06 04:11:53.395 W/Resources( 1415): at com.google.android.apps.nexuslauncher.NexusLauncherActivity.onCreate(go/retraceme 43e00d9cd0eb17b3d9dd30fc1741b1c71445c4c0f7c8c9b81300265c86c5b873:1)
07-06 04:11:53.395 W/Resources( 1415): at android.app.Activity.performCreate(Activity.java:9155)
07-06 04:11:53.395 W/Resources( 1415): at android.app.Activity.performCreate(Activity.java:9133)
07-06 04:11:53.395 W/Resources( 1415): at android.app.Instrumentation.callActivityOnCreate(Instrumentation.java:1521)
07-06 04:11:53.395 W/Resources( 1415): at android.app.ActivityThread.performLaunchActivity(ActivityThread.java:4262)
07-06 04:11:53.395 W/Resources( 1415): at android.app.ActivityThread.handleLaunchActivity(ActivityThread.java:4467)
07-06 04:11:53.395 W/Resources( 1415): at android.app.ActivityThread.handleRelaunchActivityInner(ActivityThread.java:6610)
07-06 04:11:53.395 W/Resources( 1415): at android.app.ActivityThread.handleRelaunchActivity(ActivityThread.java:6501)
07-06 04:11:53.395 W/Resources( 1415): at android.app.servertransaction.ActivityRelaunchItem.execute(ActivityRelaunchItem.java:106)
07-06 04:11:53.395 W/Resources( 1415): at android.app.servertransaction.ActivityTransactionItem.execute(ActivityTransactionItem.java:63)
07-06 04:11:53.395 W/Resources( 1415): at android.app.servertransaction.TransactionExecutor.executeNonLifecycleItem(TransactionExecutor.java:133)
07-06 04:11:53.395 W/Resources( 1415): at android.app.servertransaction.TransactionExecutor.executeTransactionItems(TransactionExecutor.java:103)
07-06 04:11:53.395 W/Resources( 1415): at android.app.servertransaction.TransactionExecutor.execute(TransactionExecutor.java:80)
07-06 04:11:53.395 W/Resources( 1415): at android.app.ClientTransactionHandler.executeTransaction(ClientTransactionHandler.java:69)
07-06 04:11:53.395 W/Resources( 1415): at android.app.ActivityThread.handleRelaunchActivityLocally(ActivityThread.java:6567)
07-06 04:11:53.395 W/Resources( 1415): at android.app.ActivityThread$H.handleMessage(ActivityThread.java:2829)
07-06 04:11:53.395 W/Resources( 1415): at android.os.Handler.dispatchMessage(Handler.java:110)
07-06 04:11:53.395 W/Resources( 1415): at android.os.Looper.loopOnce(Looper.java:248)
07-06 04:11:53.395 W/Resources( 1415): at android.os.Looper.loop(Looper.java:338)
07-06 04:11:53.395 W/Resources( 1415): at android.app.ActivityThread.main(ActivityThread.java:9067)
07-06 04:11:53.395 W/Resources( 1415): at java.lang.reflect.Method.invoke(Native Method)
07-06 04:11:53.398 W/Resources( 1415): at com.android.internal.os.RuntimeInit$MethodAndArgsCaller.run(RuntimeInit.java:593)
07-06 04:11:53.398 W/Resources( 1415): at com.android.internal.os.ZygoteInit.main(ZygoteInit.java:932)
07-06 04:11:53.400 W/Resources( 1415): Drawable com.google.android.apps.nexuslauncher:drawable/ic_chevron_start has unresolved theme attributes! Consider using Resources.getDrawable(int, Theme) or Context.getDrawable(int).
07-06 04:11:53.400 W/Resources( 1415): java.lang.RuntimeException
07-06 04:11:53.400 W/Resources( 1415): at android.content.res.Resources.getDrawable(Resources.java:926)
07-06 04:11:53.400 W/Resources( 1415): at com.android.launcher3.pageindicators.PageIndicatorDots.(go/retraceme 43e00d9cd0eb17b3d9dd30fc1741b1c71445c4c0f7c8c9b81300265c86c5b873:17)
07-06 04:11:53.400 W/Resources( 1415): at com.android.launcher3.pageindicators.PageIndicatorDots.(go/retraceme 43e00d9cd0eb17b3d9dd30fc1741b1c71445c4c0f7c8c9b81300265c86c5b873:2)
07-06 04:11:53.400 W/Resources( 1415): at java.lang.reflect.Constructor.newInstance0(Native Method)
07-06 04:11:53.400 W/Resources( 1415): at java.lang.reflect.Constructor.newInstance(Constructor.java:343)
07-06 04:11:53.400 W/Resources( 1415): at android.view.LayoutInflater.createView(LayoutInflater.java:743)
07-06 04:11:53.400 W/Resources( 1415): at android.view.LayoutInflater.createViewFromTag(LayoutInflater.java:895)
07-06 04:11:53.400 W/Resources( 1415): at android.view.LayoutInflater.createViewFromTag(LayoutInflater.java:850)
07-06 04:11:53.400 W/Resources( 1415): at android.view.LayoutInflater.rInflate(LayoutInflater.java:1012)
07-06 04:11:53.400 W/Resources( 1415): at android.view.LayoutInflater.rInflateChildren(LayoutInflater.java:973)
07-06 04:11:53.400 W/Resources( 1415): at android.view.LayoutInflater.rInflate(LayoutInflater.java:1015)
07-06 04:11:53.400 W/Resources( 1415): at android.view.LayoutInflater.rInflateChildren(LayoutInflater.java:973)
07-06 04:11:53.400 W/Resources( 1415): at android.view.LayoutInflater.inflate(LayoutInflater.java:571)
07-06 04:11:53.400 W/Resources( 1415): at android.view.LayoutInflater.inflate(LayoutInflater.java:462)
07-06 04:11:53.400 W/Resources( 1415): at android.view.LayoutInflater.inflate(LayoutInflater.java:413)
07-06 04:11:53.400 W/Resources( 1415): at com.android.launcher3.statemanager.StatefulActivity.inflateRootView(go/retraceme 43e00d9cd0eb17b3d9dd30fc1741b1c71445c4c0f7c8c9b81300265c86c5b873:6)
